000
CXUS53 KDVN 011158
CLSMLI


CLIMATE REPORT
NATIONAL WEATHER SERVICE QUAD CITIES IA IL
649 AM CDT THU SEP 1 2016

...................................

...THE MOLINE CLIMATE SUMMARY FOR THE SEASON, FROM
6/1/2016 TO 8/31/2016...

CLIMATE NORMAL PERIOD 1981 TO 2010
CLIMATE RECORD PERIOD 1872 TO 2016

WEATHER         OBSERVED          NORMAL  DEPART
                 VALUE   DATE(S)  VALUE   FROM
                                          NORMAL
................................................
TEMPERATURE (F)
RECORD
 HIGH             111   07/14/1936
 LOW               39   06/01/1993
                        06/11/1972
                        06/04/1945
HIGHEST            96   06/15        86      10
LOWEST             48   06/08        56      -8
AVG. MAXIMUM     85.3              84.0     1.3
AVG. MINIMUM     65.3              63.0     2.3
MEAN             75.3              73.5     1.8
DAYS MAX >= 90     16              17.0    -1.0
DAYS MAX <= 32      0               0.0     0.0
DAYS MIN <= 32      0               0.0     0.0
DAYS MIN <= 0       0               0.0     0.0

PRECIPITATION (INCHES)
RECORD
 MAXIMUM        26.79   1993
 MINIMUM         0.76   2013
TOTALS          19.42             13.30    6.12
DAILY AVG.       0.21              0.14    0.07
DAYS >= .01        33              30.1     2.9
DAYS >= .10        21
DAYS >= .50        12
DAYS >= 1.00        7               3.8     3.2
GREATEST
 24 HR. TOTAL    2.98   07/06 TO 07/06

SNOWFALL (INCHES)
RECORDS
 TOTAL             MM   MM
TOTALS            0.0               0.0     0.0
SINCE 7/1         0.0               0.0     0.0
SNOWDEPTH AVG.      0
DAYS >= TRACE       0               0.0     0.0
DAYS >= 1.0         0               0.0     0.0
GREATEST
 SNOW DEPTH         0   MM
 24 HR TOTAL      0.0   MM

DEGREE_DAYS
HEATING TOTAL       2                27     -25
 SINCE 7/1          1                 8      -7
COOLING TOTAL     971               807     164
 SINCE 1/1       1073               883     190
.................................................

WIND (MPH)
AVERAGE WIND SPEED              6.4
HIGHEST WIND SPEED/DIRECTION    41/270    DATE  07/13
HIGHEST GUST SPEED/DIRECTION    58/270    DATE  07/13

SKY COVER
POSSIBLE SUNSHINE (PERCENT)   MM
AVERAGE SKY COVER           0.30
NUMBER OF DAYS FAIR           61
NUMBER OF DAYS PC             30
NUMBER OF DAYS CLOUDY          1

AVERAGE RH (PERCENT)     70

WEATHER CONDITIONS. NUMBER OF DAYS WITH
THUNDERSTORM             34     HAIL                       0
SLEET                     0     FOG                       49
FOG W/VIS <= 1/4 MILE     4     HAZE                      16

-  INDICATES NEGATIVE NUMBERS.
R  INDICATES RECORD WAS SET OR TIED.
MM INDICATES DATA IS MISSING.
T  INDICATES TRACE AMOUNT.

$$
