000
CXUS53 KDVN 011630
CLSMLI


CLIMATE REPORT
NATIONAL WEATHER SERVICE QUAD CITIES IA IL
1130 AM CDT SUN JUN 1 2014

...................................

...THE MOLINE CLIMATE SUMMARY FOR THE SEASON, FROM
3/1/2014 TO 5/31/2014...

CLIMATE NORMAL PERIOD 1981 TO 2010
CLIMATE RECORD PERIOD 1872 TO 2014

WEATHER         OBSERVED          NORMAL  DEPART
                 VALUE   DATE(S)  VALUE   FROM
                                          NORMAL
................................................
TEMPERATURE (F)
RECORD
 HIGH             104   05/31/1934
 LOW              -19   03/06/1960
HIGHEST            87   05/31        79       8
                        05/21
                        05/30
LOWEST            -12   03/03        23     -35
AVG. MAXIMUM     59.5              61.3    -1.8
AVG. MINIMUM     36.5              40.2    -3.7
MEAN             48.0              50.8    -2.8
DAYS MAX >= 90      0               0.7    -0.7
DAYS MAX <= 32      8               2.9     5.1
DAYS MIN <= 32     37              24.9    12.1
DAYS MIN <= 0       2               0.1     1.9

PRECIPITATION (INCHES)
RECORD
 MAXIMUM        25.69   1973
 MINIMUM         3.09   1934
TOTALS           7.54             10.77   -3.23
DAILY AVG.       0.08              0.12   -0.04
DAYS >= .01        37              32.8     4.2
DAYS >= .10        15
DAYS >= .50         6
DAYS >= 1.00        1               2.7    -1.7
GREATEST
 24 HR. TOTAL    1.27   04/27 TO 04/28

SNOWFALL (INCHES)
RECORDS
 TOTAL           29.9   1912
TOTALS           10.3               4.9     5.4
SINCE 7/1        65.1              31.6    33.5
SNOWDEPTH AVG.      0
DAYS >= TRACE      11               3.9     7.1
DAYS >= 1.0         3               1.6     1.4
GREATEST
 SNOW DEPTH         4   03/06
                        03/02
                        03/03
 24 HR TOTAL      3.7   03/05 TO 03/05

DEGREE_DAYS
HEATING TOTAL    1643              1387     256
 SINCE 7/1       7313              6184    1129
COOLING TOTAL     105                77      28
 SINCE 1/1        105                76      29
.................................................

WIND (MPH)
AVERAGE WIND SPEED              9.8
HIGHEST WIND SPEED/DIRECTION    33/100    DATE  04/27
HIGHEST GUST SPEED/DIRECTION    45/300    DATE  04/04

SKY COVER
POSSIBLE SUNSHINE (PERCENT)   MM
AVERAGE SKY COVER           0.40
NUMBER OF DAYS FAIR           55
NUMBER OF DAYS PC             20
NUMBER OF DAYS CLOUDY         17

AVERAGE RH (PERCENT)     63

WEATHER CONDITIONS. NUMBER OF DAYS WITH
THUNDERSTORM             19     HAIL                       1
SLEET                     0     FOG                       39
FOG W/VIS <= 1/4 MILE     3     HAZE                      31

-  INDICATES NEGATIVE NUMBERS.
R  INDICATES RECORD WAS SET OR TIED.
MM INDICATES DATA IS MISSING.
T  INDICATES TRACE AMOUNT.

$$
