000
CXUS53 KMKX 011425 RRA
CLSMSN

CLIMATE REPORT
NATIONAL WEATHER SERVICE IN MILWAUKEE
734 AM CST FRI DEC 1 2017

...................................

...THE MADISON WI CLIMATE SUMMARY FOR THE SEASON, FROM
9/1/2017 TO 11/30/2017...

CLIMATE NORMAL PERIOD 1981 TO 2010
CLIMATE RECORD PERIOD 1871 TO 2017

WEATHER         OBSERVED          NORMAL  DEPART  LAST YEAR`S
                 VALUE   DATE(S)  VALUE   FROM    VALUE  DATE(S)
                                          NORMAL
................................................................
TEMPERATURE (F)
RECORD
 HIGH              99   09/01/1953
 LOW              -14   11/28/1887
HIGHEST            92   09/23        87       5       88  09/06
LOWEST              9   11/10         9       0       18  11/21
AVG. MAXIMUM     61.2              58.3     2.9     63.7
AVG. MINIMUM     41.6              39.0     2.6     45.3
MEAN             51.4              48.7     2.7     54.5
DAYS MAX >= 90      4               0.1     3.9        0
DAYS MAX <= 32      2               4.4    -2.4        1
DAYS MIN <= 32     26              28.0    -2.0        9
DAYS MIN <= 0       0               0.1    -0.1        0

PRECIPITATION (INCHES)
RECORD
 MAXIMUM        19.85   1881
 MINIMUM         2.10   1976
TOTALS           4.79              7.92   -3.13    15.29
DAILY AVG.       0.05              0.09   -0.04     0.17
DAYS >= .01        27              29.7    -2.7       29
DAYS >= .10        17              16.3     0.7       17
DAYS >= .50         0               5.0    -5.0       10
DAYS >= 1.00        0               1.5    -1.5        5
GREATEST
 24 HR. TOTAL    0.67   10/02 TO 10/03              2.93

SNOWFALL (INCHES)
RECORDS
 TOTAL           18.3   1985
TOTALS            0.3               4.1    -3.8        T
SINCE 7/1         0.3               4.1    -3.8        T
SNOWDEPTH AVG.      0                MM      MM        0
DAYS >= 1.0         0               1.3    -1.3        0
GREATEST
 SNOW DEPTH         0   MM                             0  MM
 24 HR TOTAL      0.3   11/18 TO 11/18                 T

DEGREE_DAYS
HEATING TOTAL    1334              1542    -208     1015
 SINCE 7/1       1359              1579    -220     1022
COOLING TOTAL     120                56      64       85
 SINCE 1/1        580               568      12      780

FREEZE DATES
RECORD
 EARLIEST     09/12/1955
 LATEST       05/31/1966
EARLIEST                        10/01
LATEST                          05/10
.................................................................

WIND (MPH)
AVERAGE WIND SPEED              7.4
RESULTANT WIND SPEED/DIRECTION   2/193
HIGHEST WIND SPEED/DIRECTION    26/180    DATE  11/17
HIGHEST GUST SPEED/DIRECTION    39/300    DATE  11/21

SKY COVER
POSSIBLE SUNSHINE (PERCENT)   MM
AVERAGE SKY COVER           0.50
NUMBER OF DAYS FAIR           27
NUMBER OF DAYS PC             34
NUMBER OF DAYS CLOUDY         29

AVERAGE RH (PERCENT)     71

WEATHER CONDITIONS. NUMBER OF DAYS WITH
  0
 14
  0
  0
  0
  1
  6
HAZE                      7

-  INDICATES NEGATIVE NUMBERS.
R  INDICATES RECORD WAS SET OR TIED.
MM INDICATES DATA IS MISSING.
T  INDICATES TRACE AMOUNT.

$$
