483
CXUS53 KMKX 012139 RRA
CLSMSN

CLIMATE REPORT
NATIONAL WEATHER SERVICE IN MILWAUKEE
336 PM CST THU DEC 1 2016

...................................

...THE MADISON WI CLIMATE SUMMARY FOR THE SEASON, FROM
9/1/2016 TO 11/30/2016...

CLIMATE NORMAL PERIOD 1981 TO 2010
CLIMATE RECORD PERIOD 1871 TO 2016

WEATHER         OBSERVED          NORMAL  DEPART  LAST YEAR`S
                 VALUE   DATE(S)  VALUE   FROM    VALUE  DATE(S)
                                          NORMAL
................................................................
TEMPERATURE (F)
RECORD
 HIGH              99   09/01/1953
 LOW              -14   11/28/1887
HIGHEST            88   09/06        87       1       90  09/06
LOWEST             18   11/21         9       9        9  11/22
AVG. MAXIMUM     63.7              58.3     5.4     63.1
AVG. MINIMUM     45.3              39.0     6.3     44.1
MEAN             54.5              48.7     5.8     53.6
DAYS MAX >= 90      0               0.1    -0.1        1
DAYS MAX <= 32      1               4.4    -3.4        2
DAYS MIN <= 32      9              28.0   -19.0       17
DAYS MIN <= 0       0               0.1    -0.1        0

PRECIPITATION (INCHES)
RECORD
 MAXIMUM        19.85   1881
 MINIMUM         2.10   1976
TOTALS          15.29              7.92    7.37    13.47
DAILY AVG.       0.17              0.09    0.08     0.15
DAYS >= .01        29              29.7    -0.7       24
DAYS >= .10        17              16.3     0.7       20
DAYS >= .50        10               5.0     5.0        9
DAYS >= 1.00        5               1.5     3.5        4
GREATEST
 24 HR. TOTAL    2.93   09/07 TO 09/08              2.23

SNOWFALL (INCHES)
RECORDS
 TOTAL           18.3   1985
TOTALS              T               4.1    -4.1      4.1
SINCE 7/1           T               4.1    -4.1      4.1
SNOWDEPTH AVG.      0                MM      MM        0
DAYS >= 1.0         0               1.3    -1.3        2
GREATEST
 SNOW DEPTH         0   MM                             3  11/23
                                                          11/21
                                                          11/22
 24 HR TOTAL        T   11/30 TO 11/30               2.3
                        11/25 TO 11/25
                        11/19 TO 11/19

DEGREE_DAYS
HEATING TOTAL    1015              1542    -527     1159
 SINCE 7/1       1022              1579    -557       MM
COOLING TOTAL      85                56      29      137
 SINCE 1/1        780               568     212      666

FREEZE DATES
RECORD
 EARLIEST     09/12/1955
 LATEST       05/31/1966
EARLIEST                        10/01
LATEST                          05/10
.................................................................

WIND (MPH)
AVERAGE WIND SPEED              6.9
RESULTANT WIND SPEED/DIRECTION   2/179
HIGHEST WIND SPEED/DIRECTION    29/190    DATE  11/18
HIGHEST GUST SPEED/DIRECTION    42/230    DATE  11/18

SKY COVER
POSSIBLE SUNSHINE (PERCENT)   MM
AVERAGE SKY COVER           0.60
NUMBER OF DAYS FAIR           23
NUMBER OF DAYS PC             47
NUMBER OF DAYS CLOUDY         21

AVERAGE RH (PERCENT)     75

WEATHER CONDITIONS. NUMBER OF DAYS WITH
THUNDERSTORM             12     MIXED PRECIP               0
HEAVY RAIN               13     RAIN                      15
LIGHT RAIN               35     FREEZING RAIN              0
LT FREEZING RAIN          0     HAIL                       0
HEAVY SNOW                0     SNOW                       1
LIGHT SNOW                2     SLEET                      1
FOG                      48     FOG W/VIS <= 1/4 MILE     12
HAZE                      8

-  INDICATES NEGATIVE NUMBERS.
R  INDICATES RECORD WAS SET OR TIED.
MM INDICATES DATA IS MISSING.
T  INDICATES TRACE AMOUNT.

$$
