000
CXUS53 KILX 011749
CLSMTO

CLIMATE REPORT
NATIONAL WEATHER SERVICE LINCOLN IL
1136 AM CST SUN MAR 1 2015

...................................

...THE MATTOON IL AIRPORT CLIMATE SUMMARY FOR THE SEASON, FROM
12/1/2014 TO 2/28/2015...

CLIMATE NORMAL PERIOD 1981 TO 2010
CLIMATE RECORD PERIOD 9999 TO 9999

WEATHER         OBSERVED          NORMAL  DEPART  LAST YEAR`S
                 VALUE   DATE(S)  VALUE   FROM    VALUE
                                          NORMAL
.............................................................
TEMPERATURE (F)
RECORD
 HIGH              MM   MM
 LOW               MM   MM
HIGHEST            57   02/08        MM      MM       63
LOWEST             -9   02/24        MM      MM      -14
                        02/23
AVG. MAXIMUM     34.3              37.6    -3.3     32.2
AVG. MINIMUM     19.3              22.5    -3.2     14.3
MEAN             26.8              30.0    -3.2     23.2
DAYS MAX >= 90      0               0.0     0.0        0
DAYS MAX <= 32     34              27.4     6.6       49
DAYS MIN <= 32     76              72.4     3.6       82
DAYS MIN <= 0       9               3.2     5.8       18

PRECIPITATION (INCHES)
RECORD
 MAXIMUM           MM   MM
 MINIMUM           MM   MM
TOTALS             MMR             6.75      MM     3.24
DAILY AVG.         MM                               0.06
DAYS >= .01        MM                MM      MM        8
DAYS >= .10        MM                MM      MM        5
DAYS >= .50        MM                MM      MM        3
DAYS >= 1.00        0                MM      MM        1
GREATEST
 24 HR. TOTAL      MM                               1.27

DEGREE_DAYS
HEATING TOTAL    3397              3145     252     3730
 SINCE 7/1       4693              4204     489     4847
COOLING TOTAL       0                 0       0        0
 SINCE 1/1          0                 0       0        0

FREEZE DATES
RECORD
 EARLIEST     MM
 LATEST       MM
EARLIEST                        MM
LATEST                          MM
..............................................................

WIND (MPH)
AVERAGE WIND SPEED              9.9
HIGHEST WIND SPEED/DIRECTION    40/330    DATE  02/14
HIGHEST GUST SPEED/DIRECTION    49/330    DATE  02/14

SKY COVER
POSSIBLE SUNSHINE (PERCENT)   MM
AVERAGE SKY COVER           0.60
NUMBER OF DAYS FAIR           26
NUMBER OF DAYS PC             27
NUMBER OF DAYS CLOUDY         37

AVERAGE RH (PERCENT)     76

WEATHER CONDITIONS. NUMBER OF DAYS WITH
THUNDERSTORM              0     MIXED PRECIP               0
HEAVY RAIN                0     RAIN                       7
LIGHT RAIN               20     FREEZING RAIN              0
LT FREEZING RAIN          4     HAIL                       0
HEAVY SNOW                1     SNOW                       5
LIGHT SNOW               29     SLEET                      0
FOG                      53     FOG W/VIS <= 1/4 MILE      5
HAZE                     24

-  INDICATES NEGATIVE NUMBERS.
R  INDICATES RECORD WAS SET OR TIED.
MM INDICATES DATA IS MISSING.
T  INDICATES TRACE AMOUNT.

$$
