000
CXUS51 KOKX 012228
CLSNYC

CLIMATE REPORT
NATIONAL WEATHER SERVICE NEW YORK NY
627 PM EDT WED JUN 1 2016

...................................

...THE CENTRAL PARK NY CLIMATE SUMMARY FOR THE SEASON, FROM
3/1/2016 TO 5/31/2016...

CLIMATE NORMAL PERIOD 1981 TO 2010
CLIMATE RECORD PERIOD 1869 TO 2016

WEATHER         OBSERVED          NORMAL  DEPART  LAST YEAR`S
                 VALUE   DATE(S)  VALUE   FROM    VALUE
                                          NORMAL
.............................................................
TEMPERATURE (F)
RECORD
 HIGH              99   05/19/1962
 LOW                3   03/05/1872
HIGHEST            92   05/28        MM      MM
LOWEST             26   04/05        MM      MM
                        03/03
AVG. MAXIMUM     63.4              60.5     2.9
AVG. MINIMUM     46.6              44.7     1.9
MEAN             55.0              52.6     2.4
DAYS MAX >= 90      2               0.8     1.2
DAYS MAX <= 32      0               0.9    -0.9
DAYS MIN <= 32     11              10.6     0.4
DAYS MIN <= 0       0               0.0     0.0

PRECIPITATION (INCHES)
RECORD
 MAXIMUM        29.15   1983
 MINIMUM         4.95   1885
TOTALS           6.53             13.05   -6.52     8.66
DAILY AVG.       0.07              0.14   -0.07
DAYS >= .01        33              33.5    -0.5
DAYS >= .10        17              21.4    -4.4
DAYS >= .50         3               8.3    -5.3
DAYS >= 1.00        1               3.3    -2.3
GREATEST
 24 HR. TOTAL    1.65   MM
 STORM TOTAL       MM
 (MM/DD(HH))            MM

SNOWFALL (INCHES)
RECORDS
 TOTAL           33.5   1896
 24 HR TOTAL     16.5   03/12/1888 TO 03/12/1888
TOTALS            0.9               4.5    -3.6
 LIQUID EQUIV    0.09              0.40   -0.31
SINCE 7/1        32.1              25.8     6.3
 LIQUID 7/1      3.21
DAYS >= TRACE       6               2.1     3.9
DAYS >= 1.0         0               1.2    -1.2
GREATEST
 SNOW DEPTH         0   MM
 24 HR TOTAL      0.5   MM
 STORM TOTAL       MM
 (MM/DD(HH))            MM

DEGREE_DAYS
HEATING TOTAL    1014              1208    -194
 SINCE 7/1       3761              4731    -970
COOLING TOTAL     119                69      50
 SINCE 1/1        119                69      50
..............................................................

WIND (MPH)
AVERAGE WIND SPEED              5.6
HIGHEST WIND SPEED/DIRECTION    28/070    DATE  03/14
HIGHEST GUST SPEED/DIRECTION    45/280    DATE  04/03

SKY COVER
POSSIBLE SUNSHINE (PERCENT)   MM
AVERAGE SKY COVER           0.30
NUMBER OF DAYS FAIR           54
NUMBER OF DAYS PC             21
NUMBER OF DAYS CLOUDY         17

AVERAGE RH (PERCENT)     53

WEATHER CONDITIONS. NUMBER OF DAYS WITH
THUNDERSTORM              0     MIXED PRECIP               0
HEAVY RAIN                5     RAIN                      11
LIGHT RAIN               31     FREEZING RAIN              0
LT FREEZING RAIN          0     HAIL                       0
HEAVY SNOW                0     SNOW                       0
LIGHT SNOW                6     SLEET                      0
FOG                      28     FOG W/VIS <= 1/4 MILE      0
HAZE                     24

-  INDICATES NEGATIVE NUMBERS.
R  INDICATES RECORD WAS SET OR TIED.
MM INDICATES DATA IS MISSING.
T  INDICATES TRACE AMOUNT.

$$
