000
CXUS51 KOKX 011726
CLSNYC

CLIMATE REPORT
NATIONAL WEATHER SERVICE NEW YORK NY
1224 PM EST TUE MAR 1 2016

...................................

...THE CENTRAL PARK NY CLIMATE SUMMARY FOR THE SEASON, FROM
12/1/2015 TO 2/29/2016...

CLIMATE NORMAL PERIOD 1981 TO 2010
CLIMATE RECORD PERIOD 1869 TO 2016

WEATHER         OBSERVED          NORMAL  DEPART  LAST YEAR`S
                 VALUE   DATE(S)  VALUE   FROM    VALUE
                                          NORMAL
.............................................................
TEMPERATURE (F)
RECORD
 HIGH              75   12/07/1998
                        02/24/1985
                        02/25/1930
 LOW              -15   02/09/1934
HIGHEST            72   12/24        MM      MM
LOWEST             -1   02/14        MM      MM
AVG. MAXIMUM     47.3              41.0     6.3
AVG. MINIMUM     34.7              29.3     5.4
MEAN             41.0              35.1     5.9
DAYS MAX >= 90      0               0.0     0.0
DAYS MAX <= 32     10              16.6    -6.6
DAYS MIN <= 32     36              52.4   -16.4
DAYS MIN <= 0       1               0.0     1.0

PRECIPITATION (INCHES)
RECORD
 MAXIMUM        20.71   1979
 MINIMUM         4.22   1901
TOTALS          13.53             10.74    2.79    13.31
DAILY AVG.       0.15              0.12    0.03
DAYS >= .01        32              30.2     1.8
DAYS >= .10        18              18.9    -0.9
DAYS >= .50         8               7.5     0.5
DAYS >= 1.00        6               3.0     3.0
GREATEST
 24 HR. TOTAL    2.32   MM
 STORM TOTAL       MM
 (MM/DD(HH))            MM

SNOWFALL (INCHES)
RECORDS
 TOTAL           60.9   2011
 24 HR TOTAL     12.3   MM
TOTALS           31.2              21.0    10.2
 LIQUID EQUIV    3.12              2.10    1.02
SINCE 7/1        31.2              21.3     9.9
 LIQUID 7/1      3.12
DAYS >= TRACE      16               9.1     6.9
DAYS >= 1.0         3               4.9    -1.9
GREATEST
 SNOW DEPTH        22   01/24
 24 HR TOTAL     26.6R  MM
 STORM TOTAL       MM
 (MM/DD(HH))            MM

DEGREE_DAYS
HEATING TOTAL    2159              2690    -531
 SINCE 7/1         MM              3549      MM
COOLING TOTAL       3                 0       3
 SINCE 1/1          0                 0       0
..............................................................

WIND (MPH)
AVERAGE WIND SPEED              6.5
HIGHEST WIND SPEED/DIRECTION    25/030    DATE  01/23
HIGHEST GUST SPEED/DIRECTION    42/040    DATE  01/23

SKY COVER
POSSIBLE SUNSHINE (PERCENT)   MM
AVERAGE SKY COVER           0.50
NUMBER OF DAYS FAIR           43
NUMBER OF DAYS PC             24
NUMBER OF DAYS CLOUDY         24

AVERAGE RH (PERCENT)     57

WEATHER CONDITIONS. NUMBER OF DAYS WITH
THUNDERSTORM              0     MIXED PRECIP               0
HEAVY RAIN                6     RAIN                      14
LIGHT RAIN               33     FREEZING RAIN              0
LT FREEZING RAIN          1     HAIL                       0
HEAVY SNOW                1     SNOW                       5
LIGHT SNOW               12     SLEET                      3
FOG                      27     FOG W/VIS <= 1/4 MILE      3
HAZE                     30

-  INDICATES NEGATIVE NUMBERS.
R  INDICATES RECORD WAS SET OR TIED.
MM INDICATES DATA IS MISSING.
T  INDICATES TRACE AMOUNT.

$$
