000
CXUS53 KEAX 032212
CLSOJC

STLCLMWS5 000
TTAA00 KEAX 032209


CLIMATE REPORT
NATIONAL WEATHER SERVICE KANSAS CITY/PLEASANT HILL MO
501 PM CDT WED SEP 3 2014

...................................

...THE JOHNSON COUNTY EXECUTIVE CLIMATE SUMMARY FOR THE SEASON, FROM
6/1/2014 TO 8/31/2014...

CLIMATE NORMAL PERIOD 1981 TO 2010
CLIMATE RECORD PERIOD 9999 TO 9999

WEATHER         OBSERVED          NORMAL  DEPART  LAST YEAR`S
                 VALUE   DATE(S)  VALUE   FROM    VALUE  DATE(S)
                                          NORMAL
................................................................
TEMPERATURE (F)
HIGHEST            96   08/23        98      -2       99  06/26
                        07/25
                        07/22
LOWEST             53   07/16        52       1       47  06/03
AVG. MAXIMUM     84.2              86.0    -1.8     85.1
AVG. MINIMUM     65.7              66.9    -1.2     65.9
MEAN             75.0              76.4    -1.4     75.5
DAYS MAX >= 90     20              29.6    -9.6       22
DAYS MAX <= 32      0               0.0     0.0        0
DAYS MIN <= 32      0               0.0     0.0        0
DAYS MIN <= 0       0               0.0     0.0        0

PRECIPITATION (INCHES)
TOTALS          14.37             13.22    1.15     8.58
DAILY AVG.       0.16              0.14    0.02     0.09
DAYS >= .01        27              28.2    -1.2       30
DAYS >= .10        20              19.5     0.5       14
DAYS >= .50        15               8.4     6.6        6
DAYS >= 1.00        5               4.6     0.4        1
GREATEST
 24 HR. TOTAL    2.54   MM

DEGREE_DAYS
HEATING TOTAL       2                 9      -7       14
COOLING TOTAL     936              1060    -124      998
.................................................................

WIND (MPH)
AVERAGE WIND SPEED              7.9
HIGHEST WIND SPEED/DIRECTION    43/320    DATE  08/31
HIGHEST GUST SPEED/DIRECTION    53/330    DATE  08/31

SKY COVER
POSSIBLE SUNSHINE (PERCENT)   MM
AVERAGE SKY COVER           0.30
NUMBER OF DAYS FAIR           60
NUMBER OF DAYS PC             29
NUMBER OF DAYS CLOUDY          3

AVERAGE RH (PERCENT)     73

WEATHER CONDITIONS. NUMBER OF DAYS WITH
THUNDERSTORM              0     MIXED PRECIP               0
HEAVY RAIN               16     RAIN                      18
LIGHT RAIN               28     FREEZING RAIN              0
LT FREEZING RAIN          0     HAIL                       0
HEAVY SNOW                0     SNOW                       0
LIGHT SNOW                0     SLEET                      0
FOG                      30     FOG W/VIS <= 1/4 MILE      2
HAZE                      6

-  INDICATES NEGATIVE NUMBERS.
R  INDICATES RECORD WAS SET OR TIED.
MM INDICATES DATA IS MISSING.
T  INDICATES TRACE AMOUNT.

$$
