000
CXUS53 KEAX 011354
CLSOJC

CLIMATE REPORT
NATIONAL WEATHER SERVICE KANSAS CITY/PLEASANT HILL MO
848 AM CDT FRI SEP 1 2017

...................................

...THE JOHNSON COUNTY EXECUTIVE CLIMATE SUMMARY FOR THE SEASON, FROM
6/1/2017 TO 8/31/2017...

CLIMATE NORMAL PERIOD 1981 TO 2010
CLIMATE RECORD PERIOD 9999 TO 9999

WEATHER         OBSERVED          NORMAL  DEPART  LAST YEAR`S
                 VALUE   DATE(S)  VALUE   FROM    VALUE  DATE(S)
                                          NORMAL
................................................................
TEMPERATURE (F)
HIGHEST            98   07/22        98       0       98  06/22
                                                          06/15
LOWEST             50   06/26        52      -2       56  06/02
AVG. MAXIMUM     83.9              86.0    -2.1     87.1
AVG. MINIMUM     65.1              66.9    -1.8     68.1
MEAN             74.5              76.4    -1.9     77.6
DAYS MAX >= 90     15              29.6   -14.6       28
DAYS MAX <= 32      0               0.0     0.0        0
DAYS MIN <= 32      0               0.0     0.0        0
DAYS MIN <= 0       0               0.0     0.0        0

PRECIPITATION (INCHES)
TOTALS          25.24             13.22   12.02    14.48
DAILY AVG.       0.27              0.14    0.13     0.16
DAYS >= .01        26              28.2    -2.2       26
DAYS >= .10        18              19.5    -1.5       16
DAYS >= .50        13               8.4     4.6        7
DAYS >= 1.00        9               4.6     4.4        4
GREATEST
 24 HR. TOTAL    4.30   MM

DEGREE_DAYS
HEATING TOTAL       8                 9      -1        0
COOLING TOTAL     911              1060    -149     1165
.................................................................

WIND (MPH)
AVERAGE WIND SPEED              7.2
HIGHEST WIND SPEED/DIRECTION    32/250    DATE  06/14
HIGHEST GUST SPEED/DIRECTION    41/010    DATE  06/17

SKY COVER
POSSIBLE SUNSHINE (PERCENT)   MM
AVERAGE SKY COVER           0.20
NUMBER OF DAYS FAIR           77
NUMBER OF DAYS PC             12
NUMBER OF DAYS CLOUDY          3

AVERAGE RH (PERCENT)     76

WEATHER CONDITIONS. NUMBER OF DAYS WITH
THUNDERSTORM             23     MIXED PRECIP               0
HEAVY RAIN               15     RAIN                      16
LIGHT RAIN               28     FREEZING RAIN              0
LT FREEZING RAIN          0     HAIL                       0
HEAVY SNOW                0     SNOW                       0
LIGHT SNOW                0     SLEET                      0
FOG                      30     FOG W/VIS <= 1/4 MILE      1
HAZE                      6

-  INDICATES NEGATIVE NUMBERS.
R  INDICATES RECORD WAS SET OR TIED.
MM INDICATES DATA IS MISSING.
T  INDICATES TRACE AMOUNT.

$$
