294
CXUS53 KEAX 010906
CLSOJC

CLIMATE REPORT
NATIONAL WEATHER SERVICE KANSAS CITY/PLEASANT HILL MO
259 AM CST TUE DEC 1 2015

...................................

...THE JOHNSON COUNTY EXECUTIVE CLIMATE SUMMARY FOR THE SEASON, FROM
9/1/2015 TO 11/30/2015...

CLIMATE NORMAL PERIOD 1981 TO 2010
CLIMATE RECORD PERIOD 9999 TO 9999

WEATHER         OBSERVED          NORMAL  DEPART  LAST YEAR`S
                 VALUE   DATE(S)  VALUE   FROM    VALUE  DATE(S)
                                          NORMAL
................................................................
TEMPERATURE (F)
HIGHEST            91   09/06        92      -1       91  09/04
LOWEST             24   11/22        18       6       10  11/18
                        11/21
AVG. MAXIMUM     68.6              66.4     2.2     64.4
AVG. MINIMUM     49.2              46.7     2.5     45.0
MEAN             58.9              56.5     2.4     54.7
DAYS MAX >= 90      1               3.2    -2.2        2
DAYS MAX <= 32      1               0.8     0.2        6
DAYS MIN <= 32     11              12.9    -1.9       20
DAYS MIN <= 0       0               0.0     0.0        0

PRECIPITATION (INCHES)
TOTALS           9.96             10.44   -0.48     8.25
DAILY AVG.       0.11              0.11    0.00     0.09
DAYS >= .01        17              23.8    -6.8       25
DAYS >= .10        14              15.6    -1.6       13
DAYS >= .50         6               6.7    -0.7        6
DAYS >= 1.00        3               2.9     0.1        4
GREATEST
 24 HR. TOTAL    2.75   MM

DEGREE_DAYS
HEATING TOTAL     773               954    -181     1057
COOLING TOTAL     241               184      57      148
.................................................................

WIND (MPH)
AVERAGE WIND SPEED              8.6
HIGHEST WIND SPEED/DIRECTION    37/220    DATE  11/11
HIGHEST GUST SPEED/DIRECTION    52/230    DATE  11/11

SKY COVER
POSSIBLE SUNSHINE (PERCENT)   MM
AVERAGE SKY COVER           0.30
NUMBER OF DAYS FAIR           59
NUMBER OF DAYS PC             18
NUMBER OF DAYS CLOUDY         14

AVERAGE RH (PERCENT)     69

WEATHER CONDITIONS. NUMBER OF DAYS WITH
THUNDERSTORM              8     MIXED PRECIP               0
HEAVY RAIN                6     RAIN                      11
LIGHT RAIN               25     FREEZING RAIN              1
LT FREEZING RAIN          2     HAIL                       0
HEAVY SNOW                0     SNOW                       0
LIGHT SNOW                0     SLEET                      0
FOG                      29     FOG W/VIS <= 1/4 MILE      3
HAZE                      6

-  INDICATES NEGATIVE NUMBERS.
R  INDICATES RECORD WAS SET OR TIED.
MM INDICATES DATA IS MISSING.
T  INDICATES TRACE AMOUNT.

$$
