000
CXUS53 KEAX 020358
CLSOJC

STLCLMWS5 000
TTAA00 KEAX 020354


CLIMATE REPORT
NATIONAL WEATHER SERVICE KANSAS CITY/PLEASANT HILL MO
1050 PM CDT TUE SEP 1 2015

...................................

...THE JOHNSON COUNTY EXECUTIVE CLIMATE SUMMARY FOR THE SEASON, FROM
6/1/2015 TO 8/31/2015...

CLIMATE NORMAL PERIOD 1981 TO 2010
CLIMATE RECORD PERIOD 9999 TO 9999

WEATHER         OBSERVED          NORMAL  DEPART  LAST YEAR`S
                 VALUE   DATE(S)  VALUE   FROM    VALUE  DATE(S)
                                          NORMAL
................................................................
TEMPERATURE (F)
HIGHEST            97   07/14        98      -1       96  08/23
                                                          07/25
                                                          07/22
LOWEST             51   08/24        52      -1       53  07/16
AVG. MAXIMUM     84.9              86.0    -1.1     84.2
AVG. MINIMUM     67.1              66.9     0.2     65.7
MEAN             76.0              76.4    -0.4     75.0
DAYS MAX >= 90     24              29.6    -5.6       20
DAYS MAX <= 32      0               0.0     0.0        0
DAYS MIN <= 32      0               0.0     0.0        0
DAYS MIN <= 0       0               0.0     0.0        0

PRECIPITATION (INCHES)
TOTALS          17.17             13.22    3.95    14.37
DAILY AVG.       0.19              0.14    0.05     0.16
DAYS >= .01        34              28.2     5.8       27
DAYS >= .10        22              19.5     2.5       20
DAYS >= .50        11               8.4     2.6       15
DAYS >= 1.00        6               4.6     1.4        5
GREATEST
 24 HR. TOTAL    2.63   MM

DEGREE_DAYS
HEATING TOTAL       6                 9      -3        2
COOLING TOTAL    1041              1060     -19      936
.................................................................

WIND (MPH)
AVERAGE WIND SPEED              7.2
HIGHEST WIND SPEED/DIRECTION    53/360    DATE  06/26
HIGHEST GUST SPEED/DIRECTION    64/360    DATE  06/26

SKY COVER
POSSIBLE SUNSHINE (PERCENT)   MM
AVERAGE SKY COVER           0.20
NUMBER OF DAYS FAIR           63
NUMBER OF DAYS PC             22
NUMBER OF DAYS CLOUDY          7

AVERAGE RH (PERCENT)     75

WEATHER CONDITIONS. NUMBER OF DAYS WITH
THUNDERSTORM             32     MIXED PRECIP               0
HEAVY RAIN               16     RAIN                      19
LIGHT RAIN               34     FREEZING RAIN              0
LT FREEZING RAIN          0     HAIL                       0
HEAVY SNOW                0     SNOW                       0
LIGHT SNOW                0     SLEET                      0
FOG                      41     FOG W/VIS <= 1/4 MILE      3
HAZE                      5

-  INDICATES NEGATIVE NUMBERS.
R  INDICATES RECORD WAS SET OR TIED.
MM INDICATES DATA IS MISSING.
T  INDICATES TRACE AMOUNT.

$$
