000
CXUS53 KEAX 020446
CLSOJC

CLIMATE REPORT
NATIONAL WEATHER SERVICE KANSAS CITY/PLEASANT HILL MO
1138 PM CDT THU JUN 1 2017

...................................

...THE JOHNSON COUNTY EXECUTIVE CLIMATE SUMMARY FOR THE SEASON, FROM
3/1/2017 TO 5/31/2017...

CLIMATE NORMAL PERIOD 1981 TO 2010
CLIMATE RECORD PERIOD 9999 TO 9999

WEATHER         OBSERVED          NORMAL  DEPART  LAST YEAR`S
                 VALUE   DATE(S)  VALUE   FROM    VALUE  DATE(S)
                                          NORMAL
................................................................
TEMPERATURE (F)
HIGHEST            86   05/15        87      -1       84  05/07
LOWEST             19   03/15        16       3       22  03/02
AVG. MAXIMUM     66.0              65.0     1.0     67.0
AVG. MINIMUM     46.6              44.8     1.8     46.2
MEAN             56.3              54.9     1.4     56.6
DAYS MAX >= 90      0               0.4    -0.4        0
DAYS MAX <= 32      1               0.8     0.2        0
DAYS MIN <= 32      9              15.4    -6.4       11
DAYS MIN <= 0       0               0.1    -0.1        0

PRECIPITATION (INCHES)
TOTALS          12.44             12.05    0.39    14.15
DAILY AVG.       0.14              0.13    0.01     0.15
DAYS >= .01        37              30.5     6.5       35
DAYS >= .10        19              20.0    -1.0       26
DAYS >= .50         8               8.0     0.0       10
DAYS >= 1.00        3               3.1    -0.1        4
GREATEST
 24 HR. TOTAL    2.59   MM

DEGREE_DAYS
HEATING TOTAL     878              1033    -155      794
COOLING TOTAL      96               103      -7       54
.................................................................

WIND (MPH)
AVERAGE WIND SPEED              10.2
HIGHEST WIND SPEED/DIRECTION    46/280    DATE  03/06
HIGHEST GUST SPEED/DIRECTION    76/160    DATE  05/01

SKY COVER
POSSIBLE SUNSHINE (PERCENT)    0
AVERAGE SKY COVER           0.40
NUMBER OF DAYS FAIR           47
NUMBER OF DAYS PC             21
NUMBER OF DAYS CLOUDY         24

AVERAGE RH (PERCENT)     70

WEATHER CONDITIONS. NUMBER OF DAYS WITH
THUNDERSTORM             21     MIXED PRECIP               0
HEAVY RAIN               15     RAIN                      17
LIGHT RAIN               39     FREEZING RAIN              0
LT FREEZING RAIN          1     HAIL                       0
HEAVY SNOW                0     SNOW                       1
LIGHT SNOW                2     SLEET                      0
FOG                      40     FOG W/VIS <= 1/4 MILE      1
HAZE                      4

-  INDICATES NEGATIVE NUMBERS.
R  INDICATES RECORD WAS SET OR TIED.
MM INDICATES DATA IS MISSING.
T  INDICATES TRACE AMOUNT.

$$
