000
CXUS53 KDDC 031446
CLSP28


CLIMATE REPORT
NATIONAL WEATHER SERVICE DODGE CITY KS
838 AM CST THU DEC 3 2015

...................................

...THE MEDICINE LODGE KS CLIMATE SUMMARY FOR THE SEASON, FROM
9/1/2015 TO 11/30/2015...

CLIMATE NORMAL PERIOD 1981 TO 2010
CLIMATE RECORD PERIOD 1893 TO 2015

WEATHER         OBSERVED          NORMAL  DEPART  LAST YEAR`S
                 VALUE   DATE(S)  VALUE   FROM    VALUE  DATE(S)
                                          NORMAL
................................................................
TEMPERATURE (F)
RECORD
 HIGH             113   09/29/1984
 LOW                0   11/29/1976
HIGHEST           104   09/07        MM      MM       99  09/09
LOWEST             22   11/22        MM      MM        7  11/18
AVG. MAXIMUM     74.9              71.0     3.9     71.8
AVG. MINIMUM     49.1              45.8     3.3     44.9
MEAN             62.0              58.4     3.6     58.3
DAYS MAX >= 90     16               8.7     7.3       11
DAYS MAX <= 32      3               0.2     2.8        3
DAYS MIN <= 32     13              16.6    -3.6       21
DAYS MIN <= 0       0               0.0     0.0        0

PRECIPITATION (INCHES)
RECORD
 MAXIMUM        21.01   1923
 MINIMUM         0.31   1939
TOTALS           5.66              5.87   -0.21     1.85
DAILY AVG.       0.06              0.06    0.00     0.02
DAYS >= .01        23              17.1     5.9       15
DAYS >= .10        10               9.3     0.7        6
DAYS >= .50         4               3.5     0.5        0
DAYS >= 1.00        1               1.3    -0.3        0
GREATEST
 24 HR. TOTAL    1.52   11/17 TO 11/17           10/12 TO 10/13
                                                          11/16 TO 11/16
                                                          11/16 TO 11/16

SNOWFALL (INCHES)
RECORDS
 TOTAL             MM   MM
 24 HR TOTAL       MM
 SNOW DEPTH        MM   MM
TOTALS              T               0.2    -0.2      2.5
DAYS >= TRACE       1               0.2     0.8        1
DAYS >= 1.0         0               0.1    -0.1        1
GREATEST
 SNOW DEPTH         T   11/28                          2  11/17
                        11/29                             11/16
                        11/30
 24 HR TOTAL        T   11/28 TO 11/28           11/16 TO 11/16
                                                          11/16 TO 11/16
                                                          11/16 TO 11/16

DEGREE_DAYS
HEATING TOTAL     595               858    -263      900
 SINCE 7/1        595               858    -263      905
COOLING TOTAL     388               259     129      318
 SINCE 1/1       1867              1770      97     1802

.......................................................

WIND (MPH)
AVERAGE WIND SPEED              8.6
RESULTANT WIND SPEED/DIRECTION   3/141
HIGHEST WIND SPEED/DIRECTION    46/200    DATE  09/14
HIGHEST GUST SPEED/DIRECTION    60/210    DATE  09/14

AVERAGE RH (PERCENT)     64


-  INDICATES NEGATIVE NUMBERS.
R  INDICATES RECORD WAS SET OR TIED.
MM INDICATES DATA IS MISSING.
T  INDICATES TRACE AMOUNT.

$$
