000
CXUS53 KPAH 020200
CLSPAH

SDFCLMPAS 000
TTAA00 KPAH 020159


CLIMATE REPORT
NATIONAL WEATHER SERVICE PADUCAH KY
742 PM CST TUE DEC 1 2015

...................................

...THE PADUCAH KY CLIMATE SUMMARY FOR THE SEASON, FROM
9/1/2015 TO 11/30/2015...

CLIMATE NORMAL PERIOD 1981 TO 2010
CLIMATE RECORD PERIOD 1937 TO 2015

WEATHER         OBSERVED          NORMAL  DEPART
                 VALUE   DATE(S)  VALUE   FROM
                                          NORMAL
................................................
TEMPERATURE (F)
RECORD
 HIGH             104   09/05/1954
                        09/09/1939
 LOW               -3   11/25/1950
HIGHEST            96   09/05        70      26
LOWEST             24   11/22        48     -24
AVG. MAXIMUM     73.5              70.5     3.0
AVG. MINIMUM     49.9              47.4     2.5
MEAN             61.7              59.0     2.7
DAYS MAX >= 90      9               4.3     4.7
DAYS MAX <= 32      0               0.1    -0.1
DAYS MIN <= 32      8              10.8    -2.8
DAYS MIN <= 0       0               0.0     0.0

PRECIPITATION (INCHES)
RECORD
 MAXIMUM        22.54   2006
 MINIMUM         3.10   1963
TOTALS          11.32             12.01   -0.69
DAILY AVG.       0.12              0.13   -0.01
DAYS >= .01        24              24.5    -0.5
DAYS >= .10        17              16.6     0.4
DAYS >= .50         6               7.8    -1.8
DAYS >= 1.00        4               3.8     0.2
GREATEST
 24 HR. TOTAL    3.12   MM
 STORM TOTAL       MM
 (MM/DD(HH))            MM

SNOWFALL (INCHES)
RECORDS
 TOTAL            4.0   1958
 24 HR TOTAL      2.1   MM
TOTALS            0.0               0.1    -0.1
 LIQUID EQUIV    0.00
SINCE 7/1         0.0               0.1    -0.1
 LIQUID 7/1      0.00
SNOWDEPTH AVG.      0
DAYS >= TRACE       0
DAYS >= 1.0         0
GREATEST
 SNOW DEPTH         0   MM
 24 HR TOTAL      0.0   MM
 STORM TOTAL       MM
 (MM/DD(HH))            MM

DEGREE_DAYS
HEATING TOTAL     544               776    -232
 SINCE 7/1        544               777    -233
COOLING TOTAL     266               228      38
 SINCE 1/1       1690              1542     148

FREEZE DATES
RECORD
 EARLIEST     10/03/1974
 LATEST       05/07/1944
EARLIEST                        10/26
LATEST                          04/06
.................................................

WIND (MPH)
AVERAGE WIND SPEED              5.8
HIGHEST WIND SPEED/DIRECTION    31/160    DATE  11/17
HIGHEST GUST SPEED/DIRECTION    43/150    DATE  11/17

SKY COVER
POSSIBLE SUNSHINE (PERCENT)   MM
AVERAGE SKY COVER           0.30
NUMBER OF DAYS FAIR           55
NUMBER OF DAYS PC             18
NUMBER OF DAYS CLOUDY         18

AVERAGE RH (PERCENT)     68

WEATHER CONDITIONS. NUMBER OF DAYS WITH
THUNDERSTORM              0     MIXED PRECIP               0
HEAVY RAIN               12     RAIN                      14
LIGHT RAIN               30     FREEZING RAIN              0
LT FREEZING RAIN          0     HAIL                       0
HEAVY SNOW                0     SNOW                       0
LIGHT SNOW                0     SLEET                      0
FOG                      49     FOG W/VIS <= 1/4 MILE     11
HAZE                     25

-  INDICATES NEGATIVE NUMBERS.
R  INDICATES RECORD WAS SET OR TIED.
MM INDICATES DATA IS MISSING.
T  INDICATES TRACE AMOUNT.

$$
