000
CXUS54 KLZK 041610
CLSPBF


CLIMATE REPORT
NATIONAL WEATHER SERVICE LITTLE ROCK AR
1056 AM CDT TUE JUL 4 2017

...................................

...THE PINE BLUFF CLIMATE SUMMARY FOR THE SEASON, FROM
7/1/2016 TO 6/30/2017...

CLIMATE NORMAL PERIOD 1981 TO 2010
CLIMATE RECORD PERIOD 1883 TO 2017

WEATHER         OBSERVED          NORMAL  DEPART  LAST YEAR`S
                 VALUE   DATE(S)  VALUE   FROM    VALUE  DATE(S)
                                          NORMAL
................................................................

SNOWFALL (INCHES)
RECORDS
 TOTAL           25.1   07/01/1965 TO 06/30/1966
 24 HR TOTAL     14.0   03/17/1892
 SNOW DEPTH        14   03/17/1892
TOTALS            1.5               3.1    -1.6       MM
 LIQUID EQUIV    0.15              0.30   -0.15       MM
SINCE 7/1         1.5               3.1    -1.6       MM
 LIQUID 7/1      0.15              0.30   -0.15       MM
SNOWDEPTH AVG.      0                MM      MM       MM
DAYS >= TRACE       1               0.9     0.1       MM
DAYS >= 1.0         1               0.8     0.2       MM
GREATEST
 SNOW DEPTH         1   01/07                         MM  MM
                        01/06
 24 HR TOTAL      1.5   01/06 TO 01/06                MM


-  INDICATES NEGATIVE NUMBERS.
R  INDICATES RECORD WAS SET OR TIED.
MM INDICATES DATA IS MISSING.
T  INDICATES TRACE AMOUNT.

&&

...Additional Data for Pine Bluff for the snowfall season of July 1,
2016 to June 30, 2017...

The snowfall of 1.5 inches was the least in a season since 2011-
2012.

$$

57
