000
CXUS53 KILX 011933 CCA
CLSPIA

CHICLMPIA 000
TTAA00 KILX 011538


CLIMATE REPORT
NATIONAL WEATHER SERVICE LINCOLN IL
233 PM CDT FRI SEP 1 2017

...CORRECTED THUNDERSTORM DAYS...

...................................

...THE PEORIA IL CLIMATE SUMMARY FOR THE SEASON, FROM
6/1/2017 TO 8/31/2017...

CLIMATE NORMAL PERIOD 1981 TO 2010
CLIMATE RECORD PERIOD 1883 TO 2017

WEATHER         OBSERVED          NORMAL  DEPART  LAST YEAR`S
                 VALUE   DATE(S)  VALUE   FROM    VALUE
                                          NORMAL
.............................................................
TEMPERATURE (F)
RECORD
 HIGH             113   07/15/1936
 LOW               39   06/01/1993
                        06/04/1945
HIGHEST            96   07/20        MM      MM       96
LOWEST             49   06/27        MM      MM       50
                        06/01
AVG. MAXIMUM     84.5              83.9     0.6     85.5
AVG. MINIMUM     63.2              63.6    -0.4     66.7
MEAN             73.9              73.7     0.2     76.1
DAYS MAX >= 90     19              16.5     2.5       MM
DAYS MAX <= 32      0               0.0     0.0       MM
DAYS MIN <= 32      0               0.0     0.0       MM
DAYS MIN <= 0       0               0.0     0.0       MM

PRECIPITATION (INCHES)
RECORD
 MAXIMUM        24.27   1902
 MINIMUM         3.04   1988
TOTALS           7.24             10.62   -3.38    15.90
DAILY AVG.       0.08                               0.17
DAYS >= .01        30              28.3     1.7       MM
DAYS >= .10        16              18.3    -2.3       MM
DAYS >= .50         4               7.5    -3.5       MM
DAYS >= 1.00        1               2.9    -1.9       MM
GREATEST
 24 HR. TOTAL    2.15   MM                          2.42

SNOWFALL (INCHES)
RECORDS
 TOTAL            0.0   MM
 24 HR TOTAL      0.0   MM
TOTALS            0.0               0.0     0.0      0.0
SINCE 7/1         0.0               0.0     0.0      0.0
DAYS >= TRACE       0               0.0     0.0       MM
DAYS >= 1.0         0               0.0     0.0       MM
GREATEST
 SNOW DEPTH         0   MM                             0
 24 HR TOTAL      0.0   MM                           0.0

DEGREE_DAYS
HEATING TOTAL       6                24     -18        4
 SINCE 7/1          0                 6      -6        4
COOLING TOTAL     845               826      19     1051
 SINCE 1/1        926               907      19     1157

FREEZE DATES
RECORD
 EARLIEST     09/20/1991
 LATEST       05/25/1925
EARLIEST                        10/14
LATEST                          04/19
..............................................................

WIND (MPH)
AVERAGE WIND SPEED              6.3
HIGHEST WIND SPEED/DIRECTION    35/270    DATE  06/14
HIGHEST GUST SPEED/DIRECTION    46/280    DATE  06/14

SKY COVER
POSSIBLE SUNSHINE (PERCENT)   MM
AVERAGE SKY COVER           0.20
NUMBER OF DAYS FAIR           75
NUMBER OF DAYS PC             16
NUMBER OF DAYS CLOUDY          1

AVERAGE RH (PERCENT)     71

WEATHER CONDITIONS. NUMBER OF DAYS WITH
THUNDERSTORM             26     MIXED PRECIP               0
HEAVY RAIN               12     RAIN                      17
LIGHT RAIN               36     FREEZING RAIN              0
LT FREEZING RAIN          0     HAIL                       0
HEAVY SNOW                0     SNOW                       0
LIGHT SNOW                0     SLEET                      0
FOG                      30     FOG W/VIS <= 1/4 MILE      4
HAZE                      5

-  INDICATES NEGATIVE NUMBERS.
R  INDICATES RECORD WAS SET OR TIED.
MM INDICATES DATA IS MISSING.
T  INDICATES TRACE AMOUNT.

$$
