000
CXUS53 KILX 011751
CLSPIA

CLIMATE REPORT
NATIONAL WEATHER SERVICE LINCOLN IL
1120 AM CST THU DEC 1 2016

...................................

...THE PEORIA IL CLIMATE SUMMARY FOR THE SEASON, FROM
9/1/2016 TO 11/30/2016...

CLIMATE NORMAL PERIOD 1981 TO 2010
CLIMATE RECORD PERIOD 1883 TO 2016

WEATHER         OBSERVED          NORMAL  DEPART  LAST YEAR`S
                 VALUE   DATE(S)  VALUE   FROM    VALUE
                                          NORMAL
.............................................................
TEMPERATURE (F)
RECORD
 HIGH             104   09/05/1899
 LOW               -2   11/26/1977
HIGHEST            92   09/06        MM      MM       98
LOWEST             22   11/21        MM      MM       11
AVG. MAXIMUM     69.3              64.0     5.3     70.2
AVG. MINIMUM     49.9              43.9     6.0     49.5
MEAN             59.6              53.9     5.7     59.9
DAYS MAX >= 90      3               1.7     1.3        8
DAYS MAX <= 32      0               1.6    -1.6        0
DAYS MIN <= 32      7              17.5   -10.5       10
DAYS MIN <= 0       0               0.0     0.0        0

PRECIPITATION (INCHES)
RECORD
 MAXIMUM        19.58   1926
 MINIMUM         2.92   2002
TOTALS          11.01              9.12    1.89    11.43
DAILY AVG.       0.12                               0.13
DAYS >= .01        22              26.9    -4.9       23
DAYS >= .10        16              17.0    -1.0       18
DAYS >= .50         7               6.5     0.5        8
DAYS >= 1.00        3               2.0     1.0        2
GREATEST
 24 HR. TOTAL    2.54   MM                          2.23

SNOWFALL (INCHES)
RECORDS
 TOTAL           10.7   1926
 24 HR TOTAL      6.8   11/26/1975 TO 11/26/1975
TOTALS            0.0               1.1    -1.1      4.6
SINCE 7/1         0.0               1.1    -1.1      4.6
DAYS >= TRACE       0               1.4    -1.4        1
DAYS >= 1.0         0               0.3    -0.3        1
GREATEST
 SNOW DEPTH         0   MM                             5
 24 HR TOTAL      0.0   MM                           4.6

DEGREE_DAYS
HEATING TOTAL     734              1142    -408      752
 SINCE 7/1        738              1148    -410       MM
COOLING TOTAL     266               132     134      307
 SINCE 1/1       1423              1039     384     1419

FREEZE DATES
RECORD
 EARLIEST     09/20/1991
 LATEST       05/25/1925
EARLIEST                        10/14
LATEST                          04/19
..............................................................

WIND (MPH)
AVERAGE WIND SPEED              7.3
HIGHEST WIND SPEED/DIRECTION    32/140    DATE  11/28
HIGHEST GUST SPEED/DIRECTION    50/130    DATE  11/28

SKY COVER
POSSIBLE SUNSHINE (PERCENT)   MM
AVERAGE SKY COVER           0.30
NUMBER OF DAYS FAIR           57
NUMBER OF DAYS PC             23
NUMBER OF DAYS CLOUDY         11

AVERAGE RH (PERCENT)     75

WEATHER CONDITIONS. NUMBER OF DAYS WITH
THUNDERSTORM             11     MIXED PRECIP               0
HEAVY RAIN               14     RAIN                      16
LIGHT RAIN               31     FREEZING RAIN              0
LT FREEZING RAIN          0     HAIL                       0
HEAVY SNOW                0     SNOW                       0
LIGHT SNOW                0     SLEET                      0
FOG                      45     FOG W/VIS <= 1/4 MILE      5
HAZE                     14

-  INDICATES NEGATIVE NUMBERS.
R  INDICATES RECORD WAS SET OR TIED.
MM INDICATES DATA IS MISSING.
T  INDICATES TRACE AMOUNT.

&&

RECORDS ESABLISHED DURING METEOROLOGICAL AUTMUMN:
-3RD WARMEST AUTUMN ON RECORD.

$$
