000
CXUS53 KILX 011419 RRA
CLSPIA

CHICLMPIA 000
TTAA00 KILX 011418


CLIMATE REPORT
NATIONAL WEATHER SERVICE LINCOLN IL
901 AM CDT THU JUN 1 2017

...................................

...THE PEORIA IL CLIMATE SUMMARY FOR THE SEASON, FROM
3/1/2017 TO 5/31/2017...

CLIMATE NORMAL PERIOD 1981 TO 2010
CLIMATE RECORD PERIOD 1883 TO 2017

WEATHER         OBSERVED          NORMAL  DEPART  LAST YEAR`S
                 VALUE   DATE(S)  VALUE   FROM    VALUE
                                          NORMAL
.............................................................
TEMPERATURE (F)
RECORD
 HIGH             104   05/31/1934
 LOW              -11   03/08/1943
HIGHEST            87   05/15        MM      MM       90
LOWEST             13   03/15        MM      MM       14
AVG. MAXIMUM     63.6              62.2     1.4     64.6
AVG. MINIMUM     44.0              41.4     2.6     44.2
MEAN             53.8              51.8     2.0     54.4
DAYS MAX >= 90      0               0.5    -0.5       MM
DAYS MAX <= 32      2               2.0     0.0       MM
DAYS MIN <= 32     14              21.1    -7.1       MM
DAYS MIN <= 0       0               0.0     0.0       MM

PRECIPITATION (INCHES)
RECORD
 MAXIMUM        20.79   2013
 MINIMUM         3.36   1934
TOTALS          15.83             10.76    5.07     7.73
DAILY AVG.       0.17                               0.08
DAYS >= .01        34              33.6     0.4       MM
DAYS >= .10        25              20.9     4.1       MM
DAYS >= .50        11               6.6     4.4       MM
DAYS >= 1.00        3               2.4     0.6       MM
GREATEST
 24 HR. TOTAL    3.21   MM                          1.10

SNOWFALL (INCHES)
RECORDS
 TOTAL           25.6   1926
 24 HR TOTAL      8.1   03/25/1957 TO 03/25/1957
TOTALS            4.2               3.3     0.9      0.2
SINCE 7/1        13.9              24.6   -10.7     15.3
DAYS >= TRACE       3               2.5     0.5       MM
DAYS >= 1.0         1               1.0     0.0       MM
GREATEST
 SNOW DEPTH         3   03/14                         -1
                        03/13
 24 HR TOTAL      3.9   MM                           0.2

DEGREE_DAYS
HEATING TOTAL    1094              1296    -202     1058
 SINCE 7/1         MM              5813      MM       MM
COOLING TOTAL      81                81       0      106
 SINCE 1/1         81                81       0      106

FREEZE DATES
RECORD
 EARLIEST     09/20/1991
 LATEST       05/25/1925
EARLIEST                        10/14
LATEST                          04/19
..............................................................

WIND (MPH)
AVERAGE WIND SPEED              9.2
HIGHEST WIND SPEED/DIRECTION    41/230    DATE  03/07
HIGHEST GUST SPEED/DIRECTION    50/240    DATE  03/07

SKY COVER
POSSIBLE SUNSHINE (PERCENT)   MM
AVERAGE SKY COVER           0.40
NUMBER OF DAYS FAIR           41
NUMBER OF DAYS PC             29
NUMBER OF DAYS CLOUDY         22

AVERAGE RH (PERCENT)     67

WEATHER CONDITIONS. NUMBER OF DAYS WITH
THUNDERSTORM             18     MIXED PRECIP               0
HEAVY RAIN               14     RAIN                      20
LIGHT RAIN               41     FREEZING RAIN              0
LT FREEZING RAIN          0     HAIL                       1
HEAVY SNOW                0     SNOW                       1
LIGHT SNOW                3     SLEET                      0
FOG                      40     FOG W/VIS <= 1/4 MILE      1
HAZE                      8

-  INDICATES NEGATIVE NUMBERS.
R  INDICATES RECORD WAS SET OR TIED.
MM INDICATES DATA IS MISSING.
T  INDICATES TRACE AMOUNT.

&&

RECORDS ESTABLISHED THIS SPRING:

* 8TH WETTEST SPRING WITH 15.83 INCHES

$$
