000
CXUS53 KILX 030027 CCA
CLSPIA

CLIMATE REPORT...CORRECTED
NATIONAL WEATHER SERVICE LINCOLN IL
725 PM CDT MON JUN 2 2014

ADDED DATES OF MAX 24-HOUR PRECIPITATION AND SNOWFALL
ADDED SEASONAL HEATING DEGREE DAY TOTALS
CORRECTED NUMBER OF THUNDERSTORM DAYS

...................................

...THE PEORIA IL CLIMATE SUMMARY FOR THE SEASON, FROM
3/1/2014 TO 5/31/2014...

CLIMATE NORMAL PERIOD 1981 TO 2010
CLIMATE RECORD PERIOD 1883 TO 2014

WEATHER         OBSERVED          NORMAL  DEPART  LAST YEAR`S
                 VALUE   DATE(S)  VALUE   FROM    VALUE
                                          NORMAL
.............................................................
TEMPERATURE (F)
RECORD
 HIGH             104   05/31/1934
 LOW              -11   03/08/1943
HIGHEST            91   05/12        MM      MM       88
LOWEST             -6   03/03        MM      MM       10
AVG. MAXIMUM     61.7              62.2    -0.5     58.5
AVG. MINIMUM     40.7              41.4    -0.7     40.3
MEAN             51.2              51.8    -0.6     49.4
DAYS MAX >= 90      4               0.5     3.5        0
DAYS MAX <= 32      6               2.0     4.0        4
DAYS MIN <= 32     28              21.1     6.9       31
DAYS MIN <= 0       1               0.0     1.0        0

PRECIPITATION (INCHES)
RECORD
 MAXIMUM        20.79   2013
 MINIMUM         3.36   1934
TOTALS           7.11             10.76   -3.65    20.79
DAILY AVG.       0.08                               0.23
DAYS >= .01        35              33.6     1.4       43
DAYS >= .10        21              20.9     0.1       28
DAYS >= .50         1               6.6    -5.6       13
DAYS >= 1.00        1               2.4    -1.4        9
GREATEST
 24 HR. TOTAL    2.08   04/02 TO 04/03              3.79

SNOWFALL (INCHES)
RECORDS
 TOTAL           25.6   1926
 24 HR TOTAL      8.1   03/25/1957
TOTALS            7.4               3.3     4.1     10.8
SINCE 7/1        57.6              24.6    33.0     22.7
DAYS >= TRACE      10               2.5     7.5       14
DAYS >= 1.0         4               1.0     3.0        2
GREATEST
 SNOW DEPTH         5   03/06                          6
                        03/03
                        03/04
 24 HR TOTAL      2.2   03/02                        7.0

DEGREE_DAYS
HEATING TOTAL    1407              1296     111     1520
 SINCE 7/1       6586              5813     773     5813
COOLING TOTAL     158                81      77      107
 SINCE 1/1        158                81      77      107

FREEZE DATES
RECORD
 EARLIEST     09/20/1991
 LATEST       05/25/1925
EARLIEST                        10/14
LATEST                          04/19
..............................................................

WIND (MPH)
AVERAGE WIND SPEED              9.2
HIGHEST WIND SPEED/DIRECTION    37/230    DATE  04/28
HIGHEST GUST SPEED/DIRECTION    49/190    DATE  04/28

SKY COVER
POSSIBLE SUNSHINE (PERCENT)   MM
AVERAGE SKY COVER           0.40
NUMBER OF DAYS FAIR           58
NUMBER OF DAYS PC             14
NUMBER OF DAYS CLOUDY         20

AVERAGE RH (PERCENT)     61

WEATHER CONDITIONS. NUMBER OF DAYS WITH
THUNDERSTORM             11     MIXED PRECIP               0
HEAVY RAIN                7     RAIN                      13
LIGHT RAIN               40     FREEZING RAIN              0
LT FREEZING RAIN          1     HAIL                       0
HEAVY SNOW                1     SNOW                       4
LIGHT SNOW               10     SLEET                      0
FOG                      33     FOG W/VIS <= 1/4 MILE      1
HAZE                     25

-  INDICATES NEGATIVE NUMBERS.
R  INDICATES RECORD WAS SET OR TIED.
MM INDICATES DATA IS MISSING.
T  INDICATES TRACE AMOUNT.

&&

SEASONAL RECORDS:

* NONE

$$
GEELHART
