000
CXUS51 KPBZ 011429
CLSPIT


CLIMATE REPORT
NATIONAL WEATHER SERVICE PITTSBURGH PA
929 AM EST WED MAR 1 2017

...................................

...THE PITTSBURGH PA CLIMATE SUMMARY FOR THE SEASON, FROM
12/1/2016 TO 2/28/2017...

CLIMATE NORMAL PERIOD 1981 TO 2010
CLIMATE RECORD PERIOD 1871 TO 2017

WEATHER         OBSERVED          NORMAL  DEPART  LAST YEAR`S
                 VALUE   DATE(S)  VALUE   FROM    VALUE  DATE(S)
                                          NORMAL
................................................................
TEMPERATURE (F)
RECORD
 HIGH              77   02/08/1900
 LOW              -22   01/19/1994
HIGHEST            76   02/24        66      10       68  12/12
LOWEST              4   01/09        -3       7       -2  02/14
AVG. MAXIMUM     44.2              38.1     6.1     43.4
AVG. MINIMUM     28.4              23.1     5.3     26.4
MEAN             36.3              30.6     5.7     34.9
DAYS MAX >= 90      0               0.0     0.0        0
DAYS MAX <= 32     20              28.3    -8.3       20
DAYS MIN <= 32     60              71.9   -11.9       61
DAYS MIN <= 0       0               2.3    -2.3        1

PRECIPITATION (INCHES)
RECORD
 MAXIMUM        14.16   1891
 MINIMUM         4.13   1872
TOTALS           8.43              7.94    0.49
DAILY AVG.       0.09              0.09    0.00     0.09
DAYS >= .01        46              44.9     1.1       44
DAYS >= .10        20              19.2     0.8       22
DAYS >= .50         4               4.7    -0.7        4
DAYS >= 1.00        0               0.7    -0.7        1
GREATEST
 24 HR. TOTAL    1.24

SNOWFALL (INCHES)
RECORDS
 TOTAL           76.9   2010
TOTALS           20.2              30.0    -9.8     24.4
SINCE 7/1        22.3              32.8   -10.5     24.4
SNOWDEPTH AVG.      0                                  1
DAYS >= TRACE      43              28.2    14.8       40
DAYS >= 1.0         8               9.4    -1.4        8
GREATEST
 24 HR TOTAL      3.8   MM                           4.7

DEGREE_DAYS
HEATING TOTAL    2579              3094    -515     2712
 SINCE 7/1         MM              4257      MM       MM
COOLING TOTAL       1                 0       1        0
 SINCE 1/1          1                 0       1        0
.................................................................

WIND (MPH)
AVERAGE WIND SPEED              8.8
HIGHEST WIND SPEED/DIRECTION    41/300    DATE  02/12
HIGHEST GUST SPEED/DIRECTION    55/310    DATE  02/12

AVERAGE RH (PERCENT)     74

WEATHER CONDITIONS. NUMBER OF DAYS WITH
THUNDERSTORM              0     MIXED PRECIP               0
HEAVY RAIN                1     RAIN                      15
LIGHT RAIN               43     FREEZING RAIN              0
LT FREEZING RAIN          5     HAIL                       0
HEAVY SNOW                1     SNOW                      16
LIGHT SNOW               35     SLEET                      4
FOG                      52     FOG W/VIS <= 1/4 MILE      6
HAZE                      8

-  INDICATES NEGATIVE NUMBERS.
R  INDICATES RECORD WAS SET OR TIED.
MM INDICATES DATA IS MISSING.
T  INDICATES TRACE AMOUNT.

$$
