000
CXUS51 KALY 011448 RRA
CLSPSF

CLIMATE REPORT
NATIONAL WEATHER SERVICE ALBANY NY
845 AM EST WED MAR 1 2017

...................................

...THE PITTSFIELD MA CLIMATE SUMMARY FOR THE SEASON, FROM
12/1/2016 TO 2/28/2017...

CLIMATE NORMAL PERIOD 1981 TO 2010
CLIMATE RECORD PERIOD 9999 TO 9999

WEATHER         OBSERVED          NORMAL  DEPART  LAST YEAR`S
                 VALUE   DATE(S)  VALUE   FROM    VALUE  DATE(S)
                                          NORMAL
................................................................
TEMPERATURE (F)
HIGHEST            69   02/24                         60  02/25
LOWEST             -4   01/09                        -19  02/14
AVG. MAXIMUM     36.0              31.7     4.3     35.3
AVG. MINIMUM     20.3              15.4     4.9     16.6
MEAN             28.2              23.6     4.6     25.9
DAYS MAX >= 90      0               0.0     0.0        0
DAYS MAX <= 32     32              47.8   -15.8       23
DAYS MIN <= 32     81              85.4    -4.4       55
DAYS MIN <= 0       4               8.7    -4.7        4

PRECIPITATION (INCHES)
TOTALS           8.60              8.60    0.00     9.05
DAILY AVG.       0.10              0.10    0.00     0.09
DAYS >= .01        40                                 15
DAYS >= .10        22                                 11
DAYS >= .50         4                                  5
DAYS >= 1.00        0                                  2
GREATEST
 24 HR. TOTAL    1.24   11/30 TO 12/01

DEGREE_DAYS
HEATING TOTAL    3295              3729    -434
 SINCE 7/1       4702              5380    -678
COOLING TOTAL       0                 0       0
 SINCE 1/1          0                 0       0

FREEZE DATES
EARLIEST                        10/04
LATEST                          05/07
.................................................................

WIND (MPH)
AVERAGE WIND SPEED              8.2
HIGHEST WIND SPEED/DIRECTION    37/290    DATE  02/10
HIGHEST GUST SPEED/DIRECTION    49/280    DATE  02/10


WEATHER CONDITIONS. NUMBER OF DAYS WITH
THUNDERSTORM              3     MIXED PRECIP               0
HEAVY RAIN                2     RAIN                       9
LIGHT RAIN               18     FREEZING RAIN              3
LT FREEZING RAIN          7     HAIL                       0
HEAVY SNOW                5     SNOW                      12
LIGHT SNOW               49     SLEET                      0
FOG                      52     FOG W/VIS <= 1/4 MILE     13
HAZE                     22

-  INDICATES NEGATIVE NUMBERS.
R  INDICATES RECORD WAS SET OR TIED.
MM INDICATES DATA IS MISSING.
T  INDICATES TRACE AMOUNT.

$$
