000
CXUS51 KALY 011457
CLSPSF

CLIMATE REPORT
NATIONAL WEATHER SERVICE ALBANY NY
1057 AM EDT TUE SEP 1 2015

...................................

...THE PITTSFIELD MA CLIMATE SUMMARY FOR THE SEASON, FROM
6/1/2015 TO 8/31/2015...

CLIMATE NORMAL PERIOD 1981 TO 2010
CLIMATE RECORD PERIOD 9999 TO 9999

WEATHER         OBSERVED          NORMAL  DEPART  LAST YEAR`S
                 VALUE   DATE(S)  VALUE   FROM    VALUE  DATE(S)
                                          NORMAL
................................................................
TEMPERATURE (F)
HIGHEST            88   08/18                         88  07/02
LOWEST             37   06/07                         42  06/01
AVG. MAXIMUM     76.6              76.7    -0.1     75.8
AVG. MINIMUM     55.5              55.0     0.5     55.0
MEAN             66.1              65.8     0.3     65.4
DAYS MAX >= 90      0               1.1    -1.1        0
DAYS MAX <= 32      0               0.0     0.0        0
DAYS MIN <= 32      0               0.1    -0.1        0
DAYS MIN <= 0       0               0.0     0.0        0

PRECIPITATION (INCHES)
TOTALS          16.10             12.74    3.36    16.92
DAILY AVG.       0.18              0.14    0.04     0.19
DAYS >= .01        35                                 35
DAYS >= .10        27                                 19
DAYS >= .50        11                                 11
DAYS >= 1.00        6                                  5
GREATEST
 24 HR. TOTAL    2.03   07/01 TO 07/01

DEGREE_DAYS
HEATING TOTAL     139               179     -40
 SINCE 7/1         28                78     -50
COOLING TOTAL     264               258       6
 SINCE 1/1        308               270      38

FREEZE DATES
EARLIEST                        10/04
LATEST                          05/07
.................................................................

WIND (MPH)
AVERAGE WIND SPEED              5.0
HIGHEST WIND SPEED/DIRECTION    26/300    DATE  07/01
HIGHEST GUST SPEED/DIRECTION    36/290    DATE  06/12


WEATHER CONDITIONS. NUMBER OF DAYS WITH
THUNDERSTORM             16     MIXED PRECIP               0
HEAVY RAIN               19     RAIN                      18
LIGHT RAIN               41     FREEZING RAIN              0
LT FREEZING RAIN          0     HAIL                       0
HEAVY SNOW                0     SNOW                       0
LIGHT SNOW                0     SLEET                      0
FOG                      64     FOG W/VIS <= 1/4 MILE     28
HAZE                      9

-  INDICATES NEGATIVE NUMBERS.
R  INDICATES RECORD WAS SET OR TIED.
MM INDICATES DATA IS MISSING.
T  INDICATES TRACE AMOUNT.

$$
