799
CXUS51 KALY 010652 RRA
CLSPSF

CLIMATE REPORT - SEASONAL
NATIONAL WEATHER SERVICE ALBANY NY
245 AM EDT FRI SEP 1 2017

...................................

...THE PITTSFIELD MA CLIMATE SUMMARY FOR THE SEASON, FROM
6/1/2017 TO 8/31/2017...

CLIMATE NORMAL PERIOD 1981 TO 2010
CLIMATE RECORD PERIOD 9999 TO 9999

WEATHER         OBSERVED          NORMAL  DEPART  LAST YEAR`S
                 VALUE   DATE(S)  VALUE   FROM    VALUE  DATE(S)
                                          NORMAL
................................................................
TEMPERATURE (F)
HIGHEST            89   06/12                         90  08/13
                                                          07/22
LOWEST             40   06/02                         42  06/11
AVG. MAXIMUM     75.9              76.7    -0.8     78.9
AVG. MINIMUM     55.0              55.0     0.0     55.8
MEAN             65.4              65.8    -0.4     67.3
DAYS MAX >= 90      0               1.1    -1.1        2
DAYS MAX <= 32      0               0.0     0.0        0
DAYS MIN <= 32      0               0.1    -0.1        0
DAYS MIN <= 0       0               0.0     0.0        0

PRECIPITATION (INCHES)
TOTALS          12.01             12.74   -0.73     9.27
DAILY AVG.       0.13              0.14   -0.01     0.10
DAYS >= .01        37                                 33
DAYS >= .10        26                                 20
DAYS >= .50         7                                  4
DAYS >= 1.00        3                                  2
GREATEST
 24 HR. TOTAL    1.73   08/22 TO 08/22

DEGREE_DAYS
HEATING TOTAL     192               179      13
 SINCE 7/1         86                78       8
COOLING TOTAL     256               258      -2
 SINCE 1/1        270               270       0

FREEZE DATES
EARLIEST                        10/04
LATEST                          05/07
.................................................................

WIND (MPH)
AVERAGE WIND SPEED              5.2
HIGHEST WIND SPEED/DIRECTION    30/180    DATE  06/19
HIGHEST GUST SPEED/DIRECTION    44/310    DATE  08/12


WEATHER CONDITIONS. NUMBER OF DAYS WITH
THUNDERSTORM             14     MIXED PRECIP               0
HEAVY RAIN               12     RAIN                      20
LIGHT RAIN               41     FREEZING RAIN              0
LT FREEZING RAIN          0     HAIL                       0
HEAVY SNOW                0     SNOW                       0
LIGHT SNOW                0     SLEET                      0
FOG                      69     FOG W/VIS <= 1/4 MILE     24
HAZE                      2

-  INDICATES NEGATIVE NUMBERS.
R  INDICATES RECORD WAS SET OR TIED.
MM INDICATES DATA IS MISSING.
T  INDICATES TRACE AMOUNT.

$$
