000
CXUS55 KPUB 041603 CCA
CLSPUB

CLIMATE REPORT
NATIONAL WEATHER SERVICE PUEBLO
1036 AM MDT WED SEP 3 2014

...................................

...THE PUEBLO  CLIMATE SUMMARY FOR THE SEASON, FROM
6/1/2014 TO 8/31/2014...

CLIMATE NORMAL PERIOD 1981 TO 2010
CLIMATE RECORD PERIOD 1888 TO 2014

WEATHER         OBSERVED          NORMAL  DEPART  LAST YEAR`S
                 VALUE   DATE(S)  VALUE   FROM    VALUE  DATE(S)
                                          NORMAL
................................................................
TEMPERATURE (F)
RECORD
 HIGH             109   07/13/2003
 LOW               32   06/02/1919
HIGHEST           103   06/30                        104  06/27
                                                          06/11
LOWEST             41   06/10                         40  06/01
AVG. MAXIMUM     89.4              89.8    -0.4     91.1
AVG. MINIMUM     57.9              56.4     1.5     59.4
MEAN             73.7              73.1     0.6     75.2
DAYS MAX >= 90     52
DAYS MAX <= 32      0
DAYS MIN <= 32      0
DAYS MIN <= 0       0

PRECIPITATION (INCHES)
RECORD
 MAXIMUM        14.64   1921
 MINIMUM         0.86   1939
TOTALS           5.40              5.74   -0.34     5.87
DAILY AVG.       0.06              0.06    0.00
DAYS >= .01        29
DAYS >= .10        16
DAYS >= .50         2
DAYS >= 1.00        0
GREATEST
 24 HR. TOTAL    0.63   07/13 TO 07/14

SNOWFALL (INCHES)
RECORDS
 TOTAL            1.0   1950
 24 HR TOTAL      1.0   07/25/1950 TO 07/25/1950
TOTALS              T               0.0     0.0        T
SINCE 7/1           T               0.0     0.0
SNOWDEPTH AVG.      0
DAYS >= TRACE       3               0.0     3.0
DAYS >= 1.0         0               0.0     0.0
GREATEST
 SNOW DEPTH         0   MM                             0
 24 HR TOTAL        T   08/08 TO 08/08
                        06/22 TO 06/22
                        06/08 TO 06/08

DEGREE_DAYS
HEATING TOTAL       4                31     -27       17
 SINCE 7/1          1                 5      -4        0
COOLING TOTAL     823               777      46      987
 SINCE 1/1        875               811      64     1060
........................................................

WIND (MPH)
AVERAGE WIND SPEED              8.3
HIGHEST WIND SPEED/DIRECTION    52/290    DATE  06/08
HIGHEST GUST SPEED/DIRECTION    61/340    DATE  07/19

SKY COVER
POSSIBLE SUNSHINE (PERCENT)   MM
AVERAGE SKY COVER           0.20
NUMBER OF DAYS FAIR           74
NUMBER OF DAYS PC             16
NUMBER OF DAYS CLOUDY          2

AVERAGE RH (PERCENT)     51

WEATHER CONDITIONS. NUMBER OF DAYS WITH
THUNDERSTORM             35     MIXED PRECIP               0
HEAVY RAIN               13     RAIN                      16
LIGHT RAIN               46     FREEZING RAIN              0
LT FREEZING RAIN          0     HAIL                       3
HEAVY SNOW                0     SNOW                       0
LIGHT SNOW                0     SLEET                      0
FOG                      12     FOG W/VIS <= 1/4 MILE      0
HAZE                      8

-  INDICATES NEGATIVE NUMBERS.
R  INDICATES RECORD WAS SET OR TIED.
MM INDICATES DATA IS MISSING.
T  INDICATES TRACE AMOUNT.

$$
