000
CXUS55 KPUB 011912
CLSPUB

CLIMATE REPORT
NATIONAL WEATHER SERVICE PUEBLO
1155 AM MST FRI DEC 1 2017

...................................

...THE PUEBLO CO CLIMATE SUMMARY FOR THE SEASON, FROM
9/1/2017 TO 11/30/2017...

CLIMATE NORMAL PERIOD 1981 TO 2010
CLIMATE RECORD PERIOD 1888 TO 2017

WEATHER         OBSERVED          NORMAL  DEPART  LAST YEAR`S
                 VALUE   DATE(S)  VALUE   FROM    VALUE  DATE(S)
                                          NORMAL
................................................................
TEMPERATURE (F)
RECORD
 HIGH             101   09/05/1995
 LOW              -17   11/29/1896
HIGHEST            98   09/03                         98  09/05
LOWEST             17   11/19                         14  11/19
                                                          11/30
AVG. MAXIMUM     71.3              69.0     2.3     76.6
AVG. MINIMUM     38.9              34.8     4.1     39.9
MEAN             55.1              51.9     3.2     58.3
DAYS MAX >= 90     12
DAYS MAX <= 32      0
DAYS MIN <= 32     33
DAYS MIN <= 0       0

PRECIPITATION (INCHES)
RECORD
 MAXIMUM         7.74   1957
 MINIMUM         0.19   1948
TOTALS           1.72              1.96   -0.24     0.83
DAILY AVG.       0.02              0.02    0.00
DAYS >= .01        11
DAYS >= .10         5
DAYS >= .50         0
DAYS >= 1.00        0
GREATEST
 24 HR. TOTAL    0.82   09/27 TO 09/28

SNOWFALL (INCHES)
RECORDS
 TOTAL           41.9   1991
 24 HR TOTAL     16.0   11/14/1985 TO 11/14/1985
TOTALS            1.4               6.0    -4.6        T
SINCE 7/1         1.4               6.0    -4.6
SNOWDEPTH AVG.      0
DAYS >= TRACE       3               3.5    -0.5
DAYS >= 1.0         1               1.6    -0.6
GREATEST
 SNOW DEPTH         1   11/08                          0
 24 HR TOTAL      1.4   11/07 TO 11/08           11/17 TO 11/17

DEGREE_DAYS
HEATING TOTAL    1021              1276    -255      782
 SINCE 7/1       1021              1281    -260      782
COOLING TOTAL     146                85      61      193
 SINCE 1/1       1027               897     130     1358
........................................................

WIND (MPH)
AVERAGE WIND SPEED              6.9
HIGHEST WIND SPEED/DIRECTION    45/290    DATE  10/21
HIGHEST GUST SPEED/DIRECTION    59/290    DATE  10/21

SKY COVER
POSSIBLE SUNSHINE (PERCENT)   MM
AVERAGE SKY COVER           0.20
NUMBER OF DAYS FAIR           65
NUMBER OF DAYS PC             14
NUMBER OF DAYS CLOUDY         12

AVERAGE RH (PERCENT)     53

WEATHER CONDITIONS. NUMBER OF DAYS WITH
THUNDERSTORM              5     MIXED PRECIP               0
HEAVY RAIN                0     RAIN                       4
LIGHT RAIN               19     FREEZING RAIN              0
LT FREEZING RAIN          0     HAIL                       0
HEAVY SNOW                0     SNOW                       0
LIGHT SNOW                4     SLEET                      0
FOG                      22     FOG W/VIS <= 1/4 MILE      5
HAZE                      9

-  INDICATES NEGATIVE NUMBERS.
R  INDICATES RECORD WAS SET OR TIED.
MM INDICATES DATA IS MISSING.
T  INDICATES TRACE AMOUNT.

$$
