000
CXUS55 KPUB 020010
CLSPUB

CLIMATE REPORT
NATIONAL WEATHER SERVICE PUEBLO
510 PM MST WED MAR 1 2017

...................................

...THE PUEBLO CO CLIMATE SUMMARY FOR THE SEASON, FROM
12/1/2016 TO 2/28/2017...

CLIMATE NORMAL PERIOD 1981 TO 2010
CLIMATE RECORD PERIOD 1888 TO 2017

WEATHER         OBSERVED          NORMAL  DEPART  LAST YEAR`S
                 VALUE   DATE(S)  VALUE   FROM    VALUE  DATE(S)
                                          NORMAL
................................................................
TEMPERATURE (F)
RECORD
 HIGH              82   12/17/1980
 LOW              -31   02/01/1951

HIGHEST            82R  02/10                         81  02/18
LOWEST            -19   12/17                          0  02/04
                        12/18
AVG. MAXIMUM     50.6              47.8     2.8     52.0
AVG. MINIMUM     19.0              15.2     3.8     19.8
MEAN             34.7              31.5     3.2     35.9
DAYS MAX >= 90      0
DAYS MAX <= 32     16
DAYS MIN <= 32     83
DAYS MIN <= 0       6

PRECIPITATION (INCHES)
RECORD
 MAXIMUM         3.09   1939
 MINIMUM         0.18   1950

TOTALS           1.68              0.99    0.69     1.26
DAILY AVG.       0.02              0.01    0.01
DAYS >= .01         9
DAYS >= .10         5
DAYS >= .50         0
DAYS >= 1.00        0

GREATEST
 24 HR. TOTAL    0.45   12/25 TO 12/25

SNOWFALL (INCHES)
RECORDS
  MAXIMUM        38.6   1988
  MINIMUM         2.7   1921

24 HR TOTAL      12.5   12/04/1913 TO 12/04/1913
TOTALS           14.2              15.8    -1.6     17.8
SINCE 7/1        14.2              21.8    -7.6
SNOWDEPTH AVG.      0
DAYS >= TRACE      13              12.0     1.0
DAYS >= 1.0         4               5.2    -1.2

GREATEST
 SNOW DEPTH         6   01/06                         5
 24 HR TOTAL      6.5   01/05 TO 01/06          02/01 TO 02/01


DEGREE_DAYS
HEATING TOTAL    2718              3022    -304     2635
 SINCE 7/1       3500              4303    -803     3493
COOLING TOTAL       0                 0       0        0
 SINCE 1/1          0                 0       0        0
..................................................

WIND (MPH)
AVERAGE WIND SPEED              8.3
HIGHEST WIND SPEED/DIRECTION    51/290    DATE  12/25
HIGHEST GUST SPEED/DIRECTION    63/280    DATE  12/25

SKY COVER
POSSIBLE SUNSHINE (PERCENT)   MM
AVERAGE SKY COVER           0.20
NUMBER OF DAYS FAIR           70
NUMBER OF DAYS PC             10
NUMBER OF DAYS CLOUDY         10

AVERAGE RH (PERCENT)     54

WEATHER CONDITIONS. NUMBER OF DAYS WITH
THUNDERSTORM              1     MIXED PRECIP               0
HEAVY RAIN                1     RAIN                       1
LIGHT RAIN                9     FREEZING RAIN              0
LT FREEZING RAIN          0     HAIL                       1
HEAVY SNOW                2     SNOW                       4
LIGHT SNOW               12     SLEET                      0
FOG                      21     FOG W/VIS <= 1/4 MILE      6
HAZE                     12

-  INDICATES NEGATIVE NUMBERS.
R  INDICATES RECORD WAS SET OR TIED.
MM INDICATES DATA IS MISSING.
T  INDICATES TRACE AMOUNT.

$$
!--NOT SENT--!
