000
CXUS55 KPUB 012235
CLSPUB

CLIMATE REPORT
NATIONAL WEATHER SERVICE PUEBLO
430 PM MDT FRI SEP 1 2017

...................................

...THE PUEBLO CO CLIMATE SUMMARY FOR THE SEASON, FROM
6/1/2017 TO 8/31/2017...

CLIMATE NORMAL PERIOD 1981 TO 2010
CLIMATE RECORD PERIOD 1888 TO 2017

WEATHER         OBSERVED          NORMAL  DEPART  LAST YEAR`S
                 VALUE   DATE(S)  VALUE   FROM    VALUE  DATE(S)
                                          NORMAL
................................................................
TEMPERATURE (F)
RECORD
 HIGH             109   07/13/2003
 LOW               32   06/02/1919

HIGHEST           103   07/19                        105  06/21
                                                          07/10
LOWEST             44   06/14                         49  06/16

AVG. MAXIMUM     90.4              89.8     0.6     93.7
AVG. MINIMUM     57.9              56.4     1.5     60.4
MEAN             74.2              73.1     1.1     77.1

DAYS MAX >= 90     53
DAYS MAX <= 32      0
DAYS MIN <= 32      0
DAYS MIN <= 0       0

PRECIPITATION (INCHES)
RECORD
 MAXIMUM        14.64   1921
 MINIMUM         0.86   1939

TOTALS           5.20              5.74   -0.54     3.15
DAILY AVG.       0.06              0.06    0.00

DAYS >= .01        25
DAYS >= .10        12
DAYS >= .50         3
DAYS >= 1.00        0

GREATEST
 24 HR. TOTAL    0.95   07/31 TO 07/31

SNOWFALL (INCHES)
RECORDS
 TOTAL            1.0   1950
 24 HR TOTAL      1.0   07/25/1950 TO 07/25/1950

TOTALS            0.0               0.0     0.0        T
SINCE 7/1         0.0               0.0     0.0
SNOWDEPTH AVG.      0
DAYS >= TRACE       0               0.0     0.0
DAYS >= 1.0         0               0.0     0.0

GREATEST
 SNOW DEPTH         0                                   0
 24 HR TOTAL      0.0

DEGREE_DAYS
HEATING TOTAL       5                31     -26        1
 SINCE 7/1          0                 5      -5        0
COOLING TOTAL     871               777      94     1135
 SINCE 1/1        881               811      70     1165
..................................................

WIND (MPH)
AVERAGE WIND SPEED              7.5
HIGHEST WIND SPEED/DIRECTION    41/300    DATE  08/31
HIGHEST GUST SPEED/DIRECTION    50/300    DATE  08/31
                                50/320          07/03
SKY COVER
POSSIBLE SUNSHINE (PERCENT)   MM
AVERAGE SKY COVER           0.20
NUMBER OF DAYS FAIR           75
NUMBER OF DAYS PC             15
NUMBER OF DAYS CLOUDY          2

AVERAGE RH (PERCENT)     51

WEATHER CONDITIONS. NUMBER OF DAYS WITH
THUNDERSTORM             40     MIXED PRECIP               0
HEAVY RAIN                8     RAIN                      15
LIGHT RAIN               42     FREEZING RAIN              0
LT FREEZING RAIN          0     HAIL                       0
HEAVY SNOW                0     SNOW                       0
LIGHT SNOW                0     SLEET                      0
FOG                      15     FOG W/VIS <= 1/4 MILE      0
HAZE                      5

-  INDICATES NEGATIVE NUMBERS.
R  INDICATES RECORD WAS SET OR TIED.
MM INDICATES DATA IS MISSING.
T  INDICATES TRACE AMOUNT.

$$
