912
CXUS55 KPUB 020123
CLSPUB

CLIMATE REPORT
NATIONAL WEATHER SERVICE PUEBLO
623 PM MST TUE DEC 1 2015

...................................

...THE PUEBLO  CLIMATE SUMMARY FOR THE SEASON, FROM
9/1/2015 TO 11/30/2015...

CLIMATE NORMAL PERIOD 1981 TO 2010
CLIMATE RECORD PERIOD 1888 TO 2015

WEATHER         OBSERVED          NORMAL  DEPART  LAST YEAR`S
                 VALUE   DATE(S)  VALUE   FROM    VALUE  DATE(S)
                                          NORMAL
................................................................
TEMPERATURE (F)
RECORD
 HIGH             101   09/05/1995
 LOW              -17   11/03/1991
                        11/29/1896
HIGHEST            98   09/13                        100  09/03
LOWEST              6   11/27                         -9  11/13
AVG. MAXIMUM     74.6              69.0     5.6     69.7
AVG. MINIMUM     40.6              34.8     5.8     36.9
MEAN             57.6              51.9     5.7     53.3
DAYS MAX >= 90     19
DAYS MAX <= 32      3
DAYS MIN <= 32     28
DAYS MIN <= 0       0

PRECIPITATION (INCHES)
RECORD
 MAXIMUM         7.74   1957
 MINIMUM         0.19   1948
TOTALS           1.24              1.96   -0.72     1.99
DAILY AVG.       0.01              0.02   -0.01
DAYS >= .01        16
DAYS >= .10         3
DAYS >= .50         0
DAYS >= 1.00        0
GREATEST
 24 HR. TOTAL    0.54   10/21 TO 10/22

SNOWFALL (INCHES)
RECORDS
 TOTAL           41.9   1991
 24 HR TOTAL     16.0   11/14/1985 TO 11/14/1985
TOTALS            6.4               6.0     0.4      9.9
SINCE 7/1         6.4               6.0     0.4
SNOWDEPTH AVG.      0
DAYS >= TRACE       7               3.5     3.5
DAYS >= 1.0         2               1.6     0.4
GREATEST
 SNOW DEPTH         5   11/27                          5
 24 HR TOTAL      5.0   11/26 TO 11/27                    11/30 TO 11/30
                                                          11/30 TO 11/30
                                                          11/30 TO 11/30

DEGREE_DAYS
HEATING TOTAL     874              1276    -402     1161
 SINCE 7/1        874              1281    -407     1162
COOLING TOTAL     227                85     142      127
 SINCE 1/1       1273               897     376     1002
.................................................

WIND (MPH)
AVERAGE WIND SPEED              7.4
HIGHEST WIND SPEED/DIRECTION    52/360    DATE  11/17
HIGHEST GUST SPEED/DIRECTION    65/350    DATE  11/17

SKY COVER
POSSIBLE SUNSHINE (PERCENT)   MM
AVERAGE SKY COVER           0.20
NUMBER OF DAYS FAIR           75
NUMBER OF DAYS PC             10
NUMBER OF DAYS CLOUDY          6

AVERAGE RH (PERCENT)     47

WEATHER CONDITIONS. NUMBER OF DAYS WITH
THUNDERSTORM              9     MIXED PRECIP               0
HEAVY RAIN                0     RAIN                       2
LIGHT RAIN               24     FREEZING RAIN              0
LT FREEZING RAIN          1     HAIL                       0
HEAVY SNOW                1     SNOW                       1
LIGHT SNOW                7     SLEET                      0
FOG                      13     FOG W/VIS <= 1/4 MILE      4
HAZE                     13

-  INDICATES NEGATIVE NUMBERS.
R  INDICATES RECORD WAS SET OR TIED.
MM INDICATES DATA IS MISSING.
T  INDICATES TRACE AMOUNT.

$$
