000
CXUS55 KPUB 020553
CLSPUB

CLIMATE REPORT
NATIONAL WEATHER SERVICE PUEBLO
1053 PM MST TUE MAR 1 2016

...................................

...THE PUEBLO CO CLIMATE SUMMARY FOR THE SEASON, FROM
12/1/2015 TO 2/29/2016...

CLIMATE NORMAL PERIOD 1981 TO 2010
CLIMATE RECORD PERIOD 1888 TO 2016

WEATHER         OBSERVED          NORMAL  DEPART  LAST YEAR`S
                 VALUE   DATE(S)  VALUE   FROM    VALUE  DATE(S)
                                          NORMAL
................................................................
TEMPERATURE (F)
RECORD
 HIGH              82   12/17/1980
 LOW              -31   02/01/1951
HIGHEST            81   02/18                         78  02/07
                                                          02/06
LOWEST              0   02/04                        -17  12/31
AVG. MAXIMUM     52.0              47.8     4.2     48.6
AVG. MINIMUM     19.8              15.2     4.6     17.5
MEAN             35.9              31.5     4.4     33.1
DAYS MAX >= 90      0
DAYS MAX <= 32      8
DAYS MIN <= 32     87
DAYS MIN <= 0       1

PRECIPITATION (INCHES)
RECORD
 MAXIMUM         3.09   1939
 MINIMUM         0.18   1950

TOTALS           1.26              0.99    0.27     1.62
DAILY AVG.       0.01              0.01    0.00
DAYS >= .01         9
DAYS >= .10         6
DAYS >= .50         0
DAYS >= 1.00        0
GREATEST
 24 HR. TOTAL    0.36   01/07 TO 01/08

SNOWFALL (INCHES)
RECORDS
 MAXIMUM         38.6   1988
 MINIMUM          2.7   1921

TOTALS           17.8              15.8     2.0     31.2
SINCE 7/1        24.2              21.8     2.4
SNOWDEPTH AVG.      0
DAYS >= TRACE      13              12.0     1.0
DAYS >= 1.0         5               5.2    -0.2
GREATEST
 SNOW DEPTH         5   01/08                         10
                        01/09
                        02/02
 24 HR TOTAL      5.1   02/01 TO 02/01           02/27 TO 02/27

DEGREE_DAYS
HEATING TOTAL    2635              3022    -387     2860
 SINCE 7/1       3509              4330    -821     4022
COOLING TOTAL       0                 0       0        0
 SINCE 1/1          0                 0       0        0
........................................................

WIND (MPH)
AVERAGE WIND SPEED              7.4
HIGHEST WIND SPEED/DIRECTION    46/260    DATE  02/18
HIGHEST GUST SPEED/DIRECTION    59/250    DATE  02/18

SKY COVER
POSSIBLE SUNSHINE (PERCENT)   MM
AVERAGE SKY COVER           0.20
NUMBER OF DAYS FAIR           74
NUMBER OF DAYS PC             11
NUMBER OF DAYS CLOUDY          6

AVERAGE RH (PERCENT)     52

WEATHER CONDITIONS. NUMBER OF DAYS WITH
THUNDERSTORM              0     MIXED PRECIP               1
HEAVY RAIN                0     RAIN                       0
LIGHT RAIN                4     FREEZING RAIN              0
LT FREEZING RAIN          0     HAIL                       0
HEAVY SNOW                2     SNOW                       5
LIGHT SNOW               13     SLEET                      0
FOG                      14     FOG W/VIS <= 1/4 MILE      5
HAZE                      7

-  INDICATES NEGATIVE NUMBERS.
R  INDICATES RECORD WAS SET OR TIED.
MM INDICATES DATA IS MISSING.
T  INDICATES TRACE AMOUNT.

$$
