000
CXUS52 KRAH 012356 RRA
CLSRDU

CLIMATE REPORT
NATIONAL WEATHER SERVICE RALEIGH NC
638 PM EST SAT MAR 1 2014

...................................

...THE RALEIGH-DURHAM INTL AIRPORT CLIMATE SUMMARY FOR THE SEASON, FROM
12/1/2013 TO 2/28/2014...

CLIMATE NORMAL PERIOD 1981 TO 2010
CLIMATE RECORD PERIOD 1887 TO 2014

WEATHER         OBSERVED          NORMAL  DEPART
                 VALUE   DATE(S)  VALUE   FROM
                                          NORMAL
................................................
TEMPERATURE (F)
RECORD
 HIGH              84   02/26/1977
 LOW               -9   01/21/1985
HIGHEST            79   12/06
LOWEST              7   01/30
AVG. MAXIMUM     52.9              53.2    -0.3
AVG. MINIMUM     31.5              32.7    -1.2
MEAN             42.2              42.9    -0.7
DAYS MAX >= 90      0               0.0     0.0
DAYS MAX <= 32      5               1.9     3.1
DAYS MIN <= 32     50              46.0     4.0
DAYS MIN <= 0       0               0.0     0.0

PRECIPITATION (INCHES)
RECORD
 MAXIMUM        17.23   1984
 MINIMUM         4.23   1890
TOTALS          10.87              9.80    1.07
DAYS >= .01        28              28.6    -0.6
DAYS >= 1.00        2               2.4    -0.4
GREATEST
 24 HR. TOTAL    2.21   12/22 TO 12/23

SNOWFALL (INCHES)
RECORDS
 TOTAL           29.5   1893
TOTALS            5.6               5.4     0.2
DAYS >= TRACE       9               2.9     6.1
DAYS >= 1.0         2               1.5     0.5


DEGREE_DAYS
HEATING TOTAL    2049              1991      58
 SINCE 7/1       2701              2572     129
.................................................

WIND (MPH)
AVERAGE WIND SPEED              5.7
HIGHEST WIND SPEED/DIRECTION    60/230    DATE  01/11
HIGHEST GUST SPEED/DIRECTION    86/220    DATE  01/11

SKY COVER
POSSIBLE SUNSHINE (PERCENT)   MM
AVERAGE SKY COVER           0.60
NUMBER OF DAYS FAIR           17
NUMBER OF DAYS PC             42
NUMBER OF DAYS CLOUDY         31

AVERAGE RH (PERCENT)     62

WEATHER CONDITIONS. NUMBER OF DAYS WITH
THUNDERSTORM              2     MIXED PRECIP               1
HEAVY RAIN                3     RAIN                      10
LIGHT RAIN               33     FREEZING RAIN              1
LT FREEZING RAIN          3     HAIL                       0
HEAVY SNOW                1     SNOW                       4
LIGHT SNOW                9     SLEET                      4
FOG                      42     FOG W/VIS <= 1/4 MILE     11
HAZE                      4

-  INDICATES NEGATIVE NUMBERS.
R  INDICATES RECORD WAS SET OR TIED.
MM INDICATES DATA IS MISSING.
T  INDICATES TRACE AMOUNT.

$$
