000
CXUS52 KRAH 021022 RRA
CLSRDU

CLIMATE REPORT
NATIONAL WEATHER SERVICE RALEIGH NC
509 AM EST WED DEC 2 2015

...................................

...THE RALEIGH-DURHAM INTL AIRPORT CLIMATE SUMMARY FOR THE SEASON, FROM
9/1/2015 TO 11/30/2015...

CLIMATE NORMAL PERIOD 1981 TO 2010
CLIMATE RECORD PERIOD 1887 TO 2015

WEATHER         OBSERVED          NORMAL  DEPART
                 VALUE   DATE(S)  VALUE   FROM
                                          NORMAL
................................................
TEMPERATURE (F)
RECORD
 HIGH             104   09/06/1954
 LOW               11   11/25/1970
HIGHEST            94   09/02        MM      MM
LOWEST             27   11/24        MM      MM
AVG. MAXIMUM     73.1              72.8     0.3
AVG. MINIMUM     53.2              50.7     2.5
MEAN             63.1              61.8     1.3
DAYS MAX >= 90      5               4.0     1.0
DAYS MAX <= 32      0               0.0     0.0
DAYS MIN <= 32      6               6.6    -0.6
DAYS MIN <= 0       0               0.0     0.0

PRECIPITATION (INCHES)
RECORD
 MAXIMUM        25.44   1999
 MINIMUM         2.34   1973
TOTALS          17.01             10.73    6.28
DAYS >= .01        31              23.5     7.5
DAYS >= 1.00        7               3.1     3.9
GREATEST
 24 HR. TOTAL    2.07   10/02 TO 10/02

SNOWFALL (INCHES)
RECORDS
 TOTAL            3.6   1914
TOTALS            0.0               0.1    -0.1
DAYS >= TRACE       0               0.1    -0.1
DAYS >= 1.0         0               0.0     0.0
DEGREE_DAYS
HEATING TOTAL     451               580    -129
 SINCE 7/1        451               581    -130
.................................................

WIND (MPH)
AVERAGE WIND SPEED              5.0
HIGHEST WIND SPEED/DIRECTION    26/050    DATE  10/04
HIGHEST GUST SPEED/DIRECTION    37/050    DATE  10/04

SKY COVER
POSSIBLE SUNSHINE (PERCENT)    0
AVERAGE SKY COVER           0.60
NUMBER OF DAYS FAIR           22
NUMBER OF DAYS PC             31
NUMBER OF DAYS CLOUDY         38

AVERAGE RH (PERCENT)     73

WEATHER CONDITIONS. NUMBER OF DAYS WITH
THUNDERSTORM              5     MIXED PRECIP               0
HEAVY RAIN                8     RAIN                      15
LIGHT RAIN               37     FREEZING RAIN              0
LT FREEZING RAIN          0     HAIL                       0
HEAVY SNOW                0     SNOW                       0
LIGHT SNOW                0     SLEET                      0
FOG                      47     FOG W/VIS <= 1/4 MILE      7
HAZE                      6

-  INDICATES NEGATIVE NUMBERS.
R  INDICATES RECORD WAS SET OR TIED.
MM INDICATES DATA IS MISSING.
T  INDICATES TRACE AMOUNT.

&&

THE 17.01 INCHES OF PRECIPIATION AT RALEIGH-DURHAM INTL AIRPORT MAKES
SEPTEMBER-OCTOBER-NOVEMBER 2015 THE 7TH WETTEST OF ALL TIME.

$$
