000
CXUS53 KGRB 011440
CLSRHI

CLIMATE REPORT
NATIONAL WEATHER SERVICE GREEN BAY
840 AM CST WED MAR 1 2017

...8TH WARMEST WINTER ON RECORD...
...6TH LEAST HEATING DEGREE DAYS ON RECORD...
...8TH WETTEST WINTER ON RECORD...
...21ST SNOWIEST WINTER ON RECORD...

...THE RHINELANDER WI WINTER CLIMATE SUMMARY FROM 12/1/2016 TO
2/28/2017...

CLIMATE NORMAL PERIOD 1981 TO 2010
CLIMATE RECORD PERIOD 1908 TO 2017

WEATHER         OBSERVED          NORMAL  DEPART  LAST YEAR`S
                 VALUE   DATE(S)  VALUE   FROM    VALUE  DATE(S)
                                          NORMAL
................................................................
TEMPERATURE (F)
RECORD
 HIGH              62   12/02/1998
 LOW              -42   02/03/1996
HIGHEST            58   02/19        48      10       52  02/27
LOWEST            -20   01/13       -27       7      -20  02/14
                        01/06                             01/11
AVG. MAXIMUM     28.1              24.2     3.9     28.1
AVG. MINIMUM     12.4               6.0     6.4     14.2
MEAN             20.3              15.1     5.2     21.2
DAYS MAX >= 90      0               0.0     0.0        0
DAYS MAX <= 32     56              70.1   -14.1       59
DAYS MIN <= 32     83              88.6    -5.6       85
DAYS MIN <= 0      23              30.5    -7.5       18

PRECIPITATION (INCHES)
RECORD
 MAXIMUM         7.94   2005
 MINIMUM         0.93   1958
TOTALS           5.44              3.48    1.96     5.69
DAILY AVG.       0.06              0.04    0.02     0.06
DAYS >= .01        42                MM      MM       44
DAYS >= .10        18                MM      MM       15
DAYS >= .50         2                MM      MM        2
DAYS >= 1.00        0                MM      MM        2

SNOWFALL (INCHES)
RECORDS
 TOTAL           79.0   1969
 24 HR TOTAL       MM
TOTALS           44.9                MM      MM     30.6
SINCE 7/1        51.5                MM      MM     34.7
DAYS >= TRACE      50                MM      MM       62
DAYS >= 1.0        15                MM      MM       10
GREATEST
 SNOW DEPTH        20   01/11                         14  02/17
                                                          02/16
 24 HR TOTAL      7.0   MM

DEGREE_DAYS
HEATING TOTAL    3985              4488    -503     3966
 SINCE 7/1       5511              6622   -1111     5637
COOLING TOTAL       0                 0       0        0
 SINCE 1/1          0                 0       0        0

FREEZE DATES
RECORD
 EARLIEST     08/27/1915
 LATEST       07/30/1928
EARLIEST                        09/23
LATEST                          05/20
.................................................................

WIND (MPH)
AVERAGE WIND SPEED              8.6
RESULTANT WIND SPEED/DIRECTION   5/258
HIGHEST WIND SPEED/DIRECTION    33/280    DATE  01/10
HIGHEST GUST SPEED/DIRECTION    46/240    DATE  12/26

SKY COVER
POSSIBLE SUNSHINE (PERCENT)   MM
AVERAGE SKY COVER           0.60
NUMBER OF DAYS FAIR           21
NUMBER OF DAYS PC             24
NUMBER OF DAYS CLOUDY         45

AVERAGE RH (PERCENT)     76

WEATHER CONDITIONS. NUMBER OF DAYS WITH
THUNDERSTORM              0     MIXED PRECIP               0
HEAVY RAIN                0     RAIN                       1
LIGHT RAIN                8     FREEZING RAIN              2
LT FREEZING RAIN          6     HAIL                       0
HEAVY SNOW                2     SNOW                       9
LIGHT SNOW               52     SLEET                      0
FOG                      66     FOG W/VIS <= 1/4 MILE     12
HAZE                     40

-  INDICATES NEGATIVE NUMBERS.
R  INDICATES RECORD WAS SET OR TIED.
MM INDICATES DATA IS MISSING.
T  INDICATES TRACE AMOUNT.

$$
ECKBERG
