000
CXUS53 KGRB 011330
CLSRHI

SEASONAL CLIMATE SUMMARY
NATIONAL WEATHER SERVICE GREEN BAY WI
832 AM CDT MON JUN 1 2015

...THE RHINELANDER WI SPRING CLIMATE SUMMARY FROM 3/1/2015 TO
5/31/2015...

CLIMATE NORMAL PERIOD 1981 TO 2010
CLIMATE RECORD PERIOD 1908 TO 2015

WEATHER         OBSERVED          NORMAL  DEPART  LAST YEAR`S
                 VALUE   DATE(S)  VALUE   FROM    VALUE  DATE(S)
                                          NORMAL
................................................................
TEMPERATURE (F)
RECORD
 HIGH              99   05/31/1934
 LOW              -36   03/01/1962
HIGHEST            82   05/28        87      -5       84  05/31
                                                          05/30
LOWEST            -20   03/05       -10     -10      -28  03/03
AVG. MAXIMUM     53.6              51.9     1.7     46.7
AVG. MINIMUM     29.7              29.1     0.6     24.1
MEAN             41.7              40.5     1.2     35.4
DAYS MAX >= 90      0               0.1    -0.1        0
DAYS MAX <= 32      9              11.8    -2.8       21
DAYS MIN <= 32     55              51.7     3.3       62
DAYS MIN <= 0       3               3.4    -0.4       11

PRECIPITATION (INCHES)
RECORD
 MAXIMUM        14.87   1991
 MINIMUM         2.28   1931
TOTALS           7.71              7.64    0.07     8.50
DAILY AVG.       0.08              0.08    0.00     0.09
DAYS >= .01        32                MM      MM       36
DAYS >= .10        23                MM      MM       23
DAYS >= .50         4                MM      MM        6
DAYS >= 1.00        1                MM      MM        1

SNOWFALL (INCHES)
RECORDS
 TOTAL           47.0   1923
 24 HR TOTAL       MM
TOTALS           20.4                MM      MM     37.8
SINCE 7/1        89.3                MM      MM    110.3
DAYS >= TRACE      18                MM      MM       31
DAYS >= 1.0         5                MM      MM        8
GREATEST
 SNOW DEPTH        19   03/05                         28  03/04
                        03/03
                        03/04
 24 HR TOTAL      7.6   MM

DEGREE_DAYS
HEATING TOTAL    2132              2264    -132     2709
 SINCE 7/1       9473              8886     587    10338
COOLING TOTAL       5                12      -7        7
 SINCE 1/1          5                12      -7        7

FREEZE DATES
RECORD
 EARLIEST     08/27/1915
 LATEST       07/30/1928
EARLIEST                        09/23
LATEST                          05/20
.................................................................

WIND (MPH)
AVERAGE WIND SPEED              8.1
RESULTANT WIND SPEED/DIRECTION   2/244
HIGHEST WIND SPEED/DIRECTION    35/260    DATE  04/02
HIGHEST GUST SPEED/DIRECTION    45/270    DATE  04/13

SKY COVER
POSSIBLE SUNSHINE (PERCENT)   MM
AVERAGE SKY COVER           0.40
NUMBER OF DAYS FAIR           41
NUMBER OF DAYS PC             29
NUMBER OF DAYS CLOUDY         22

AVERAGE RH (PERCENT)     61

WEATHER CONDITIONS. NUMBER OF DAYS WITH
THUNDERSTORM              3     MIXED PRECIP               0
HEAVY RAIN                4     RAIN                      13
LIGHT RAIN               33     FREEZING RAIN              1
LT FREEZING RAIN          3     HAIL                       0
HEAVY SNOW                0     SNOW                       6
LIGHT SNOW               19     SLEET                      0
FOG                      43     FOG W/VIS <= 1/4 MILE      6
HAZE                     12

-  INDICATES NEGATIVE NUMBERS.
R  INDICATES RECORD WAS SET OR TIED.
MM INDICATES DATA IS MISSING.
T  INDICATES TRACE AMOUNT.

$$
