000
CXUS51 KRNK 011311
CLSRNK


CLIMATE REPORT
NATIONAL WEATHER SERVICE BLACKSBURG VA
909 AM EDT FRI SEP 1 2017

...................................

...THE BLACKSBURG VA CLIMATE SUMMARY FOR THE SEASON, FROM
6/1/2017 TO 8/31/2017...

CLIMATE NORMAL PERIOD 1981 TO 2010
CLIMATE RECORD PERIOD 1952 TO 2017

WEATHER         OBSERVED          NORMAL  DEPART  LAST YEAR`S
                 VALUE   DATE(S)  VALUE   FROM    VALUE
                                          NORMAL
.............................................................
TEMPERATURE (F)
RECORD
 HIGH              99   08/23/1983
                        07/15/1954
 LOW               30   06/11/1972
HIGHEST            92   07/22                         93
LOWEST             46   06/28                         43
                        06/07
AVG. MAXIMUM     80.4              80.9    -0.5     83.1
AVG. MINIMUM     58.5              58.4     0.1     62.0
MEAN             69.5              69.7    -0.2     72.6
DAYS MAX >= 90      1               4.1    -3.1        4
DAYS MAX <= 32      0               0.0     0.0        0
DAYS MIN <= 32      0               0.0     0.0        0
DAYS MIN <= 0       0               0.0     0.0        0

PRECIPITATION (INCHES)
RECORD
 MAXIMUM        19.82   1992
 MINIMUM         6.08   1991
TOTALS           8.72             11.85   -3.13    12.65
DAILY AVG.       0.10              0.13   -0.03     0.14
DAYS >= .01        35              34.6     0.4       44
DAYS >= .10        17              22.5    -5.5       26
DAYS >= .50         7               7.9    -0.9        8
DAYS >= 1.00        0               2.8    -2.8        3
GREATEST
 24 HR. TOTAL    0.99                               1.58

SNOWFALL (INCHES)
TOTALS            0.0                                0.0
DAYS >= TRACE       0                                  0
DAYS >= 1.0         0                                  0
GREATEST
 24 HR TOTAL      0.0                                0.0

DEGREE_DAYS
HEATING TOTAL      43                55     -12       12
COOLING TOTAL     482               483      -1      731
..............................................................

WIND (MPH)
AVERAGE WIND SPEED              2.7
HIGHEST WIND SPEED/DIRECTION    18/090    DATE  08/28
HIGHEST GUST SPEED/DIRECTION    33/330    DATE  07/06

SKY COVER
AVERAGE SKY COVER           0.40

AVERAGE RH (PERCENT)     72

WEATHER CONDITIONS. NUMBER OF DAYS WITH
THUNDERSTORM             21     MIXED PRECIP               0
HEAVY RAIN               16     RAIN                      24
LIGHT RAIN               45     FREEZING RAIN              0
LT FREEZING RAIN          0     HAIL                       0
HEAVY SNOW                0     SNOW                       0
LIGHT SNOW                0     SLEET                      0
FOG                      43     FOG W/VIS <= 1/4 MILE     11
HAZE                      1

-  INDICATES NEGATIVE NUMBERS.
R  INDICATES RECORD WAS SET OR TIED.
MM INDICATES DATA IS MISSING.
T  INDICATES TRACE AMOUNT.

$$
