000
CXUS51 KRNK 010958 RRA
CLSRNK

CLIMATE REPORT
NATIONAL WEATHER SERVICE BLACKSBURG VA
552 AM EDT SUN JUN 1 2014

...................................

...THE BLACKSBURG VA CLIMATE SUMMARY FOR THE SEASON, FROM
3/1/2014 TO 5/31/2014...

CLIMATE NORMAL PERIOD 1981 TO 2010
CLIMATE RECORD PERIOD 1952 TO 2014

WEATHER         OBSERVED          NORMAL  DEPART
                 VALUE   DATE(S)  VALUE   FROM
                                          NORMAL
................................................
TEMPERATURE (F)
RECORD
 HIGH              92   05/31/2011
 LOW                2   03/11/1969
HIGHEST            88
LOWEST             12   03/04
AVG. MAXIMUM     64.5              62.7     1.8
AVG. MINIMUM     38.9              38.4     0.5
MEAN             51.7              50.5     1.2
DAYS MAX >= 90      0               0.0     0.0
DAYS MAX <= 32      1               1.1    -0.1
DAYS MIN <= 32     28              27.7     0.3
DAYS MIN <= 0       0               0.0     0.0

PRECIPITATION (INCHES)
RECORD
 MAXIMUM        18.52   1975
 MINIMUM         5.31   1969
TOTALS           9.20             11.45   -2.25
DAILY AVG.       0.10              0.12   -0.02
DAYS >= .01        30              37.0    -7.0
DAYS >= .10        19              24.0    -5.0
DAYS >= .50         5               8.0    -3.0
DAYS >= 1.00        3               2.3     0.7
GREATEST
 24 HR. TOTAL    1.97

SNOWFALL (INCHES)
TOTALS            7.3
SINCE 7/1        34.4
SNOWDEPTH AVG.      0
DAYS >= TRACE      13
DAYS >= 1.0         2
GREATEST
 SNOW DEPTH         1
 24 HR TOTAL      3.7

DEGREE_DAYS
HEATING TOTAL    1263              1360     -97
 SINCE 7/1         MM              5408      MM
COOLING TOTAL      58                29      29
 SINCE 1/1         58                29      29
.................................................

WIND (MPH)
AVERAGE WIND SPEED              5.3
HIGHEST WIND SPEED/DIRECTION    29/310
HIGHEST GUST SPEED/DIRECTION    44/280

SKY COVER
POSSIBLE SUNSHINE (PERCENT)   MM
AVERAGE SKY COVER           0.30
NUMBER OF DAYS FAIR           56
NUMBER OF DAYS PC             22
NUMBER OF DAYS CLOUDY         14

AVERAGE RH (PERCENT)     70

WEATHER CONDITIONS. NUMBER OF DAYS WITH
THUNDERSTORM             10     MIXED PRECIP               0
HEAVY RAIN                6     RAIN                      16
LIGHT RAIN               37     FREEZING RAIN              0
LT FREEZING RAIN          2     HAIL                       0
HEAVY SNOW                0     SNOW                       2
LIGHT SNOW               13     SLEET                      4
FOG                      32     FOG W/VIS <= 1/4 MILE      9
HAZE                      1

-  INDICATES NEGATIVE NUMBERS.
R  INDICATES RECORD WAS SET OR TIED.
MM INDICATES DATA IS MISSING.
T  INDICATES TRACE AMOUNT.

$$
