000
CXUS53 KARX 011234
CLSRST

CLIMATE REPORT
NATIONAL WEATHER SERVICE LA CROSSE WI
733 AM CST SUN JUN 1 2014

...................................

...THE ROCHESTER MN CLIMATE SUMMARY FOR THE SEASON, FROM
3/1/2014 TO 5/31/2014...

CLIMATE NORMAL PERIOD 1981 TO 2010
CLIMATE RECORD PERIOD 1886 TO 2014

WEATHER         OBSERVED          NORMAL  DEPART  LAST YEAR`S
                 VALUE   DATE(S)  VALUE   FROM    VALUE  DATE(S)
                                          NORMAL
................................................................
TEMPERATURE (F)
RECORD
 HIGH             106   05/31/1934
 LOW              -31   03/01/1962
HIGHEST            86   05/30        MM      MM       MM  MM
                        05/26
LOWEST            -15   03/02        MM      MM       MM  MM
AVG. MAXIMUM     50.6              55.4    -4.8
AVG. MINIMUM     32.2              36.0    -3.8       MM
MEAN             41.4              45.7    -4.3       MM
DAYS MAX >= 90      0               0.4    -0.4       MM
DAYS MAX <= 32     15               6.7     8.3       MM
DAYS MIN <= 32     42              32.6     9.4       MM
DAYS MIN <= 0       3               1.3     1.7       MM

PRECIPITATION (INCHES)
RECORD
 MAXIMUM           MM   MM
 MINIMUM           MM   MM
TOTALS           8.57              8.75   -0.18       MM
DAILY AVG.       0.10              0.10    0.00
DAYS >= .01        40              33.8     6.2       MM
DAYS >= .10        21              18.6     2.4       MM
DAYS >= .50         6               5.5     0.5       MM
DAYS >= 1.00        0               1.6    -1.6       MM
GREATEST
 24 HR. TOTAL    1.11   MM
 STORM TOTAL       MM
 (MM/DD(HH))            MM

SNOWFALL (INCHES)
RECORDS
 TOTAL             MM   5
 24 HR TOTAL       MM
TOTALS           12.7              12.0     0.7
 LIQUID EQUIV    1.27                MM      MM
SINCE 7/1        60.5              51.9     8.6
DAYS >= TRACE      22               8.4    13.6
DAYS >= 1.0         5               3.3     1.7
GREATEST
 SNOW DEPTH        25   03/05
 24 HR TOTAL      3.2   MM
 STORM TOTAL       MM
 (MM/DD(HH))            MM

DEGREE_DAYS
HEATING TOTAL    2181              1809     372
 SINCE 7/1         MM              7670      MM
COOLING TOTAL      39                34       5
 SINCE 1/1         39                34       5

FREEZE DATES
RECORD
 EARLIEST     MM
 LATEST       MM
EARLIEST                        MM
LATEST                          MM
.................................................................

WIND (MPH)
AVERAGE WIND SPEED              13.4
HIGHEST WIND SPEED/DIRECTION    38/150    DATE  05/08
HIGHEST GUST SPEED/DIRECTION    49/170    DATE  05/08

SKY COVER
POSSIBLE SUNSHINE (PERCENT)   MM
AVERAGE SKY COVER           0.50
NUMBER OF DAYS FAIR           36
NUMBER OF DAYS PC             35
NUMBER OF DAYS CLOUDY         21

AVERAGE RH (PERCENT)     67

WEATHER CONDITIONS. NUMBER OF DAYS WITH
THUNDERSTORM              0     MIXED PRECIP               0
HEAVY RAIN                7     RAIN                      13
LIGHT RAIN               34     FREEZING RAIN              1
LT FREEZING RAIN          3     HAIL                       1
HEAVY SNOW                2     SNOW                       4
LIGHT SNOW               21     SLEET                      0
FOG                      42     FOG W/VIS <= 1/4 MILE      2
HAZE                     28

-  INDICATES NEGATIVE NUMBERS.
R  INDICATES RECORD WAS SET OR TIED.
MM INDICATES DATA IS MISSING.
T  INDICATES TRACE AMOUNT.

$$

BOYNE
