000
CXUS53 KEAX 010820
CLSSTJ

CLIMATE REPORT
NATIONAL WEATHER SERVICE KANSAS CITY/PLEASANT HILL MO
214 AM CST TUE MAR 1 2016

...................................

...THE ST. JOSEPH MO CLIMATE SUMMARY FOR THE SEASON, FROM
12/1/2015 TO 2/29/2016...

CLIMATE NORMAL PERIOD 1981 TO 2010
CLIMATE RECORD PERIOD 1892 TO 2016

WEATHER         OBSERVED          NORMAL  DEPART  LAST YEAR`S
                 VALUE   DATE(S)  VALUE   FROM    VALUE  DATE(S)
                                          NORMAL
................................................................
TEMPERATURE (F)
RECORD
 HIGH              83   02/24/1930
 LOW              -25   01/12/1974
HIGHEST            76   02/20        65      11       73  01/28
LOWEST            -10   01/18        -3      -7      -10  02/19
AVG. MAXIMUM     45.1              39.5     5.6     38.8
AVG. MINIMUM     23.3              19.5     3.8     17.4
MEAN             34.2              29.5     4.7     28.1
DAYS MAX >= 90      0               0.0     0.0        0
DAYS MAX <= 32     16              27.6   -11.6       29
DAYS MIN <= 32     78              80.7    -2.7       79
DAYS MIN <= 0       2               8.6    -6.6       11

PRECIPITATION (INCHES)
RECORD
 MAXIMUM         7.30   1985
 MINIMUM         0.24   2003
TOTALS           3.16              3.01    0.15     2.71
DAILY AVG.       0.03              0.03    0.00     0.03
DAYS >= .01        13              16.2    -3.2       15
DAYS >= .10         7               7.2    -0.2        8
DAYS >= .50         1               1.9    -0.9        1
DAYS >= 1.00        1               0.3     0.7        1
GREATEST
 24 HR. TOTAL    1.52   MM

DEGREE_DAYS
HEATING TOTAL    2782              3197    -415     3278
COOLING TOTAL       0                 0       0        0
.................................................................

WIND (MPH)
AVERAGE WIND SPEED              9.6
HIGHEST WIND SPEED/DIRECTION    43/340    DATE  02/08
HIGHEST GUST SPEED/DIRECTION    53/310    DATE  02/08

SKY COVER
POSSIBLE SUNSHINE (PERCENT)    0
AVERAGE SKY COVER           0.40
NUMBER OF DAYS FAIR           46
NUMBER OF DAYS PC             22
NUMBER OF DAYS CLOUDY         23

AVERAGE RH (PERCENT)     71

WEATHER CONDITIONS. NUMBER OF DAYS WITH
THUNDERSTORM              2     MIXED PRECIP               0
HEAVY RAIN                3     RAIN                       4
LIGHT RAIN               15     FREEZING RAIN              0
LT FREEZING RAIN          1     HAIL                       0
HEAVY SNOW                1     SNOW                       2
LIGHT SNOW               14     SLEET                      0
FOG                      43     FOG W/VIS <= 1/4 MILE      8
HAZE                      6

-  INDICATES NEGATIVE NUMBERS.
R  INDICATES RECORD WAS SET OR TIED.
MM INDICATES DATA IS MISSING.
T  INDICATES TRACE AMOUNT.

$$
