000
CXUS53 KEAX 010903
CLSSTJ

CLIMATE REPORT
NATIONAL WEATHER SERVICE KANSAS CITY/PLEASANT HILL MO
259 AM CST TUE DEC 1 2015

...................................

...THE ST. JOSEPH MO CLIMATE SUMMARY FOR THE SEASON, FROM
9/1/2015 TO 11/30/2015...

CLIMATE NORMAL PERIOD 1981 TO 2010
CLIMATE RECORD PERIOD 1892 TO 2015

WEATHER         OBSERVED          NORMAL  DEPART  LAST YEAR`S
                 VALUE   DATE(S)  VALUE   FROM    VALUE  DATE(S)
                                          NORMAL
................................................................
TEMPERATURE (F)
RECORD
 HIGH             107   09/03/1947
 LOW               -5   11/08/1991
HIGHEST            94   09/06        92       2       92  09/04
LOWEST             23   11/21        14       9        6  11/14
AVG. MAXIMUM     70.0              66.3     3.7     64.7
AVG. MINIMUM     46.9              42.5     4.4     40.4
MEAN             58.5              54.4     4.1     52.6
DAYS MAX >= 90      5               3.8     1.2        2
DAYS MAX <= 32      1               1.7    -0.7        7
DAYS MIN <= 32     19              22.3    -3.3       27
DAYS MIN <= 0       0               0.0     0.0        0

PRECIPITATION (INCHES)
RECORD
 MAXIMUM        19.63   1986
 MINIMUM         2.44   1917
TOTALS           7.35              7.78   -0.43     8.40
DAILY AVG.       0.08              0.09   -0.01     0.09
DAYS >= .01        22              20.2     1.8       21
DAYS >= .10        14              12.7     1.3       10
DAYS >= .50         3               5.7    -2.7        3
DAYS >= 1.00        2               2.4    -0.4        3
GREATEST
 24 HR. TOTAL    1.35   MM

DEGREE_DAYS
HEATING TOTAL     832              1106    -274     1240
COOLING TOTAL     261               143     118      133
.................................................................

WIND (MPH)
AVERAGE WIND SPEED              8.6
HIGHEST WIND SPEED/DIRECTION    41/230    DATE  11/11
HIGHEST GUST SPEED/DIRECTION    54/230    DATE  11/11

SKY COVER
POSSIBLE SUNSHINE (PERCENT)   MM
AVERAGE SKY COVER           0.30
NUMBER OF DAYS FAIR           59
NUMBER OF DAYS PC             18
NUMBER OF DAYS CLOUDY         14

AVERAGE RH (PERCENT)     69

WEATHER CONDITIONS. NUMBER OF DAYS WITH
THUNDERSTORM             11     MIXED PRECIP               0
HEAVY RAIN                9     RAIN                      13
LIGHT RAIN               31     FREEZING RAIN              1
LT FREEZING RAIN          2     HAIL                       0
HEAVY SNOW                0     SNOW                       0
LIGHT SNOW                5     SLEET                      0
FOG                      35     FOG W/VIS <= 1/4 MILE      7
HAZE                      5

-  INDICATES NEGATIVE NUMBERS.
R  INDICATES RECORD WAS SET OR TIED.
MM INDICATES DATA IS MISSING.
T  INDICATES TRACE AMOUNT.

$$
