000
CXUS53 KEAX 010650
CLSSTJ

STLCLMWS2 000
TTAA00 KEAX 010641


CLIMATE REPORT
NATIONAL WEATHER SERVICE KANSAS CITY/PLEASANT HILL MO
1241 AM CST MON DEC 1 2014

...................................

...THE ST. JOSEPH MO CLIMATE SUMMARY FOR THE SEASON, FROM
9/1/2014 TO 11/30/2014...

CLIMATE NORMAL PERIOD 1981 TO 2010
CLIMATE RECORD PERIOD 1892 TO 2014

WEATHER         OBSERVED          NORMAL  DEPART  LAST YEAR`S
                 VALUE   DATE(S)  VALUE   FROM    VALUE  DATE(S)
                                          NORMAL
................................................................
TEMPERATURE (F)
RECORD
 HIGH             107   09/03/1947
 LOW               -5   11/08/1991
HIGHEST            92   09/04        92       0       98  09/07
LOWEST              6   11/14        14      -8       11  11/24
                                                          11/23
AVG. MAXIMUM     64.7              66.3    -1.6     67.1
AVG. MINIMUM     40.4              42.5    -2.1     41.5
MEAN             52.6              54.4    -1.8     54.3
DAYS MAX >= 90      2               3.8    -1.8        8
DAYS MAX <= 32      7               1.7     5.3        4
DAYS MIN <= 32     27              22.3     4.7       31
DAYS MIN <= 0       0               0.0     0.0        0

PRECIPITATION (INCHES)
RECORD
 MAXIMUM        19.63   1986
 MINIMUM         2.44   1917
TOTALS           8.40              7.78    0.62    11.15
DAILY AVG.       0.09              0.09    0.00     0.12
DAYS >= .01        21              20.2     0.8       23
DAYS >= .10        10              12.7    -2.7       16
DAYS >= .50         3               5.7    -2.7        9
DAYS >= 1.00        3               2.4     0.6        2
GREATEST
 24 HR. TOTAL    2.30   10/09 TO 10/09

DEGREE_DAYS
HEATING TOTAL    1240              1106     134     1167
COOLING TOTAL     133               143     -10      215
.................................................................

WIND (MPH)
AVERAGE WIND SPEED              8.7
HIGHEST WIND SPEED/DIRECTION    36/340    DATE  11/23
HIGHEST GUST SPEED/DIRECTION    44/320    DATE  11/24

SKY COVER
POSSIBLE SUNSHINE (PERCENT)   MM
AVERAGE SKY COVER           0.30
NUMBER OF DAYS FAIR           59
NUMBER OF DAYS PC             19
NUMBER OF DAYS CLOUDY         13

AVERAGE RH (PERCENT)     69

WEATHER CONDITIONS. NUMBER OF DAYS WITH
THUNDERSTORM              0     MIXED PRECIP               0
HEAVY RAIN                6     RAIN                       8
LIGHT RAIN               25     FREEZING RAIN              0
LT FREEZING RAIN          0     HAIL                       0
HEAVY SNOW                0     SNOW                       0
LIGHT SNOW                3     SLEET                      0
FOG                      44     FOG W/VIS <= 1/4 MILE     18
HAZE                      7

-  INDICATES NEGATIVE NUMBERS.
R  INDICATES RECORD WAS SET OR TIED.
MM INDICATES DATA IS MISSING.
T  INDICATES TRACE AMOUNT.

$$
