000
CXUS53 KEAX 011351 RRA
CLSSTJ

CLIMATE REPORT
NATIONAL WEATHER SERVICE KANSAS CITY/PLEASANT HILL MO
848 AM CDT FRI SEP 1 2017

...................................

...THE ST. JOSEPH MO CLIMATE SUMMARY FOR THE SEASON, FROM
6/1/2017 TO 8/31/2017...

CLIMATE NORMAL PERIOD 1981 TO 2010
CLIMATE RECORD PERIOD 1892 TO 2017

WEATHER         OBSERVED          NORMAL  DEPART  LAST YEAR`S
                 VALUE   DATE(S)  VALUE   FROM    VALUE  DATE(S)
                                          NORMAL
................................................................
TEMPERATURE (F)
RECORD
 HIGH             110   08/13/1936
                        08/10/1934
 LOW               41   08/28/1986
                        06/01/1982
                        07/05/1972
HIGHEST            96   07/22        98      -2      102  06/22
                        06/05
LOWEST             47   08/04        50      -3       53  06/07
AVG. MAXIMUM     86.3              85.8     0.5     88.0
AVG. MINIMUM     63.2              64.9    -1.7     67.3
MEAN             74.7              75.3    -0.6     77.7
DAYS MAX >= 90     29              31.2    -2.2       38
DAYS MAX <= 32      0               0.0     0.0        0
DAYS MIN <= 32      0               0.0     0.0        0
DAYS MIN <= 0       0               0.0     0.0        0

PRECIPITATION (INCHES)
RECORD
 MAXIMUM        28.88   1951
 MINIMUM         3.94   1901
TOTALS           8.17             13.35   -5.18    15.99
DAILY AVG.       0.09              0.15   -0.06     0.17
DAYS >= .01        23              26.4    -3.4       27
DAYS >= .10        18              16.4     1.6       18
DAYS >= .50         7               8.2    -1.2        9
DAYS >= 1.00        2               3.9    -1.9        5
GREATEST
 24 HR. TOTAL    1.47   MM

DEGREE_DAYS
HEATING TOTAL      10                13      -3        2
COOLING TOTAL     925               965     -40     1189
.................................................................

WIND (MPH)
AVERAGE WIND SPEED              6.9
HIGHEST WIND SPEED/DIRECTION    48/340    DATE  06/16
HIGHEST GUST SPEED/DIRECTION    76/320    DATE  06/16

SKY COVER
POSSIBLE SUNSHINE (PERCENT)   MM
AVERAGE SKY COVER           0.20
NUMBER OF DAYS FAIR           73
NUMBER OF DAYS PC             18
NUMBER OF DAYS CLOUDY          1

AVERAGE RH (PERCENT)     75

WEATHER CONDITIONS. NUMBER OF DAYS WITH
THUNDERSTORM             24     MIXED PRECIP               0
HEAVY RAIN               14     RAIN                      12
LIGHT RAIN               28     FREEZING RAIN              0
LT FREEZING RAIN          0     HAIL                       0
HEAVY SNOW                0     SNOW                       0
LIGHT SNOW                0     SLEET                      0
FOG                      50     FOG W/VIS <= 1/4 MILE     21
HAZE                      4

-  INDICATES NEGATIVE NUMBERS.
R  INDICATES RECORD WAS SET OR TIED.
MM INDICATES DATA IS MISSING.
T  INDICATES TRACE AMOUNT.

$$
