000
CXUS51 KCLE 032133
CLSTOL


CLIMATE REPORT
NATIONAL WEATHER SERVICE CLEVELAND OH
530 PM EDT WED SEP 3 2014

...................................

...THE TOLEDO OH CLIMATE SUMMARY FOR THE SEASON, FROM
6/1/2014 TO 8/31/2014...

CLIMATE NORMAL PERIOD 1981 TO 2010
CLIMATE RECORD PERIOD 1873 TO 2014

WEATHER         OBSERVED          NORMAL  DEPART
                 VALUE   DATE(S)  VALUE   FROM
                                          NORMAL
................................................
TEMPERATURE (F)
RECORD
 HIGH             105   07/14/1936
 LOW               32   06/11/1972
HIGHEST            92   06/17
LOWEST             44   06/14
AVG. MAXIMUM     81.1              82.5    -1.4
AVG. MINIMUM     59.3              60.6    -1.3
MEAN             70.2              71.5    -1.3
DAYS MAX >= 90      4              12.6
DAYS MAX <= 32      0               0.0
DAYS MIN <= 32      0               0.0
DAYS MIN <= 0       0               0.0

PRECIPITATION (INCHES)
RECORD
 MAXIMUM        16.64   1989
 MINIMUM         2.78   1894
TOTALS           7.34              9.95   -2.61
DAYS >= .01        25              29.2
DAYS >= .10        12              17.9
DAYS >= .50         5               6.8
DAYS >= 1.00        2               2.2

SNOWFALL (INCHES)
RECORDS
 TOTAL             MM   MM
TOTALS            0.0               0.0
DAYS >= TRACE       0
DAYS >= 1.0         0               0.0

DEGREE_DAYS
HEATING TOTAL      30                49     -19
COOLING TOTAL     536               649    -113
.................................................

WIND (MPH)
HIGHEST GUST SPEED/DIRECTION    52/260    DATE  08/19

SKY COVER
POSSIBLE SUNSHINE (PERCENT)   MM
NUMBER OF DAYS FAIR           49
NUMBER OF DAYS PC             38
NUMBER OF DAYS CLOUDY          5


WEATHER CONDITIONS. NUMBER OF DAYS WITH
THUNDERSTORM              0     MIXED PRECIP               0
HEAVY RAIN                9     RAIN                      16
LIGHT RAIN               31     FREEZING RAIN              0
LT FREEZING RAIN          0     HAIL                       0
HEAVY SNOW                0     SNOW                       0
LIGHT SNOW                0     SLEET                      0
FOG                      53     FOG W/VIS <= 1/4 MILE      4
HAZE                     17

-  INDICATES NEGATIVE NUMBERS.
R  INDICATES RECORD WAS SET OR TIED.
MM INDICATES DATA IS MISSING.
T  INDICATES TRACE AMOUNT.

$$
