000
CXUS51 KCLE 030113
CLSTOL


CLIMATE REPORT
NATIONAL WEATHER SERVICE CLEVELAND OH
808 PM EST MON MAR 2 2015

...................................

...THE TOLEDO OH CLIMATE SUMMARY FOR THE SEASON, FROM
12/1/2014 TO 2/28/2015...

CLIMATE NORMAL PERIOD 1981 TO 2010
CLIMATE RECORD PERIOD 1873 TO 2015

WEATHER         OBSERVED          NORMAL  DEPART
                 VALUE   DATE(S)  VALUE   FROM
                                          NORMAL
................................................
TEMPERATURE (F)
RECORD
 HIGH              71   02/26/2000
                        02/11/1999
                        01/25/1950
 LOW              -20   01/21/1984
HIGHEST            54   12/24
                        12/23
LOWEST            -19   02/20
AVG. MAXIMUM     29.7              35.0    -5.3
AVG. MINIMUM     14.3              20.7    -6.4
MEAN             22.0              27.8    -5.8
DAYS MAX >= 90      0               0.0
DAYS MAX <= 32     52              35.4
DAYS MIN <= 32     82              76.0
DAYS MIN <= 0      17               5.3

PRECIPITATION (INCHES)
RECORD
 MAXIMUM        13.35   1950
 MINIMUM         2.15   1920
TOTALS           4.71              6.80   -2.09
DAYS >= .01        32              36.0
DAYS >= .10        18              17.0
DAYS >= .50         2               3.8
DAYS >= 1.00        0               0.7

SNOWFALL (INCHES)
RECORDS
 TOTAL           73.0   2014
TOTALS           37.5              28.4
DAYS >= TRACE      41
DAYS >= 1.0        12               8.8

DEGREE_DAYS
HEATING TOTAL    3818              3344     474
COOLING TOTAL       0                 0       0
.................................................

WIND (MPH)
HIGHEST GUST SPEED/DIRECTION    40/340    DATE  02/14

SKY COVER
POSSIBLE SUNSHINE (PERCENT)   MM
NUMBER OF DAYS FAIR           24
NUMBER OF DAYS PC             30
NUMBER OF DAYS CLOUDY         36


WEATHER CONDITIONS. NUMBER OF DAYS WITH
THUNDERSTORM              0     MIXED PRECIP               0
HEAVY RAIN                0     RAIN                       6
LIGHT RAIN               18     FREEZING RAIN              1
LT FREEZING RAIN          3     HAIL                       0
HEAVY SNOW                5     SNOW                       9
LIGHT SNOW               38     SLEET                      0
FOG                      60     FOG W/VIS <= 1/4 MILE     11
HAZE                     38

-  INDICATES NEGATIVE NUMBERS.
R  INDICATES RECORD WAS SET OR TIED.
MM INDICATES DATA IS MISSING.
T  INDICATES TRACE AMOUNT.

$$
