079
CXUS51 KCLE 020220
CLSTOL


CLIMATE REPORT
NATIONAL WEATHER SERVICE CLEVELAND OH
914 PM EST FRI DEC 1 2017

...................................

...THE TOLEDO OH CLIMATE SUMMARY FOR THE SEASON, FROM
9/1/2017 TO 11/30/2017...

CLIMATE NORMAL PERIOD 1981 TO 2010
CLIMATE RECORD PERIOD 1873 TO 2017

WEATHER         OBSERVED          NORMAL  DEPART
                 VALUE   DATE(S)  VALUE   FROM
                                          NORMAL
................................................
TEMPERATURE (F)
RECORD
 HIGH             100   09/02/1953
                        09/01/1953
                        09/15/1939
 LOW                0   10/10/2008
HIGHEST            93   09/21
LOWEST             20   11/10
AVG. MAXIMUM     64.7              62.6     2.1
AVG. MINIMUM     45.3              42.6     2.7
MEAN             55.0              52.6     2.4
DAYS MAX >= 90      6               0.9
DAYS MAX <= 32      1               1.1
DAYS MIN <= 32     15              18.7
DAYS MIN <= 0       0               0.0

PRECIPITATION (INCHES)
RECORD
 MAXIMUM        18.56   1881
 MINIMUM         2.50   1908
TOTALS          11.10              8.24    2.86
DAYS >= .01        32              31.1
DAYS >= .10        17              16.9
DAYS >= .50         7               5.0
DAYS >= 1.00        4               1.6

SNOWFALL (INCHES)
RECORDS
 TOTAL           17.9   1996
TOTALS              T               2.1
DAYS >= TRACE       3
DAYS >= 1.0         0               0.8

DEGREE_DAYS
HEATING TOTAL    1034              1219    -185
COOLING TOTAL     151                91      60
.................................................

WIND (MPH)
HIGHEST GUST SPEED/DIRECTION    48/270    DATE  10/07

SKY COVER
POSSIBLE SUNSHINE (PERCENT)   MM
NUMBER OF DAYS FAIR           43
NUMBER OF DAYS PC             26
NUMBER OF DAYS CLOUDY         22


WEATHER CONDITIONS. NUMBER OF DAYS WITH
THUNDERSTORM              0     MIXED PRECIP               0
HEAVY RAIN                9     RAIN                      13
LIGHT RAIN               35     FREEZING RAIN              0
LT FREEZING RAIN          0     HAIL                       0
HEAVY SNOW                0     SNOW                       0
LIGHT SNOW                3     SLEET                      0
FOG                      46     FOG W/VIS <= 1/4 MILE      6
HAZE                      8

-  INDICATES NEGATIVE NUMBERS.
R  INDICATES RECORD WAS SET OR TIED.
MM INDICATES DATA IS MISSING.
T  INDICATES TRACE AMOUNT.

$$
