000
CXUS51 KCLE 061705
CLSTOL


CLIMATE REPORT
NATIONAL WEATHER SERVICE CLEVELAND OH
101 PM EDT TUE SEP 6 2016

...................................

...THE TOLEDO OH CLIMATE SUMMARY FOR THE SEASON, FROM
6/1/2016 TO 8/31/2016...

CLIMATE NORMAL PERIOD 1981 TO 2010
CLIMATE RECORD PERIOD 1873 TO 2016

WEATHER         OBSERVED          NORMAL  DEPART
                 VALUE   DATE(S)  VALUE   FROM
                                          NORMAL
................................................
TEMPERATURE (F)
RECORD
 HIGH             105   07/14/1936
 LOW               32   06/11/1972
HIGHEST            95   06/11
LOWEST             44   06/09
AVG. MAXIMUM     84.7              82.5     2.2
AVG. MINIMUM     62.2              60.6     1.6
MEAN             73.5              71.5     2.0
DAYS MAX >= 90     19              12.6
DAYS MAX <= 32      0               0.0
DAYS MIN <= 32      0               0.0
DAYS MIN <= 0       0               0.0

PRECIPITATION (INCHES)
RECORD
 MAXIMUM        16.64   1989
 MINIMUM         2.78   1894
TOTALS           9.55              9.95   -0.40
DAYS >= .01        30              29.2
DAYS >= .10        22              17.9
DAYS >= .50         7               6.8
DAYS >= 1.00        2               2.2

SNOWFALL (INCHES)
RECORDS
 TOTAL             MM   MM
TOTALS            0.0               0.0
DAYS >= TRACE       0
DAYS >= 1.0         0               0.0

DEGREE_DAYS
HEATING TOTAL      14                49     -35
COOLING TOTAL     820               649     171
.................................................

WIND (MPH)
HIGHEST GUST SPEED/DIRECTION    62/270    DATE  08/27

SKY COVER
POSSIBLE SUNSHINE (PERCENT)   MM
NUMBER OF DAYS FAIR           65
NUMBER OF DAYS PC             25
NUMBER OF DAYS CLOUDY          2


WEATHER CONDITIONS. NUMBER OF DAYS WITH
THUNDERSTORM              0     MIXED PRECIP               0
HEAVY RAIN               18     RAIN                      17
LIGHT RAIN               32     FREEZING RAIN              0
LT FREEZING RAIN          0     HAIL                       0
HEAVY SNOW                0     SNOW                       0
LIGHT SNOW                0     SLEET                      0
FOG                      42     FOG W/VIS <= 1/4 MILE      4
HAZE                      5

-  INDICATES NEGATIVE NUMBERS.
R  INDICATES RECORD WAS SET OR TIED.
MM INDICATES DATA IS MISSING.
T  INDICATES TRACE AMOUNT.

$$
