000
CXUS55 KLKN 040322
CLSTPH


CLIMATE REPORT
NATIONAL WEATHER SERVICE ELKO NV
802 PM PDT TUE JUN 3 2014

...................................

...THE TONOPAH AIRPORT NV CLIMATE SUMMARY FOR THE SEASON, FROM
3/1/2014 TO 5/31/2014...

CLIMATE NORMAL PERIOD 1981 TO 2010
CLIMATE RECORD PERIOD 1954 TO 2014

WEATHER         OBSERVED          NORMAL  DEPART  LAST YEAR`S
                 VALUE   DATE(S)  VALUE   FROM    VALUE  DATE(S)
                                          NORMAL
................................................................
TEMPERATURE (F)
RECORD
 HIGH              96   05/28/2003
 LOW                4   03/02/1971
HIGHEST            93   05/27        88       5       88  05/13
LOWEST             22   03/19        18       4       21  04/18
AVG. MAXIMUM     67.5              65.2     2.3     68.1
AVG. MINIMUM     37.5              35.6     1.9     38.3
MEAN             52.5              50.4     2.1     53.2
DAYS MAX >= 90      2               1.2     0.8        0
DAYS MAX <= 32      0               0.1    -0.1        0
DAYS MIN <= 32     28              33.1    -5.1       26
DAYS MIN <= 0       0               0.0     0.0        0

PRECIPITATION (INCHES)
RECORD
 MAXIMUM         4.12   1978
 MINIMUM         0.05   1959
TOTALS           0.26              1.52   -1.26     0.46
DAILY AVG.       0.00              0.02   -0.02     0.01
DAYS >= .01         7              11.0    -4.0        4
DAYS >= .10         1               4.7    -3.7        2
DAYS >= .50         0               0.4    -0.4        0
DAYS >= 1.00        0               0.0     0.0        0
GREATEST
 24 HR. TOTAL    0.17   MM                          0.20

DEGREE_DAYS
HEATING TOTAL    1163              1369    -206     1083
 SINCE 7/1       4936              5411    -475     4917
COOLING TOTAL      34                27       7       23
 SINCE 1/1         34                27       7       23
.................................................................

WIND (MPH)
AVERAGE WIND SPEED              11.3
HIGHEST WIND SPEED/DIRECTION    46/300    DATE  04/22
HIGHEST GUST SPEED/DIRECTION    58/300    DATE  04/22

AVERAGE RH (PERCENT)     30

WEATHER CONDITIONS. NUMBER OF DAYS WITH
THUNDERSTORM              0     MIXED PRECIP               0
HEAVY RAIN                0     RAIN                       2
LIGHT RAIN                8     FREEZING RAIN              0
LT FREEZING RAIN          0     HAIL                       0
HEAVY SNOW                0     SNOW                       0
LIGHT SNOW                3     SLEET                      0
FOG                       1     FOG W/VIS <= 1/4 MILE      0
HAZE                      2

-  INDICATES NEGATIVE NUMBERS.
R  INDICATES RECORD WAS SET OR TIED.
MM INDICATES DATA IS MISSING.
T  INDICATES TRACE AMOUNT.

&&

=================================================================

...9TH WARMEST METEOROLOGICAL SPRING ON RECORD AT TONOPAH AIRPORT...
...5TH DRIEST METEOROLOGICAL SPRING ON RECORD AT TONOPAH AIRPORT...

THE AVERAGE TEMPERATURE AT TONOPAH AIRPORT DURING METEOROLOGICAL
SPRING (MARCH, APRIL AND MAY) 2014 WAS 52.5 DEGREES...WHICH IS
2.1 DEGREES ABOVE THE 1981-2010 CLIMATOLOGICAL NORMAL OF 50.4
DEGREES. THIS MAKES METEOROLOGICAL SPRING 2014 THE 9TH WARMEST ON
RECORD. THE TOTAL PRECIPITATION WAS 0.26 INCHES...WHICH IS 1.26
INCHES OR 83 PERCENT BELOW THE 1981-2010 CLIMATOLOGICAL NORMAL OF
1.52 INCHES. THIS MAKES METEOROLOGICAL SPRING 2014 THE 5TH DRIEST
ON RECORD.

NO MONTHLY RECORDS WERE SET AT TONOPAH AIRPORT DURING
METEOROLOGICAL SPRING 2014.

$$

RCM
