000
CXUS55 KLKN 030022
CLSTPH


CLIMATE REPORT
NATIONAL WEATHER SERVICE ELKO NV
504 PM PDT TUE SEP 2 2014

...................................

...THE TONOPAH AIRPORT NV CLIMATE SUMMARY FOR THE SEASON, FROM
6/1/2014 TO 8/31/2014...

CLIMATE NORMAL PERIOD 1981 TO 2010
CLIMATE RECORD PERIOD 1954 TO 2014

WEATHER         OBSERVED          NORMAL  DEPART  LAST YEAR`S
                 VALUE   DATE(S)  VALUE   FROM    VALUE  DATE(S)
                                          NORMAL
................................................................
TEMPERATURE (F)
RECORD
 HIGH             104   07/18/1960
 LOW               27   06/01/1971
HIGHEST           101   07/13       100       1      103  06/30
                        07/01
LOWEST             41   06/18        39       2       45  06/20
AVG. MAXIMUM     88.9              88.8     0.1     90.8
AVG. MINIMUM     58.3              54.8     3.5     58.1
MEAN             73.6              71.8     1.8     74.5
DAYS MAX >= 90     48              46.3     1.7       54
DAYS MAX <= 32      0               0.0     0.0        0
DAYS MIN <= 32      0               0.1    -0.1        0
DAYS MIN <= 0       0               0.0     0.0        0

PRECIPITATION (INCHES)
RECORD
 MAXIMUM         4.36   1984
 MINIMUM         0.18   1980
TOTALS           2.10              1.24    0.86     1.70
DAILY AVG.          T              0.01   -0.01        T
DAYS >= .01        10               8.3     1.7       12
DAYS >= .10         7               3.3     3.7        4
DAYS >= .50         1               0.5     0.5        1
DAYS >= 1.00        0               0.1    -0.1        0
GREATEST
 24 HR. TOTAL    0.85   MM                          0.57

DEGREE_DAYS
HEATING TOTAL      15                57     -42        3
 SINCE 7/1          0                 6      -6        0
COOLING TOTAL     829               686     143      898
 SINCE 1/1        863               713     150      921
.................................................................

WIND (MPH)
AVERAGE WIND SPEED              9.7
HIGHEST WIND SPEED/DIRECTION    40/090    DATE  07/15
HIGHEST GUST SPEED/DIRECTION    53/320    DATE  08/01

AVERAGE RH (PERCENT)     27

WEATHER CONDITIONS. NUMBER OF DAYS WITH
THUNDERSTORM              0     MIXED PRECIP               0
HEAVY RAIN                1     RAIN                       3
LIGHT RAIN               17     FREEZING RAIN              0
LT FREEZING RAIN          0     HAIL                       0
HEAVY SNOW                0     SNOW                       0
LIGHT SNOW                0     SLEET                      0
FOG                       0     FOG W/VIS <= 1/4 MILE      0
HAZE                      1

-  INDICATES NEGATIVE NUMBERS.
R  INDICATES RECORD WAS SET OR TIED.
MM INDICATES DATA IS MISSING.
T  INDICATES TRACE AMOUNT.

&&

=================================================================

...9TH WARMEST METEOROLOGICAL SUMMER ON RECORD AT TONOPAH AIRPORT...
...14TH WETTEST METEOROLOGICAL SUMMER ON RECORD AT TONOPAH AIRPORT...

THE AVERAGE TEMPERATURE AT TONOPAH AIRPORT DURING METEOROLOGICAL
SUMMER (JUNE, JULY AND AUGUST) 2014 WAS 73.6 DEGREES...WHICH IS
1.8 DEGREES ABOVE THE 1981-2010 CLIMATOLOGICAL NORMAL OF 71.8
DEGREES. THIS MAKES METEOROLOGICAL SUMMER 2014 THE 9TH WARMEST ON
RECORD. THE TOTAL PRECIPITATION WAS 2.10 INCHES...WHICH IS 0.86
INCHES OR 69 PERCENT ABOVE THE 1981-2010 CLIMATOLOGICAL NORMAL OF
1.24 INCHES. THIS MAKES METEOROLOGICAL SUMMER 2014 THE 14TH
WETTEST ON RECORD.

NO MONTHLY RECORDS WERE SET AT TONOPAH AIRPORT DURING
METEOROLOGICAL SUMMER 2014.

$$

RCM
