000
CXUS55 KLKN 051158
CLSWMC


CLIMATE REPORT
NATIONAL WEATHER SERVICE ELKO NV
337 AM PDT MON SEP 5 2016

...................................

...THE WINNEMUCCA AIRPORT NV CLIMATE SUMMARY FOR THE SEASON, FROM
6/1/2016 TO 8/31/2016...

CLIMATE NORMAL PERIOD 1981 TO 2010
CLIMATE RECORD PERIOD 1877 TO 2016

WEATHER         OBSERVED          NORMAL  DEPART  LAST YEAR`S
                 VALUE   DATE(S)  VALUE   FROM    VALUE
                                          NORMAL
.............................................................
TEMPERATURE (F)
RECORD
 HIGH             109   07/11/2002
 LOW               23   06/04/2001
                        06/06/1954
HIGHEST           104   07/29       104       0      104
LOWEST             25   06/16        31      -6       37
AVG. MAXIMUM     91.7              89.2     2.5     90.4
AVG. MINIMUM     48.3              48.7    -0.4     51.1
MEAN             70.0              68.9     1.1     70.8
DAYS MAX >= 90     65              50.9    14.1       61
DAYS MAX <= 32      0               0.0     0.0        0
DAYS MIN <= 32      2               1.0     1.0        0
DAYS MIN <= 0       0               0.0     0.0        0

PRECIPITATION (INCHES)
RECORD
 MAXIMUM         4.49   1913
 MINIMUM            T   1919
TOTALS           0.01              0.99   -0.98     1.01
DAILY AVG.          T              0.01   -0.01     0.01
DAYS >= .01         1               8.4    -7.4       15
DAYS >= .10         0               2.7    -2.7        4
DAYS >= .50         0               0.2    -0.2        0
DAYS >= 1.00        0               0.0     0.0        0

SNOWFALL (INCHES)
RECORDS
 TOTAL            3.1   1908
TOTALS            0.0                 T     0.0      0.0
DAYS >= 1.0         0               0.0     0.0        0
GREATEST
 SNOW DEPTH         0   MM                             0

DEGREE_DAYS
HEATING TOTAL      74               135     -61       32
COOLING TOTAL     565               499      66      583
..............................................................

WIND (MPH)
AVERAGE WIND SPEED              7.9
HIGHEST WIND SPEED/DIRECTION    36/270    DATE  06/15
HIGHEST GUST SPEED/DIRECTION    45/270    DATE  06/15

AVERAGE RH (PERCENT)     27

WEATHER CONDITIONS. NUMBER OF DAYS WITH
THUNDERSTORM              0     MIXED PRECIP               0
HEAVY RAIN                0     RAIN                       1
LIGHT RAIN                4     FREEZING RAIN              0
LT FREEZING RAIN          0     HAIL                       0
HEAVY SNOW                0     SNOW                       0
LIGHT SNOW                0     SLEET                      0
FOG                       0     FOG W/VIS <= 1/4 MILE      0
HAZE                      5

-  INDICATES NEGATIVE NUMBERS.
R  INDICATES RECORD WAS SET OR TIED.
MM INDICATES DATA IS MISSING.
T  INDICATES TRACE AMOUNT.

&&

====================================================================

...2ND DRIEST METEOROLOGICAL SUMMER ON RECORD IN WINNEMUCCA...
...25TH WARMEST METEOROLOGICAL SUMMER ON RECORD IN WINNEMUCCA...

THE TOTAL PRECIPITATION IN WINNEMUCCA DURING METEOROLOGICAL SUMMER
(JUN-AUG)WAS 0.01 INCHES...WHICH WAS 0.98 INCHES BELOW OR ONLY
1 PERCENT OF THE 1981-2010 CLIMATOLOGICAL NORMAL OF 0.99 INCHES.
THIS MAKES SUMMER 2016 THE 2ND DRIEST ON RECORD. THE AVERAGE
TEMPERATURE WAS 70.0 DEGREES...WHICH WAS 1.1 DEGREES ABOVE THE
1981-2010 CLIMATOLOGICAL NORMAL OF 68.9 DEGREES. THIS MAKES SUMMER
2016 THE 25TH WARMEST ON RECORD.

$$

BA/ ELKO CLIMATE TEAM
