000
CXUS55 KLKN 011436
CLSWMC


CLIMATE REPORT
NATIONAL WEATHER SERVICE ELKO NV
628 AM PST THU DEC 1 2016

...................................

...THE WINNEMUCCA AIRPORT NV CLIMATE SUMMARY FOR THE SEASON, FROM
9/1/2016 TO 11/30/2016...

CLIMATE NORMAL PERIOD 1981 TO 2010
CLIMATE RECORD PERIOD 1877 TO 2016

WEATHER         OBSERVED          NORMAL  DEPART  LAST YEAR`S
                 VALUE   DATE(S)  VALUE   FROM    VALUE
                                          NORMAL
.............................................................
TEMPERATURE (F)
RECORD
 HIGH             103   09/02/1950
 LOW              -10   11/25/2010
HIGHEST            91   09/11        95      -4       95
LOWEST             13   11/17         6       7        0
AVG. MAXIMUM     68.1              66.4     1.7     67.6
AVG. MINIMUM     32.8              30.5     2.3     33.1
MEAN             50.4              48.4     2.0     50.3
DAYS MAX >= 90      1               5.6    -4.6        7
DAYS MAX <= 32      0               0.7    -0.7        1
DAYS MIN <= 32     50              49.8     0.2       39
DAYS MIN <= 0       0               0.5    -0.5        1

PRECIPITATION (INCHES)
RECORD
 MAXIMUM         4.79   1998
 MINIMUM         0.07   1929
TOTALS           2.58              1.99    0.59     2.57
DAILY AVG.       0.03              0.02    0.01     0.03
DAYS >= .01        14              15.7    -1.7       15
DAYS >= .10         6               6.3    -0.3        7
DAYS >= .50         1               0.5     0.5        1
DAYS >= 1.00        1               0.0     1.0        0

SNOWFALL (INCHES)
RECORDS
 TOTAL           19.6   1985
TOTALS            0.6               3.5    -2.9      0.3
DAYS >= 1.0         0               1.3    -1.3        0
GREATEST
 SNOW DEPTH         0   MM                            -1

DEGREE_DAYS
HEATING TOTAL    1315              1538    -223     1339
COOLING TOTAL      12                31     -19       30
..............................................................

WIND (MPH)
AVERAGE WIND SPEED              6.8
HIGHEST WIND SPEED/DIRECTION    39/270    DATE  10/30
HIGHEST GUST SPEED/DIRECTION    59/260    DATE  10/30

AVERAGE RH (PERCENT)     52

WEATHER CONDITIONS. NUMBER OF DAYS WITH
THUNDERSTORM              0     MIXED PRECIP               0
HEAVY RAIN                1     RAIN                       5
LIGHT RAIN               19     FREEZING RAIN              0
LT FREEZING RAIN          0     HAIL                       0
HEAVY SNOW                0     SNOW                       0
LIGHT SNOW                7     SLEET                      0
FOG                      13     FOG W/VIS <= 1/4 MILE      0
HAZE                     12

-  INDICATES NEGATIVE NUMBERS.
R  INDICATES RECORD WAS SET OR TIED.
MM INDICATES DATA IS MISSING.
T  INDICATES TRACE AMOUNT.

$$

DS
