922
CXUS55 KLKN 020347
CLSWMC


CLIMATE REPORT
NATIONAL WEATHER SERVICE ELKO NV
726 PM PST WED MAR 1 2017

...................................

...THE WINNEMUCCA AIRPORT NV CLIMATE SUMMARY FOR THE SEASON, FROM
12/1/2016 TO 2/28/2017...

CLIMATE NORMAL PERIOD 1981 TO 2010
CLIMATE RECORD PERIOD 1877 TO 2017

WEATHER         OBSERVED          NORMAL  DEPART  LAST YEAR`S
                 VALUE   DATE(S)  VALUE   FROM    VALUE
                                          NORMAL
.............................................................
TEMPERATURE (F)
RECORD
 HIGH              74   02/28/1986
                        02/19/1981
 LOW              -37   12/22/1990
HIGHEST            67   02/09        65       2       66
LOWEST             -7   01/06        -9       2      -13
AVG. MAXIMUM     40.4              43.3    -2.9     44.3
AVG. MINIMUM     20.7              19.5     1.2     23.3
MEAN             30.5              31.4    -0.9     33.8
DAYS MAX >= 90      0               0.0     0.0        0
DAYS MAX <= 32     20              10.2     9.8       12
DAYS MIN <= 32     76              80.3    -4.3       80
DAYS MIN <= 0       5               4.3     0.7        5

PRECIPITATION (INCHES)
RECORD
 MAXIMUM         7.84   1890
 MINIMUM         0.51   1977
TOTALS           4.79              2.46    2.33     3.88
DAILY AVG.       0.05              0.03    0.02     0.04
DAYS >= .01        39              24.0    15.0       31
DAYS >= .10        19               8.7    10.3       13
DAYS >= .50         1               0.5     0.5        1
DAYS >= 1.00        0               0.0     0.0        0

SNOWFALL (INCHES)
RECORDS
 TOTAL           68.0   1890
TOTALS           15.5              12.5     3.0     19.1
DAYS >= 1.0         4               4.6    -0.6        6
GREATEST
 SNOW DEPTH         4   01/03                          3

DEGREE_DAYS
HEATING TOTAL    3104              3021      83     2828
COOLING TOTAL       0                 0       0        0
..............................................................

WIND (MPH)
AVERAGE WIND SPEED              7.9
HIGHEST WIND SPEED/DIRECTION    40/220    DATE  02/16
HIGHEST GUST SPEED/DIRECTION    54/220    DATE  02/16

AVERAGE RH (PERCENT)     76

WEATHER CONDITIONS. NUMBER OF DAYS WITH
THUNDERSTORM              0     MIXED PRECIP               0
HEAVY RAIN                1     RAIN                       4
LIGHT RAIN               26     FREEZING RAIN              1
LT FREEZING RAIN          3     HAIL                       0
HEAVY SNOW                0     SNOW                       3
LIGHT SNOW               34     SLEET                      0
FOG                      41     FOG W/VIS <= 1/4 MILE      4
HAZE                      4

-  INDICATES NEGATIVE NUMBERS.
R  INDICATES RECORD WAS SET OR TIED.
MM INDICATES DATA IS MISSING.
T  INDICATES TRACE AMOUNT.

&&

=====================================================================

...7TH WETTEST METEOROLOGICAL WINTER (DECEMBER-FEBRUARY) ON RECORD IN
...WINNEMUCCA WITH A TOTAL PRECIP OF 4.79 INCHES...

$$

DS
