000
CXUS51 KCLE 070336
CLSYNG


CLIMATE REPORT
NATIONAL WEATHER SERVICE CLEVELAND OH
1132 PM EDT MON JUL 6 2015

...................................

...THE YOUNGSTOWN OH CLIMATE SUMMARY FOR THE SEASON, FROM
3/1/2015 TO 5/31/2015...

CLIMATE NORMAL PERIOD 1981 TO 2010
CLIMATE RECORD PERIOD 1897 TO 2015

WEATHER         OBSERVED          NORMAL  DEPART
                 VALUE   DATE(S)  VALUE   FROM
                                          NORMAL
................................................
TEMPERATURE (F)
RECORD
 HIGH              92   05/18/1962
 LOW              -10   03/02/1980
HIGHEST            89   05/08
LOWEST             -4   03/06
AVG. MAXIMUM     59.7              57.9     1.8
AVG. MINIMUM     38.2              37.4     0.8
MEAN             48.9              47.7     1.2
DAYS MAX >= 90      0               0.0
DAYS MAX <= 32      5               4.8
DAYS MIN <= 32     35              31.0
DAYS MIN <= 0       2               0.1

PRECIPITATION (INCHES)
RECORD
 MAXIMUM        20.33   2011
 MINIMUM         3.83   1915
TOTALS           9.75             10.09   -0.34
DAYS >= .01        48              42.2
DAYS >= .10        25              23.9
DAYS >= .50         2               6.2
DAYS >= 1.00        2               1.5

SNOWFALL (INCHES)
RECORDS
 TOTAL           33.0   1987
TOTALS            9.5              13.9
DAYS >= TRACE      17
DAYS >= 1.0         1               3.3

DEGREE_DAYS
HEATING TOTAL    1568              1632     -64
COOLING TOTAL     112                38      74
.................................................

WIND (MPH)
HIGHEST GUST SPEED/DIRECTION    52/230    DATE  05/11

SKY COVER
POSSIBLE SUNSHINE (PERCENT)   MM
NUMBER OF DAYS FAIR            7
NUMBER OF DAYS PC             37
NUMBER OF DAYS CLOUDY         48


WEATHER CONDITIONS. NUMBER OF DAYS WITH
THUNDERSTORM              0     MIXED PRECIP               0
HEAVY RAIN                7     RAIN                      13
LIGHT RAIN               51     FREEZING RAIN              0
LT FREEZING RAIN          1     HAIL                       0
HEAVY SNOW                1     SNOW                       6
LIGHT SNOW               16     SLEET                      4
FOG                      53     FOG W/VIS <= 1/4 MILE      6
HAZE                      8

-  INDICATES NEGATIVE NUMBERS.
R  INDICATES RECORD WAS SET OR TIED.
MM INDICATES DATA IS MISSING.
T  INDICATES TRACE AMOUNT.

$$
