081
CXUS51 KCLE 020220
CLSYNG


CLIMATE REPORT
NATIONAL WEATHER SERVICE CLEVELAND OH
914 PM EST FRI DEC 1 2017

...................................

...THE YOUNGSTOWN OH CLIMATE SUMMARY FOR THE SEASON, FROM
9/1/2017 TO 11/30/2017...

CLIMATE NORMAL PERIOD 1981 TO 2010
CLIMATE RECORD PERIOD 1897 TO 2017

WEATHER         OBSERVED          NORMAL  DEPART
                 VALUE   DATE(S)  VALUE   FROM
                                          NORMAL
................................................
TEMPERATURE (F)
RECORD
 HIGH              99   09/05/1954
 LOW                1   11/30/1976
                        11/30/1958
HIGHEST            91   09/24
LOWEST             13   11/11
AVG. MAXIMUM     64.6              60.6     4.0
AVG. MINIMUM     43.9              42.2     1.7
MEAN             54.2              51.4     2.8
DAYS MAX >= 90      3               0.2
DAYS MAX <= 32      0               1.7
DAYS MIN <= 32     18              16.9
DAYS MIN <= 0       0               0.0

PRECIPITATION (INCHES)
RECORD
 MAXIMUM        15.65   1911
 MINIMUM         3.08   1960
TOTALS           9.14              9.70   -0.56
DAYS >= .01        37              36.2
DAYS >= .10        21              20.9
DAYS >= .50         5               5.9
DAYS >= 1.00        2               1.7

SNOWFALL (INCHES)
RECORDS
 TOTAL           30.6   1950
TOTALS            1.0               4.4
DAYS >= TRACE       8
DAYS >= 1.0         0               1.4

DEGREE_DAYS
HEATING TOTAL    1081              1291    -210
COOLING TOTAL     125                58      67
.................................................

WIND (MPH)
HIGHEST GUST SPEED/DIRECTION    43/300    DATE  11/18

SKY COVER
POSSIBLE SUNSHINE (PERCENT)   MM
NUMBER OF DAYS FAIR           15
NUMBER OF DAYS PC             32
NUMBER OF DAYS CLOUDY         44


WEATHER CONDITIONS. NUMBER OF DAYS WITH
THUNDERSTORM              0     MIXED PRECIP               0
HEAVY RAIN                3     RAIN                      16
LIGHT RAIN               42     FREEZING RAIN              0
LT FREEZING RAIN          0     HAIL                       0
HEAVY SNOW                0     SNOW                       5
LIGHT SNOW                5     SLEET                      2
FOG                      55     FOG W/VIS <= 1/4 MILE      6
HAZE                      1

-  INDICATES NEGATIVE NUMBERS.
R  INDICATES RECORD WAS SET OR TIED.
MM INDICATES DATA IS MISSING.
T  INDICATES TRACE AMOUNT.

$$
