084
CXUS51 KCLE 012311
CLSYNG


CLIMATE REPORT
NATIONAL WEATHER SERVICE CLEVELAND OH
608 PM EST THU DEC 1 2016

...................................

...THE YOUNGSTOWN OH CLIMATE SUMMARY FOR THE SEASON, FROM
9/1/2016 TO 11/30/2016...

CLIMATE NORMAL PERIOD 1981 TO 2010
CLIMATE RECORD PERIOD 1897 TO 2016

WEATHER         OBSERVED          NORMAL  DEPART
                 VALUE   DATE(S)  VALUE   FROM
                                          NORMAL
................................................
TEMPERATURE (F)
RECORD
 HIGH              99   09/05/1954
 LOW                1   11/30/1976
                        11/30/1958
HIGHEST            89   09/07
LOWEST             21   11/23
AVG. MAXIMUM     65.9              60.6     5.3
AVG. MINIMUM     45.4              42.2     3.2
MEAN             55.7              51.4     4.3
DAYS MAX >= 90      0               0.2
DAYS MAX <= 32      0               1.7
DAYS MIN <= 32     15              16.9
DAYS MIN <= 0       0               0.0

PRECIPITATION (INCHES)
RECORD
 MAXIMUM        15.65   1911
 MINIMUM         3.08   1960
TOTALS          12.27              9.70    2.57
DAYS >= .01        35              36.2
DAYS >= .10        21              20.9
DAYS >= .50         7               5.9
DAYS >= 1.00        3               1.7

SNOWFALL (INCHES)
RECORDS
 TOTAL           30.6   1950
TOTALS            4.4               4.4
DAYS >= TRACE       5
DAYS >= 1.0         2               1.4

DEGREE_DAYS
HEATING TOTAL     966              1291    -325
COOLING TOTAL     136                58      78
.................................................

WIND (MPH)
HIGHEST GUST SPEED/DIRECTION    41/300    DATE  11/30

SKY COVER
POSSIBLE SUNSHINE (PERCENT)   MM
NUMBER OF DAYS FAIR           25
NUMBER OF DAYS PC             28
NUMBER OF DAYS CLOUDY         38


WEATHER CONDITIONS. NUMBER OF DAYS WITH
THUNDERSTORM              0     MIXED PRECIP               0
HEAVY RAIN                6     RAIN                      14
LIGHT RAIN               39     FREEZING RAIN              0
LT FREEZING RAIN          0     HAIL                       1
HEAVY SNOW                0     SNOW                       2
LIGHT SNOW                5     SLEET                      0
FOG                      45     FOG W/VIS <= 1/4 MILE      6
HAZE                      2

-  INDICATES NEGATIVE NUMBERS.
R  INDICATES RECORD WAS SET OR TIED.
MM INDICATES DATA IS MISSING.
T  INDICATES TRACE AMOUNT.

$$
