000
CXUS51 KCLE 032133
CLSYNG


CLIMATE REPORT
NATIONAL WEATHER SERVICE CLEVELAND OH
530 PM EDT WED SEP 3 2014

...................................

...THE YOUNGSTOWN OH CLIMATE SUMMARY FOR THE SEASON, FROM
6/1/2014 TO 8/31/2014...

CLIMATE NORMAL PERIOD 1981 TO 2010
CLIMATE RECORD PERIOD 1897 TO 2014

WEATHER         OBSERVED          NORMAL  DEPART
                 VALUE   DATE(S)  VALUE   FROM
                                          NORMAL
................................................
TEMPERATURE (F)
RECORD
 HIGH             100   07/16/1988
                        07/07/1988
                        07/14/1954
 LOW               30   06/11/1972
HIGHEST            89   07/01
LOWEST             43   06/06
AVG. MAXIMUM     79.0              79.6    -0.6
AVG. MINIMUM     57.9              57.8     0.1
MEAN             68.4              68.7    -0.3
DAYS MAX >= 90      0               4.8
DAYS MAX <= 32      0               0.0
DAYS MIN <= 32      0               0.0
DAYS MIN <= 0       0               0.0

PRECIPITATION (INCHES)
RECORD
 MAXIMUM        20.69   1986
 MINIMUM         5.72   1933
TOTALS          14.47             11.43    3.04
DAYS >= .01        43              33.0
DAYS >= .10        31              20.7
DAYS >= .50        10               7.4
DAYS >= 1.00        1               2.7

SNOWFALL (INCHES)
RECORDS
 TOTAL             MM   MM
TOTALS            0.0               0.0
DAYS >= TRACE       0
DAYS >= 1.0         0               0.0

DEGREE_DAYS
HEATING TOTAL      80               107     -27
COOLING TOTAL     422               447     -25
.................................................

WIND (MPH)
HIGHEST GUST SPEED/DIRECTION    40/150    DATE  06/11

SKY COVER
POSSIBLE SUNSHINE (PERCENT)   MM
NUMBER OF DAYS FAIR            5
NUMBER OF DAYS PC             52
NUMBER OF DAYS CLOUDY         35


WEATHER CONDITIONS. NUMBER OF DAYS WITH
THUNDERSTORM              0     MIXED PRECIP               0
HEAVY RAIN               17     RAIN                      25
LIGHT RAIN               48     FREEZING RAIN              0
LT FREEZING RAIN          0     HAIL                       0
HEAVY SNOW                0     SNOW                       0
LIGHT SNOW                0     SLEET                      0
FOG                      67     FOG W/VIS <= 1/4 MILE      6
HAZE                     14

-  INDICATES NEGATIVE NUMBERS.
R  INDICATES RECORD WAS SET OR TIED.
MM INDICATES DATA IS MISSING.
T  INDICATES TRACE AMOUNT.

$$
