000
CXUS51 KCLE 051109
CLSYNG


CLIMATE REPORT
NATIONAL WEATHER SERVICE CLEVELAND OH
707 AM EDT MON JUN 5 2017

...................................

...THE YOUNGSTOWN OH CLIMATE SUMMARY FOR THE SEASON, FROM
3/1/2017 TO 5/31/2017...

CLIMATE NORMAL PERIOD 1981 TO 2010
CLIMATE RECORD PERIOD 1897 TO 2017

WEATHER         OBSERVED          NORMAL  DEPART
                 VALUE   DATE(S)  VALUE   FROM
                                          NORMAL
................................................
TEMPERATURE (F)
RECORD
 HIGH              92   05/18/1962
 LOW              -10   03/02/1980
HIGHEST            86   05/17
LOWEST             12   03/05
AVG. MAXIMUM     59.5              57.9     1.6
AVG. MINIMUM     40.0              37.4     2.6
MEAN             49.8              47.7     2.1
DAYS MAX >= 90      0               0.0
DAYS MAX <= 32      8               4.8
DAYS MIN <= 32     24              31.0
DAYS MIN <= 0       0               0.1

PRECIPITATION (INCHES)
RECORD
 MAXIMUM        20.33   2011
 MINIMUM         3.83   1915
TOTALS          13.42             10.09    3.33
DAYS >= .01        58              42.2
DAYS >= .10        34              23.9
DAYS >= .50         7               6.2
DAYS >= 1.00        1               1.5

SNOWFALL (INCHES)
RECORDS
 TOTAL           33.0   1987
TOTALS           22.1              13.9
DAYS >= TRACE      17
DAYS >= 1.0         7               3.3

DEGREE_DAYS
HEATING TOTAL    1432              1632    -200
COOLING TOTAL      49                38      11
.................................................

WIND (MPH)
HIGHEST GUST SPEED/DIRECTION    70/230    DATE  03/08

SKY COVER
POSSIBLE SUNSHINE (PERCENT)   MM
NUMBER OF DAYS FAIR            4
NUMBER OF DAYS PC             28
NUMBER OF DAYS CLOUDY         60


WEATHER CONDITIONS. NUMBER OF DAYS WITH
THUNDERSTORM              0     MIXED PRECIP               0
HEAVY RAIN                7     RAIN                      19
LIGHT RAIN               50     FREEZING RAIN              0
LT FREEZING RAIN          2     HAIL                       1
HEAVY SNOW                1     SNOW                       6
LIGHT SNOW               17     SLEET                      2
FOG                      52     FOG W/VIS <= 1/4 MILE      4
HAZE                      1

-  INDICATES NEGATIVE NUMBERS.
R  INDICATES RECORD WAS SET OR TIED.
MM INDICATES DATA IS MISSING.
T  INDICATES TRACE AMOUNT.

$$
