000
CXUS53 KOAX 011030
CF6FNB
PRELIMINARY LOCAL CLIMATOLOGICAL DATA (WS FORM: F-6)
STATION: FALLS CITY NE
MONTH: FEBRUARY
YEAR: 2024
LATITUDE: 40 4 N
LONGITUDE: 95 35 W
TEMPERATURE IN F: :PCPN: SNOW: WIND :SUNSHINE: SKY :PK WND
================================================================================
1 2 3 4 5 6A 6B 7 8 9 10 11 12 13 14 15 16 17 18
12Z AVG MX 2MIN
DY MAX MIN AVG DEP HDD CDD WTR SNW DPTH SPD SPD DIR MIN PSBL S-S WX SPD DR
================================================================================
1 63 39 51 24 14 0 0.00 M M 5.8 12 180 M M 2 17 180
2 65 42 54 26 11 0 0.00 M M 11.5 21 100 M M 1 1 27 100
3 50 41 46 18 19 0 0.03 M M 12.5 21 100 M M 9 18 27 100
4 48 36 42 14 23 0 0.01 M M 8.9 15 20 M M 5 1 22 20
5 54 29 42 14 23 0 0.00 M M 5.0 14 280 M M 0 18 21 290
6 58 24 41 13 24 0 0.00 M M 6.7 15 150 M M 1 12 19 170
7 61 39 50 21 15 0 T M M 13.5 24 160 M M 1 36 190
8 62 40 51 22 14 0 0.00 M M 15.1 28 190 M M 1 40 190
9 54 29 42 13 23 0 0.00 M M 6.7 14 350 M M 1 23 330
10 45 27 36 6 29 0 0.00 M M 7.4 16 10 M M 3 22 20
11 44 23 34 4 31 0 0.00 M M 4.8 10 330 M M 3 18 310
12 53 19 36 6 29 0 0.00 M M 4.5 15 340 M M 0 23 320
13 59 29 44 14 21 0 0.00 M M 3.4 9 250 M M 3 14 270
14 66 25 46 15 19 0 0.02 M M 10.6 30 320 M M 2 3 39 310
15 44 27 36 5 29 0 0.00 M M 9.5 25 320 M M 4 35 320
16 34 12 23 -8 42 0 0.01 M M 12.1 21 320 M M 8 18 31 320
17 35 8 22 -10 43 0 0.00 M M 11.5 21 260 M M 0 27 250
18 53 22 38 6 27 0 0.00 M M 6.5 16 250 M M 0 21 250
19 60 23 42 10 23 0 0.00 M M 8.8 20 200 M M 0 27 170
20 70 24 47 14 18 0 0.00 M M 6.0 17 200 M M 0 26 200
21 74 34 54 21 11 0 0.00 M M 5.4 14 120 M M 0 8 21 80
22 67 40 54 20 11 0 0.00 M M 9.5 22 320 M M 2 29 330
23 64 30 47 13 18 0 0.00 M M 12.8 30 290 M M 1 39 310
24 66 22 44 10 21 0 0.00 M M 7.8 22 240 M M 0 1 32 230
25 73 31 52 17 13 0 0.00 M M 6.2 22 270 M M 0 29 300
26 82 34 58 23 7 0 0.00 M M 6.9 20 270 M M 0 25 280
27 64 19 42 6 23 0 T M M 13.7 37 320 M M 2 54 330
28 38 11 25 -11 40 0 0.00 M M 10.5 25 320 M M 0 37 330
29 59 23 41 5 24 0 0.00 M M 13.4 29 200 M M 0 41 190
================================================================================
SM 1665 802 645 0 0.07 M 257.0 M 49
================================================================================
AV 57.4 27.7 8.9 FASTST M M 2 MAX(MPH)
MISC ----> 37 320 54 330
================================================================================
NOTES:
# LAST OF SEVERAL OCCURRENCES
COLUMN 17 PEAK WIND IN M.P.H.
PRELIMINARY LOCAL CLIMATOLOGICAL DATA (WS FORM: F-6) , PAGE 2
STATION: FALLS CITY NE
MONTH: FEBRUARY
YEAR: 2024
LATITUDE: 40 4 N
LONGITUDE: 95 35 W
[TEMPERATURE DATA] [PRECIPITATION DATA] SYMBOLS USED IN COLUMN 16
AVERAGE MONTHLY: 42.5 TOTAL FOR MONTH: 0.07 1 = FOG OR MIST
DPTR FM NORMAL: 11.3 DPTR FM NORMAL: -0.92 2 = FOG REDUCING VISIBILITY
HIGHEST: 82 ON 26 GRTST 24HR 0.04 ON 3- 4 TO 1/4 MILE OR LESS
LOWEST: 8 ON 17 3 = THUNDER
SNOW, ICE PELLETS, HAIL 4 = ICE PELLETS
TOTAL MONTH: M 5 = HAIL
GRTST 24HR M ON M 6 = FREEZING RAIN OR DRIZZLE
GRTST DEPTH: M ON M 7 = DUSTSTORM OR SANDSTORM:
VSBY 1/2 MILE OR LESS
8 = SMOKE OR HAZE
[NO. OF DAYS WITH] [WEATHER - DAYS WITH] 9 = BLOWING SNOW
X = TORNADO
MAX 32 OR BELOW: 0 0.01 INCH OR MORE: 4
MAX 90 OR ABOVE: 0 0.10 INCH OR MORE: 0
MIN 32 OR BELOW: 20 0.50 INCH OR MORE: 0
MIN 0 OR BELOW: 0 1.00 INCH OR MORE: 0
[HDD (BASE 65) ]
TOTAL THIS MO. 645 CLEAR (SCALE 0-3) 23
DPTR FM NORMAL -301 PTCLDY (SCALE 4-7) 5
TOTAL FM JUL 1 3677 CLOUDY (SCALE 8-10) 1
DPTR FM NORMAL -726
[CDD (BASE 65) ]
TOTAL THIS MO. 0
DPTR FM NORMAL 0 [PRESSURE DATA]
TOTAL FM JAN 1 0 HIGHEST SLP 30.49 ON 17
DPTR FM NORMAL 0 LOWEST SLP 29.32 ON 27
[REMARKS]
#FINAL-02-24#