000
CXUS53 KOAX 011333
CLMLNK
CLIMATE REPORT
NATIONAL WEATHER SERVICE OMAHA/VALLEY NE
733 AM CST FRI DEC 01 2023
...................................
...THE LINCOLN NE CLIMATE SUMMARY FOR THE MONTH OF NOVEMBER 2023...
CLIMATE NORMAL PERIOD 1991 TO 2020
CLIMATE RECORD PERIOD 1887 TO 2023
WEATHER OBSERVED NORMAL DEPART
VALUE DATE(S) VALUE FROM
NORMAL
................................................
TEMPERATURE (F)
HIGHEST 72 11/13
11/14
11/15
LOWEST 15 11/27
AVG. MAXIMUM 57.5 51.7 5.8
AVG. MINIMUM 27.8 28.0 -0.2
MEAN 42.7 39.8 2.9
DAYS MAX >= 90 0
DAYS MAX <= 32 2
DAYS MIN <= 32 20
DAYS MIN <= 0 0
PRECIPITATION (INCHES)
RECORD
MAXIMUM 7.14 1909
MINIMUM T 1894
TOTALS 0.56 1.30 -0.74
DAYS >= .01 4
DAYS >= .10 3
DAYS >= .50 0
DAYS >= 1.00 0
GREATEST
24 HR. TOTAL 0.29 11/19 TO 11/20
SNOWFALL (INCHES)
RECORDS
TOTAL 12.6 1957
TOTALS 1.1 1.5 -0.4
SINCE 7/1 1.1
DAYS >= 1.0 0
GREATEST
SNOW DEPTH 1 11/26
24 HR TOTAL 1.1 11/25 TO 11/26
DEGREE DAYS
HEATING TOTAL 661 755 -94
SINCE 7/1 993 1204 -211
COOLING TOTAL 0 0 0
SINCE 1/1 1458 1269 189
................................................
WIND (MPH)
AVERAGE WIND SPEED 8.5
HIGHEST WIND SPEED/DIRECTION 32/340 DATE 11/21
HIGHEST GUST SPEED/DIRECTION 43/320 DATE 11/26
SKY COVER
AVERAGE SKY COVER 0.19
WEATHER CONDITIONS. NUMBER OF DAYS WITH
THUNDERSTORM 0 MIXED PRECIP 0
HEAVY RAIN 0 RAIN 1
LIGHT RAIN 4 FREEZING RAIN 0
LT FREEZING RAIN 0 HAIL 0
HEAVY SNOW 0 SNOW 1
LIGHT SNOW 2 SLEET 0
FOG 8 FOG W/VIS <= 1/4 MILE 0
HAZE 4
- INDICATES NEGATIVE NUMBERS.
R INDICATES RECORD WAS SET OR TIED.
MM INDICATES DATA IS MISSING.
T INDICATES TRACE AMOUNT.
&&
NOVEMBER IN LINCOLN WAS WARMER AND DRIER THAN NORMAL. THE MONTH
ENDED UP 2.9 DEGREES ABOVE NORMAL FOR AVERAGE TEMPERATURE AND 0.74
INCHES BELOW NORMAL FOR PRECIPITATION.
NEW DAILY RECORDS FOR NOVEMBER 2023
DATE RECORD VALUE PREVIOUS RECORD
NONE
$$