000
CXUS53 KOAX 011030
CF6OFK
PRELIMINARY LOCAL CLIMATOLOGICAL DATA (WS FORM: F-6)
STATION: NORFOLK NE
MONTH: DECEMBER
YEAR: 2020
LATITUDE: 41 58 N
LONGITUDE: 97 26 W
TEMPERATURE IN F: :PCPN: SNOW: WIND :SUNSHINE: SKY :PK WND
================================================================================
1 2 3 4 5 6A 6B 7 8 9 10 11 12 13 14 15 16 17 18
12Z AVG MX 2MIN
DY MAX MIN AVG DEP HDD CDD WTR SNW DPTH SPD SPD DIR MIN PSBL S-S WX SPD DR
================================================================================
1 45 22 34 6 31 0 0.00 0.0 0 6.9 17 170 M M 0 20 160
2 40 21 31 3 34 0 0.00 0.0 0 11.4 23 340 M M 3 32 340
3 48 21 35 7 30 0 0.00 0.0 0 8.1 15 290 M M 0 19 290
4 59 27 43 16 22 0 0.00 0.0 0 7.9 14 320 M M 0 19 320
5 52 30 41 14 24 0 0.00 0.0 0 10.4 20 330 M M 0 26 340
6 48 22 35 9 30 0 0.00 0.0 0 5.1 12 360 M M 0 18 15 340
7 57 25 41 15 24 0 0.00 0.0 0 8.9 18 320 M M 0 25 320
8 62 26 44 18 21 0 0.00 0.0 0 7.0 17 270 M M 0 22 280
9 60 35 48 23 17 0 0.00 0.0 0 6.7 15 340 M M 0 8 20 350
10 47 26 37 12 28 0 0.00 0.0 0 15.6 29 350 M M 0 38 350
11 38 31 35 10 30 0 0.02 T 0 16.3 28 30 M M 10 18 36 30
12 36 22 29 4 36 0 0.00 0.0 T 13.2 25 360 M M 7 8 36 360
13 35 17 26 2 39 0 0.00 0.0 0 9.6 20 310 M M 7 25 300
14 22 10 16 -8 49 0 0.00 0.0 0 7.3 15 120 M M 1 18 110
15 27 19 23 -1 42 0 T T 0 6.5 13 120 M M 9 8 15 150
16 34 17 26 2 39 0 0.00 0.0 0 6.6 16 210 M M 4 18 20 200
17 48 13 31 7 34 0 0.00 0.0 0 8.2 16 150 M M 0 23 160
18 49 24 37 14 28 0 0.00 0.0 0 13.2 25 340 M M 1 33 330
19 42 9 26 3 39 0 0.00 0.0 0 6.9 21 330 M M 0 26 340
20 49 25 37 14 28 0 0.00 0.0 0 11.5 21 210 M M 1 28 190
21 54 27 41 18 24 0 0.00 0.0 0 12.3 29 300 M M 3 42 290
22 56 24 40 17 25 0 0.00 0.0 0 17.9 37 190 M M 0 48 190
23 48 14 31 8 34 0 0.05 2.0 0 28.6 47 330 M M 7 289 66 310
24 16 3 10 -13 55 0 0.00 0.0 2 10.8 23 330 M M 5 30 330
25 46 3 25 2 40 0 0.00 0.0 2 5.1 10 270 M M 1 14 270
26 40 13 27 4 38 0 0.00 0.0 1 3.6 13 120 M M 0 18 16 130
27 39 23 31 9 34 0 T T T 12.9 30 330 M M 8 18 41 330
28 33 20 27 5 38 0 0.00 0.0 T 7.5 16 310 M M 5 20 310
29 33 22 28 6 37 0 0.43 7.5 3 11.5 26 320 M M 10 128 35 310
30 33 1 17 -5 48 0 0.00 0.0 7 10.2 30 330 M M 2 8 39 340
31 32 1 17 -5 48 0 0.00 0.0 6 7.0 20 190 M M 0 18 27 180
================================================================================
SM 1328 593 1046 0 0.50 9.5 314.7 M 84
================================================================================
AV 42.8 19.1 10.2 FASTST M M 3 MAX(MPH)
MISC ----> 47 330 66 310
================================================================================
NOTES:
# LAST OF SEVERAL OCCURRENCES
COLUMN 17 PEAK WIND IN M.P.H.
PRELIMINARY LOCAL CLIMATOLOGICAL DATA (WS FORM: F-6) , PAGE 2
STATION: NORFOLK NE
MONTH: DECEMBER
YEAR: 2020
LATITUDE: 41 58 N
LONGITUDE: 97 26 W
[TEMPERATURE DATA] [PRECIPITATION DATA] SYMBOLS USED IN COLUMN 16
AVERAGE MONTHLY: 31.0 TOTAL FOR MONTH: 0.50 1 = FOG OR MIST
DPTR FM NORMAL: 6.7 DPTR FM NORMAL: -0.25 2 = FOG REDUCING VISIBILITY
HIGHEST: 62 ON 8 GRTST 24HR 0.43 ON 29-29 TO 1/4 MILE OR LESS
LOWEST: 1 ON 31,30 3 = THUNDER
SNOW, ICE PELLETS, HAIL 4 = ICE PELLETS
TOTAL MONTH: 9.5 INCHES 5 = HAIL
GRTST 24HR 7.5 ON 29-29 6 = FREEZING RAIN OR DRIZZLE
GRTST DEPTH: 7 ON 30 7 = DUSTSTORM OR SANDSTORM:
VSBY 1/2 MILE OR LESS
8 = SMOKE OR HAZE
[NO. OF DAYS WITH] [WEATHER - DAYS WITH] 9 = BLOWING SNOW
X = TORNADO
MAX 32 OR BELOW: 4 0.01 INCH OR MORE: 3
MAX 90 OR ABOVE: 0 0.10 INCH OR MORE: 1
MIN 32 OR BELOW: 30 0.50 INCH OR MORE: 0
MIN 0 OR BELOW: 0 1.00 INCH OR MORE: 0
[HDD (BASE 65) ]
TOTAL THIS MO. 1046 CLEAR (SCALE 0-3) 21
DPTR FM NORMAL -215 PTCLDY (SCALE 4-7) 6
TOTAL FM JUL 1 2404 CLOUDY (SCALE 8-10) 4
DPTR FM NORMAL -303
[CDD (BASE 65) ]
TOTAL THIS MO. 0
DPTR FM NORMAL 0 [PRESSURE DATA]
TOTAL FM JAN 1 1133 HIGHEST SLP 30.47 ON 28
DPTR FM NORMAL 218 LOWEST SLP 29.32 ON 23
[REMARKS]
#FINAL-12-20#