000
CXUS56 KLOX 011255
CF6WJF
PRELIMINARY LOCAL CLIMATOLOGICAL DATA (WS FORM: F-6)
STATION: LANCASTER FOX FIELD CA
MONTH: FEBRUARY
YEAR: 2023
LATITUDE: 34 43 N
LONGITUDE: 118 13 W
TEMPERATURE IN F: :PCPN: SNOW: WIND :SUNSHINE: SKY :PK WND
================================================================================
1 2 3 4 5 6A 6B 7 8 9 10 11 12 13 14 15 16 17 18
12Z AVG MX 2MIN
DY MAX MIN AVG DEP HDD CDD WTR SNW DPTH SPD SPD DIR MIN PSBL S-S WX SPD DR
================================================================================
1 59 22 41 -5 24 0 0.00 M M 4.6 13 50 M M 0 16 30
2 61 25 43 -3 22 0 0.00 M M 2.9 10 290 M M 0 8 13 60
3 61 33 47 1 18 0 0.00 M M 2.6 12 300 M M 0 12 290
4 66 27 47 1 18 0 0.00 M M 4.6 17 250 M M 0 22 240
5 58 40 49 3 16 0 T M M 19.4 31 300 M M 2 37 300
6 59 30 45 -2 20 0 0.00 M M 8.7 22 290 M M 0 28 290
7 61 28 45 -2 20 0 0.00 M M 6.1 16 60 M M 0 20 60
8 68 28 48 1 17 0 0.00 M M 4.0 9 270 M M 0 10 290
9 68 29 49 2 16 0 0.00 M M 6.1 20 60 M M 0 8 23 70
10 63 28 46 -1 19 0 0.00 M M 5.3 13 50 M M 0 16 40
11 58 38 48 1 17 0 0.00 M M 11.5 24 240 M M 0 30 240
12 59 28 44 -3 21 0 0.00 M M 5.7 16 290 M M 4 19 60
13 65 32 49 1 16 0 0.00 M M 12.6 30 240 M M 0 36 240
14 48 33 41 -7 24 0 T M M 23.1 49 260 M M 3 8 57 260
15 54 23 39 -9 26 0 0.00 M M 5.3 20 60 M M 0 26 40
16 53 18 36 -12 29 0 0.00 M M 7.5 22 60 M M 0 27 50
17 56 26 41 -7 24 0 0.00 M M 6.8 22 80 M M 0 29 90
18 57 24 41 -7 24 0 0.00 M M 3.0 9 270 M M 0 11 270
19 66 21 44 -5 21 0 0.00 M M 5.4 17 70 M M 0 22 60
20 69 29 49 0 16 0 0.00 M M 4.2 12 50 M M 0 13 60
21 66 31 49 0 16 0 T M M 18.4 45 300 M M 1 8 55 290
22 47 32 40 -9 25 0 T M M 17.4 29 290 M M 7 35 300
23 47 31 39 -10 26 0 T M M 13.4 26 220 M M 5 36 220
24 48 33 41 -9 24 0 0.78 M M 10.1 23 190 M M 10 1 32 190
25 46 32 39 -11 26 0 1.06 M M 6.1 24 270 M M 9 1 28 240
26 48 33 41 -9 24 0 0.00 M M 16.3 29 280 M M 1 34 240
27 48 36 42 -8 23 0 0.01 M M 15.1 31 220 M M 4 41 210
28 51 37 44 -6 21 0 0.01 M M 15.6 26 220 M M 5 34 220
================================================================================
SM 1610 827 593 0 1.86 M 261.8 M 51
================================================================================
AV 57.5 29.5 9.3 FASTST M M 2 MAX(MPH)
MISC ----> 49 260 57 260
================================================================================
NOTES:
# LAST OF SEVERAL OCCURRENCES
COLUMN 17 PEAK WIND IN M.P.H.
PRELIMINARY LOCAL CLIMATOLOGICAL DATA (WS FORM: F-6) , PAGE 2
STATION: LANCASTER FOX FIELD CA
MONTH: FEBRUARY
YEAR: 2023
LATITUDE: 34 43 N
LONGITUDE: 118 13 W
[TEMPERATURE DATA] [PRECIPITATION DATA] SYMBOLS USED IN COLUMN 16
AVERAGE MONTHLY: 43.5 TOTAL FOR MONTH: 1.86 1 = FOG OR MIST
DPTR FM NORMAL: -4.5 DPTR FM NORMAL: 0.10 2 = FOG REDUCING VISIBILITY
HIGHEST: 69 ON 20 GRTST 24HR 1.59 ON 24-25 TO 1/4 MILE OR LESS
LOWEST: 18 ON 16 3 = THUNDER
SNOW, ICE PELLETS, HAIL 4 = ICE PELLETS
TOTAL MONTH: M 5 = HAIL
GRTST 24HR M ON M 6 = FREEZING RAIN OR DRIZZLE
GRTST DEPTH: M ON M 7 = DUSTSTORM OR SANDSTORM:
VSBY 1/2 MILE OR LESS
8 = SMOKE OR HAZE
[NO. OF DAYS WITH] [WEATHER - DAYS WITH] 9 = BLOWING SNOW
X = TORNADO
MAX 32 OR BELOW: 0 0.01 INCH OR MORE: 4
MAX 90 OR ABOVE: 0 0.10 INCH OR MORE: 2
MIN 32 OR BELOW: 20 0.50 INCH OR MORE: 2
MIN 0 OR BELOW: 0 1.00 INCH OR MORE: 1
[HDD (BASE 65) ]
TOTAL THIS MO. 593 CLEAR (SCALE 0-3) 21
DPTR FM NORMAL 117 PTCLDY (SCALE 4-7) 5
TOTAL FM JUL 1 2398 CLOUDY (SCALE 8-10) 2
DPTR FM NORMAL 91
[CDD (BASE 65) ]
TOTAL THIS MO. 0
DPTR FM NORMAL 0 [PRESSURE DATA]
TOTAL FM JAN 1 0 HIGHEST SLP 30.46 ON 2
DPTR FM NORMAL 0 LOWEST SLP 29.53 ON 21
[REMARKS]
#FINAL-02-23#