000
CXUS53 KEAX 250736
CF6IXD
PRELIMINARY LOCAL CLIMATOLOGICAL DATA (WS FORM: F-6)
STATION: NEW CENTURY AIR CENTER KS
MONTH: APRIL
YEAR: 2024
LATITUDE: 38 49 N
LONGITUDE: 94 54 W
TEMPERATURE IN F: :PCPN: SNOW: WIND :SUNSHINE: SKY :PK WND
================================================================================
1 2 3 4 5 6A 6B 7 8 9 10 11 12 13 14 15 16 17 18
12Z AVG MX 2MIN
DY MAX MIN AVG DEP HDD CDD WTR SNW DPTH SPD SPD DIR MIN PSBL S-S WX SPD DR
================================================================================
1 75 51 63 12 2 0 0.30 M M 11.4 24 320 M M 8 13 33 310
2 53 41 47 -4 18 0 0.12 M M 15.9 28 320 M M 8 18 36 330
3 56 37 47 -4 18 0 0.04 M M M 35 340 M M M 45 330
4 62 34 48 -4 17 0 0.00 M M 11.1 24 320 M M 0 32 320
5 64 32 48 -4 17 0 0.00 M M 8.2 16 100 M M 0 23 110
6 73 45 59 7 6 0 0.18 M M 18.9 33 140 M M 2 49 110
7 71 51 61 9 4 0 0.00 M M 15.3 33 240 M M 4 50 240
8 69 44 57 4 8 0 0.00 M M 3.8 10 280 M M 0 8 14 280
9 68 40 54 1 11 0 0.00 M M 7.2 16 310 M M 0 8 23 310
10 66 40 53 0 12 0 0.00 M M 7.4 16 10 M M 1 20 20
11 65 46 56 2 9 0 0.00 M M 17.3 31 320 M M 1 43 300
12 70 40 55 1 10 0 0.00 M M 7.3 15 280 M M 0 23 310
13 86 50 68 14 0 3 0.00 M M 14.5 31 190 M M 0 42 180
14 85 56 71 17 0 6 0.00 M M 8.2 20 220 M M 0 29 190
15 83 63 73 18 0 8 T M M 11.6 23 140 M M 4 3 31 130
16 80 61 71 16 0 6 0.16 M M 21.4 44 210 M M 5 13 62 220
17 80 57 69 14 0 4 0.00 M M 9.7 21 290 M M 0 3 29 250
18 69 41 55 -1 10 0 0.03 M M 13.7 31 360 M M 7 13 42 360
19 62 36 49 -7 16 0 0.00 M M 7.0 18 350 M M 3 22 340
20 56 39 48 -8 17 0 T M M 9.7 21 350 M M 6 28 20
21 60 36 48 -8 17 0 0.00 M M 6.9 18 330 M M 3 29 290
22 72 34 53 -4 12 0 0.00 M M 14.4 30 200 M M 0 43 190
23 76 50 63 6 2 0 T M M 8.5 17 330 M M 3 29 340
24 75 44 60 3 5 0 T M M 3.6 12 150 M M 0 15 110
================================================================================
SM 1676 1068 211 27 0.83 M 253.0 M 55
================================================================================
AV 69.8 44.5 11.0 FASTST M M 2 MAX(MPH)
MISC ----> 44 210 62 220
================================================================================
NOTES:
# LAST OF SEVERAL OCCURRENCES
COLUMN 17 PEAK WIND IN M.P.H.
PRELIMINARY LOCAL CLIMATOLOGICAL DATA (WS FORM: F-6) , PAGE 2
STATION: NEW CENTURY AIR CENTER KS
MONTH: APRIL
YEAR: 2024
LATITUDE: 38 49 N
LONGITUDE: 94 54 W
[TEMPERATURE DATA] [PRECIPITATION DATA] SYMBOLS USED IN COLUMN 16
AVERAGE MONTHLY: 57.2 TOTAL FOR MONTH: 0.83 1 = FOG OR MIST
DPTR FM NORMAL: 3.2 DPTR FM NORMAL: -1.99 2 = FOG REDUCING VISIBILITY
HIGHEST: 86 ON 13 GRTST 24HR 0.42 ON 1- 2 TO 1/4 MILE OR LESS
LOWEST: 32 ON 5 3 = THUNDER
SNOW, ICE PELLETS, HAIL 4 = ICE PELLETS
TOTAL MONTH: M 5 = HAIL
GRTST 24HR M ON M 6 = FREEZING RAIN OR DRIZZLE
GRTST DEPTH: M ON M 7 = DUSTSTORM OR SANDSTORM:
VSBY 1/2 MILE OR LESS
8 = SMOKE OR HAZE
[NO. OF DAYS WITH] [WEATHER - DAYS WITH] 9 = BLOWING SNOW
X = TORNADO
MAX 32 OR BELOW: 0 0.01 INCH OR MORE: 6
MAX 90 OR ABOVE: 0 0.10 INCH OR MORE: 4
MIN 32 OR BELOW: 1 0.50 INCH OR MORE: 0
MIN 0 OR BELOW: 0 1.00 INCH OR MORE: 0
[HDD (BASE 65) ]
TOTAL THIS MO. 211 CLEAR (SCALE 0-3) 16
DPTR FM NORMAL -67 PTCLDY (SCALE 4-7) 6
TOTAL FM JUL 1 3899 CLOUDY (SCALE 8-10) 2
DPTR FM NORMAL -919
[CDD (BASE 65) ]
TOTAL THIS MO. 27
DPTR FM NORMAL 19 [PRESSURE DATA]
TOTAL FM JAN 1 32 HIGHEST SLP M ON M
DPTR FM NORMAL 20 LOWEST SLP 29.45 ON 16
[REMARKS]