000
CXUS53 KSGF 290710
CF6JLN
PRELIMINARY LOCAL CLIMATOLOGICAL DATA (WS FORM: F-6)
STATION: JOPLIN MO
MONTH: MARCH
YEAR: 2024
LATITUDE: 37 10 N
LONGITUDE: 94 30 W
TEMPERATURE IN F: :PCPN: SNOW: WIND :SUNSHINE: SKY :PK WND
================================================================================
1 2 3 4 5 6A 6B 7 8 9 10 11 12 13 14 15 16 17 18
12Z AVG MX 2MIN
DY MAX MIN AVG DEP HDD CDD WTR SNW DPTH SPD SPD DIR MIN PSBL S-S WX SPD DR
================================================================================
1 55 36 46 2 19 0 T M M 6.6 14 210 M M 5 19 200
2 79 40 60 16 5 0 0.00 M M 14.4 29 180 M M 0 38 180
3 81 60 71 27 0 6 0.00 M M 19.8 32 200 M M 0 44 220
4 79 57 68 23 0 3 0.00 M M 16.4 33 190 M M 3 43 180
5 57 40 49 4 16 0 0.00 M M 9.5 16 360 M M 7 8 23 30
6 64 46 55 10 10 0 0.00 M M 8.0 14 100 M M 6 1 20 120
7 60 53 57 11 8 0 1.00 M M 7.2 18 120 M M 8 13 27 130
8 57 39 48 2 17 0 0.01 M M 11.6 21 360 M M 10 13 27 360
9 52 35 44 -2 21 0 0.00 M M 11.0 20 360 M M 4 31 320
10 62 28 45 -2 20 0 0.00 M M 4.6 13 240 M M 0 17 250
11 68 39 54 7 11 0 0.00 M M 12.6 23 220 M M 0 30 220
12 75 53 64 17 1 0 0.12 M M 19.0 31 190 M M 3 3 43 190
13 80 54 67 19 0 2 0.00 M M 14.3 26 180 M M 2 37 180
14 79 54 67 19 0 2 T M M 13.0 29 230 M M 6 3 36 220
15 64 44 54 6 11 0 0.00 M M 10.7 22 10 M M 6 18 34 10
16 67 37 52 3 13 0 0.00 M M 5.6 17 280 M M 4 24 260
17 56 32 44 -5 21 0 0.00 M M 11.4 24 350 M M 2 33 350
18 43 26 35 -14 30 0 0.00 M M 9.3 21 350 M M 0 27 350
19 70 28 49 -1 16 0 0.00 M M 15.5 29 220 M M 0 40 230
20 69 49 59 9 6 0 0.00 M M 9.6 16 50 M M 1 22 40
21 71 42 57 7 8 0 0.00 M M 7.8 17 120 M M 3 23 110
22 68 40 54 3 11 0 0.00 M M 9.8 26 350 M M 7 8 35 360
23 55 35 45 -6 20 0 0.00 M M 11.2 20 20 M M 5 8 29 140
24 67 47 57 6 8 0 0.56 M M 14.9 28 170 M M 6 138 36 180
25 61 37 49 -3 16 0 0.02 M M 16.6 28 240 M M 7 1 39 230
26 43 31 37 -15 28 0 T M M 12.8 26 240 M M 8 40 240
27 55 24 40 -12 25 0 0.00 M M 3.5 9 40 M M 1 13 40
28 66 31 49 -4 16 0 0.00 M M 8.1 17 210 M M 0 8 22 210
================================================================================
SM 1803 1137 357 13 1.71 M 314.8 M 104
================================================================================
AV 64.4 40.6 11.2 FASTST M M 4 MAX(MPH)
MISC ----> 33 190 44 220
================================================================================
NOTES:
# LAST OF SEVERAL OCCURRENCES
COLUMN 17 PEAK WIND IN M.P.H.
PRELIMINARY LOCAL CLIMATOLOGICAL DATA (WS FORM: F-6) , PAGE 2
STATION: JOPLIN MO
MONTH: MARCH
YEAR: 2024
LATITUDE: 37 10 N
LONGITUDE: 94 30 W
[TEMPERATURE DATA] [PRECIPITATION DATA] SYMBOLS USED IN COLUMN 16
AVERAGE MONTHLY: 52.5 TOTAL FOR MONTH: 1.71 1 = FOG OR MIST
DPTR FM NORMAL: 4.3 DPTR FM NORMAL: -1.22 2 = FOG REDUCING VISIBILITY
HIGHEST: 81 ON 3 GRTST 24HR 1.01 ON 7- 8 TO 1/4 MILE OR LESS
LOWEST: 24 ON 27 3 = THUNDER
SNOW, ICE PELLETS, HAIL 4 = ICE PELLETS
TOTAL MONTH: M 5 = HAIL
GRTST 24HR M ON M 6 = FREEZING RAIN OR DRIZZLE
GRTST DEPTH: M ON M 7 = DUSTSTORM OR SANDSTORM:
VSBY 1/2 MILE OR LESS
8 = SMOKE OR HAZE
[NO. OF DAYS WITH] [WEATHER - DAYS WITH] 9 = BLOWING SNOW
X = TORNADO
MAX 32 OR BELOW: 0 0.01 INCH OR MORE: 5
MAX 90 OR ABOVE: 0 0.10 INCH OR MORE: 3
MIN 32 OR BELOW: 7 0.50 INCH OR MORE: 2
MIN 0 OR BELOW: 0 1.00 INCH OR MORE: 1
[HDD (BASE 65) ]
TOTAL THIS MO. 357 CLEAR (SCALE 0-3) 14
DPTR FM NORMAL -123 PTCLDY (SCALE 4-7) 13
TOTAL FM JUL 1 3177 CLOUDY (SCALE 8-10) 1
DPTR FM NORMAL -573
[CDD (BASE 65) ]
TOTAL THIS MO. 13
DPTR FM NORMAL 11 [PRESSURE DATA]
TOTAL FM JAN 1 13 HIGHEST SLP M ON M
DPTR FM NORMAL 10 LOWEST SLP 29.36 ON 25
[REMARKS]