000
CXUS52 KTAE 280800
CF6MAI
PRELIMINARY LOCAL CLIMATOLOGICAL DATA (WS FORM: F-6)
STATION: MARIANNA
MONTH: MARCH
YEAR: 2024
LATITUDE: 30 50 N
LONGITUDE: 85 11 W
TEMPERATURE IN F: :PCPN: SNOW: WIND :SUNSHINE: SKY :PK WND
================================================================================
1 2 3 4 5 6A 6B 7 8 9 10 11 12 13 14 15 16 17 18
12Z AVG MX 2MIN
DY MAX MIN AVG DEP HDD CDD WTR SNW DPTH SPD SPD DIR MIN PSBL S-S WX SPD DR
================================================================================
1 64 52 58 0 7 0 0.53 0.0 M 8.7 18 320 M M 8 1 23 320
2 76 52 64 5 1 0 T 0.0 M 3.6 12 360 M M 9 12 14 350
3 82 61 72 13 0 7 0.06 0.0 M 3.3 14 160 M M 7 12 18 170
4 77 60 69 10 0 4 0.00 0.0 M 5.8 12 90 M M 6 1 17 100
5 68 62 65 6 0 0 0.29 0.0 0 6.5 24 140 M M 9 1 43 140
6 77 56 67 7 0 2 0.01 0.0 0 6.1 18 270 M M 7 1 27 280
7 78 49 64 4 1 0 0.00 0.0 0 2.8 10 50 M M 0 14 50
8 77 53 65 5 0 0 0.40 0.0 M 7.9 21 160 M M 4 13 29 160
9 77 61 69 9 0 4 1.55 0.0 M 10.6 25 200 M M 7 13 34 190
10 67 51 59 -1 6 0 0.00 0.0 0 10.7 20 330 M M 0 26 310
11 64 42 53 -8 12 0 0.00 0.0 0 4.2 12 40 M M 0 17 40
12 75 38 57 -4 8 0 0.00 0.0 0 1.4 13 200 M M 0 16 200
13 76 42 59 -2 6 0 0.00 0.0 0 1.7 13 210 M M 0 16 220
14 83 48 66 5 0 1 0.00 0.0 0 3.5 10 190 M M 3 12 16 190
15 84 59 72 11 0 7 0.61 0.0 0 6.8 22 330 M M 2 13 28 320
16 80 62 71 9 0 6 T 0.0 0 3.6 10 340 M M 4 1 13 270
17 75 59 67 5 0 2 0.75 0.0 0 4.4 28 300 M M 6 13 37 300
18 70 47 59 -3 6 0 T 0.0 0 10.3 23 300 M M 5 31 320
19 63 37 50 -12 15 0 0.00 0.0 0 5.8 17 30 M M 0 24 350
20 73 37 55 -7 10 0 0.00 0.0 0 4.2 14 230 M M 0 20 220
21 76 44 60 -2 5 0 0.00 0.0 0 2.7 14 190 M M 2 19 180
22 68 58 63 0 2 0 0.08 0.0 0 5.9 16 150 M M 8 13 28 140
23 74 57 66 3 0 1 0.13 0.0 0 10.0 24 360 M M 5 1 34 340
24 75 48 62 -1 3 0 0.00 0.0 M 8.5 20 100 M M 0 30 120
25 79 53 66 3 0 1 0.00 0.0 0 10.4 18 160 M M 5 30 130
26 72 60 66 3 0 1 0.74 0.0 0 7.7 23 160 M M 8 13 32 170
27 79 61 70 6 0 5 0.00 0.0 0 8.1 15 50 M M 6 1 20 20
================================================================================
SM 2009 1409 82 41 5.15 0.0 165.2 M 111
================================================================================
AV 74.4 52.2 6.1 FASTST M M 4 MAX(MPH)
MISC ----> 28 300 43 140
================================================================================
NOTES:
# LAST OF SEVERAL OCCURRENCES
COLUMN 17 PEAK WIND IN M.P.H.
PRELIMINARY LOCAL CLIMATOLOGICAL DATA (WS FORM: F-6) , PAGE 2
STATION: MARIANNA
MONTH: MARCH
YEAR: 2024
LATITUDE: 30 50 N
LONGITUDE: 85 11 W
[TEMPERATURE DATA] [PRECIPITATION DATA] SYMBOLS USED IN COLUMN 16
AVERAGE MONTHLY: 63.3 TOTAL FOR MONTH: 5.15 1 = FOG OR MIST
DPTR FM NORMAL: 2.2 DPTR FM NORMAL: 0.79 2 = FOG REDUCING VISIBILITY
HIGHEST: 84 ON 15 GRTST 24HR 1.95 ON 8- 9 TO 1/4 MILE OR LESS
LOWEST: 37 ON 20,19 3 = THUNDER
SNOW, ICE PELLETS, HAIL 4 = ICE PELLETS
TOTAL MONTH: 0.0 INCH 5 = HAIL
GRTST 24HR 0.0 6 = FREEZING RAIN OR DRIZZLE
GRTST DEPTH: 0 7 = DUSTSTORM OR SANDSTORM:
VSBY 1/2 MILE OR LESS
8 = SMOKE OR HAZE
[NO. OF DAYS WITH] [WEATHER - DAYS WITH] 9 = BLOWING SNOW
X = TORNADO
MAX 32 OR BELOW: 0 0.01 INCH OR MORE: 11
MAX 90 OR ABOVE: 0 0.10 INCH OR MORE: 8
MIN 32 OR BELOW: 0 0.50 INCH OR MORE: 5
MIN 0 OR BELOW: 0 1.00 INCH OR MORE: 1
[HDD (BASE 65) ]
TOTAL THIS MO. 82 CLEAR (SCALE 0-3) 11
DPTR FM NORMAL -66 PTCLDY (SCALE 4-7) 11
TOTAL FM JUL 1 1405 CLOUDY (SCALE 8-10) 5
DPTR FM NORMAL -52
[CDD (BASE 65) ]
TOTAL THIS MO. 41
DPTR FM NORMAL 0 [PRESSURE DATA]
TOTAL FM JAN 1 66 HIGHEST SLP M ON M
DPTR FM NORMAL -3 LOWEST SLP 29.67 ON 22
[REMARKS]