000
CXUS51 KAKQ 190710
CF6ORF
PRELIMINARY LOCAL CLIMATOLOGICAL DATA (WS FORM: F-6)
STATION: NORFOLK VA
MONTH: APRIL
YEAR: 2024
LATITUDE: 36 54 N
LONGITUDE: 76 12 W
TEMPERATURE IN F: :PCPN: SNOW: WIND :SUNSHINE: SKY :PK WND
================================================================================
1 2 3 4 5 6A 6B 7 8 9 10 11 12 13 14 15 16 17 18
12Z AVG MX 2MIN
DY MAX MIN AVG DEP HDD CDD WTR SNW DPTH SPD SPD DIR MIN PSBL S-S WX SPD DR
================================================================================
1 80 50 65 10 0 0 0.00 0.0 0 9.3 18 10 M M 3 1 26 20
2 69 50 60 4 5 0 0.00 0.0 0 7.4 16 40 M M 7 1 22 80
3 75 51 63 7 2 0 0.09 0.0 0 13.3 33 210 M M 6 1 48 210
4 61 44 53 -3 12 0 T 0.0 0 8.9 20 250 M M 5 35 240
5 63 45 54 -3 11 0 T 0.0 0 9.1 21 360 M M 4 31 360
6 58 44 51 -6 14 0 0.00 0.0 0 9.1 15 340 M M 5 32 340
7 60 44 52 -5 13 0 0.00 0.0 0 7.6 16 360 M M 2 24 20
8 73 41 57 -1 8 0 0.00 0.0 0 9.1 16 210 M M 0 24 210
9 77 58 68 10 0 3 T 0.0 0 12.1 18 240 M M 2 27 220
10 77 63 70 12 0 5 T 0.0 0 11.4 23 230 M M 6 32 230
11 75 62 69 10 0 4 0.42 0.0 0 16.7 35 190 M M 5 13 54 160
12 73 59 66 7 0 1 0.11 0.0 0 16.1 30 210 M M 3 13 42 200
13 72 54 63 4 2 0 0.00 0.0 0 9.4 18 280 M M 0 33 280
14 79 46 63 3 2 0 0.00 0.0 0 11.7 25 220 M M 0 34 200
15 90 62 76 16 0 11 0.20 0.0 0 11.3 29 30 M M 1 3 44 40
16 68 56 62 2 3 0 T 0.0 0 8.1 24 60 M M 1 33 70
17 84 56 70 9 0 5 0.00 0.0 0 10.4 22 210 M M 1 30 200
18 75 51 63 2 2 0 0.00 0.0 0 10.3 18 90 M M 2 27 90
================================================================================
SM 1309 936 74 29 0.82 0.0 191.3 M 53
================================================================================
AV 72.7 52.0 10.6 FASTST M M 3 MAX(MPH)
MISC ----> 35 190 54 160
================================================================================
NOTES:
# LAST OF SEVERAL OCCURRENCES
COLUMN 17 PEAK WIND IN M.P.H.
PRELIMINARY LOCAL CLIMATOLOGICAL DATA (WS FORM: F-6) , PAGE 2
STATION: NORFOLK VA
MONTH: APRIL
YEAR: 2024
LATITUDE: 36 54 N
LONGITUDE: 76 12 W
[TEMPERATURE DATA] [PRECIPITATION DATA] SYMBOLS USED IN COLUMN 16
AVERAGE MONTHLY: 62.4 TOTAL FOR MONTH: 0.82 1 = FOG OR MIST
DPTR FM NORMAL: 4.2 DPTR FM NORMAL: -1.15 2 = FOG REDUCING VISIBILITY
HIGHEST: 90 ON 15 GRTST 24HR 0.53 ON 11-12 TO 1/4 MILE OR LESS
LOWEST: 41 ON 8 3 = THUNDER
SNOW, ICE PELLETS, HAIL 4 = ICE PELLETS
TOTAL MONTH: 0.0 INCH 5 = HAIL
GRTST 24HR 0.0 6 = FREEZING RAIN OR DRIZZLE
GRTST DEPTH: 0 7 = DUSTSTORM OR SANDSTORM:
VSBY 1/2 MILE OR LESS
8 = SMOKE OR HAZE
[NO. OF DAYS WITH] [WEATHER - DAYS WITH] 9 = BLOWING SNOW
X = TORNADO
MAX 32 OR BELOW: 0 0.01 INCH OR MORE: 4
MAX 90 OR ABOVE: 1 0.10 INCH OR MORE: 3
MIN 32 OR BELOW: 0 0.50 INCH OR MORE: 0
MIN 0 OR BELOW: 0 1.00 INCH OR MORE: 0
[HDD (BASE 65) ]
TOTAL THIS MO. 74 CLEAR (SCALE 0-3) 11
DPTR FM NORMAL -72 PTCLDY (SCALE 4-7) 7
TOTAL FM JUL 1 2547 CLOUDY (SCALE 8-10) 0
DPTR FM NORMAL -412
[CDD (BASE 65) ]
TOTAL THIS MO. 29
DPTR FM NORMAL 4 [PRESSURE DATA]
TOTAL FM JAN 1 44 HIGHEST SLP M ON M
DPTR FM NORMAL 8 LOWEST SLP 29.23 ON 3
[REMARKS]