000
CXUS52 KTBW 201000
CF6PIE
PRELIMINARY LOCAL CLIMATOLOGICAL DATA (WS FORM: F-6)
STATION: ST PETERSBURG CLEARWATER
MONTH: APRIL
YEAR: 2024
LATITUDE: 27 55 N
LONGITUDE: 82 41 W
TEMPERATURE IN F: :PCPN: SNOW: WIND :SUNSHINE: SKY :PK WND
================================================================================
1 2 3 4 5 6A 6B 7 8 9 10 11 12 13 14 15 16 17 18
12Z AVG MX 2MIN
DY MAX MIN AVG DEP HDD CDD WTR SNW DPTH SPD SPD DIR MIN PSBL S-S WX SPD DR
================================================================================
1 80 60 70 0 0 5 0.00 0.0 0 7.4 16 240 M M 0 23 240
2 84 64 74 4 0 9 0.00 0.0 0 12.2 23 190 M M 1 32 180
3 81 61 71 0 0 6 0.91 0.0 0 14.7 37 210 M M 9 13 50 210
4 74 62 68 -3 0 3 0.00 0.0 0 12.2 18 280 M M 0 28 310
5 77 57 67 -4 0 2 0.00 0.0 0 9.4 18 250 M M 0 30 250
6 75 59 67 -4 0 2 0.00 0.0 0 9.9 17 320 M M 0 25 340
7 78 60 69 -2 0 4 0.00 0.0 0 8.1 17 110 M M 0 24 120
8 81 62 72 0 0 7 0.00 0.0 0 11.2 18 120 M M 0 25 120
9 83 64 74 2 0 9 0.00 0.0 0 10.0 20 130 M M 3 27 130
10 86 67 77 5 0 12 0.00 0.0 0 15.0 25 190 M M 2 31 200
11 79 68 74 2 0 9 0.53 0.0 0 18.6 36 190 M M 7 13 49 170
12 77 62 70 -2 0 5 0.00 0.0 0 13.1 25 320 M M 0 35 310
13 81 63 72 0 0 7 0.00 0.0 0 8.0 15 30 M M 0 24 30
14 83 56 70 -3 0 5 0.00 0.0 0 5.8 14 320 M M 0 21 300
15 85 62 74 1 0 9 0.00 0.0 0 7.3 14 330 M M 0 8 18 330
16 87 61 74 1 0 9 0.00 0.0 0 8.3 16 300 M M 0 8 20 110
17 87 67 77 4 0 12 0.00 0.0 0 8.3 17 130 M M 0 18 22 140
18 86 69 78 4 0 13 0.00 0.0 0 6.2 12 330 M M 0 8 16 340
19 87 66 77 3 0 12 0.00 0.0 0 6.1 16 280 M M 0 8 21 300
================================================================================
SM 1551 1190 0 140 1.44 0.0 191.8 M 22
================================================================================
AV 81.6 62.6 10.1 FASTST M M 1 MAX(MPH)
MISC ----> 37 210 50 210
================================================================================
NOTES:
# LAST OF SEVERAL OCCURRENCES
COLUMN 17 PEAK WIND IN M.P.H.
PRELIMINARY LOCAL CLIMATOLOGICAL DATA (WS FORM: F-6) , PAGE 2
STATION: ST PETERSBURG CLEARWATER
MONTH: APRIL
YEAR: 2024
LATITUDE: 27 55 N
LONGITUDE: 82 41 W
[TEMPERATURE DATA] [PRECIPITATION DATA] SYMBOLS USED IN COLUMN 16
AVERAGE MONTHLY: 72.1 TOTAL FOR MONTH: 1.44 1 = FOG OR MIST
DPTR FM NORMAL: 0.2 DPTR FM NORMAL: -0.20 2 = FOG REDUCING VISIBILITY
HIGHEST: 87 ON 17,16 GRTST 24HR 0.91 ON 3- 3 TO 1/4 MILE OR LESS
LOWEST: 56 ON 14 3 = THUNDER
SNOW, ICE PELLETS, HAIL 4 = ICE PELLETS
TOTAL MONTH: 0.0 INCH 5 = HAIL
GRTST 24HR 0.0 6 = FREEZING RAIN OR DRIZZLE
GRTST DEPTH: 0 7 = DUSTSTORM OR SANDSTORM:
VSBY 1/2 MILE OR LESS
8 = SMOKE OR HAZE
[NO. OF DAYS WITH] [WEATHER - DAYS WITH] 9 = BLOWING SNOW
X = TORNADO
MAX 32 OR BELOW: 0 0.01 INCH OR MORE: 2
MAX 90 OR ABOVE: 0 0.10 INCH OR MORE: 2
MIN 32 OR BELOW: 0 0.50 INCH OR MORE: 2
MIN 0 OR BELOW: 0 1.00 INCH OR MORE: 0
[HDD (BASE 65) ]
TOTAL THIS MO. 0 CLEAR (SCALE 0-3) 16
DPTR FM NORMAL -1 PTCLDY (SCALE 4-7) 2
TOTAL FM JUL 1 329 CLOUDY (SCALE 8-10) 1
DPTR FM NORMAL -111
[CDD (BASE 65) ]
TOTAL THIS MO. 140
DPTR FM NORMAL 2 [PRESSURE DATA]
TOTAL FM JAN 1 422 HIGHEST SLP M ON M
DPTR FM NORMAL 22 LOWEST SLP 29.71 ON 3
[REMARKS]