000
CXUS54 KEWX 281010
CF6SSF
PRELIMINARY LOCAL CLIMATOLOGICAL DATA (WS FORM: F-6)
STATION: SAN ANTONIO STINSON FIELD
MONTH: MARCH
YEAR: 2024
LATITUDE: 29 19 N
LONGITUDE: 98 29 W
TEMPERATURE IN F: :PCPN: SNOW: WIND :SUNSHINE: SKY :PK WND
================================================================================
1 2 3 4 5 6A 6B 7 8 9 10 11 12 13 14 15 16 17 18
12Z AVG MX 2MIN
DY MAX MIN AVG DEP HDD CDD WTR SNW DPTH SPD SPD DIR MIN PSBL S-S WX SPD DR
================================================================================
1 73 46 60 -1 5 0 T M M 2.9 10 160 M M 5 18 13 200
2 82 44 63 2 2 0 0.00 M M 4.8 15 140 M M 0 1 22 140
3 78 64 71 9 0 6 0.00 M M 7.3 17 160 M M 9 22 150
4 83 65 74 12 0 9 0.00 M M 6.5 14 170 M M 5 18 21 140
5 91 55 73 11 0 8 0.00 M M 2.8 14 270 M M 1 128 18 240
6 82 56 69 7 0 4 0.00 M M 6.5 16 120 M M 2 128 22 130
7 78 67 73 11 0 8 T M M 10.0 21 140 M M 9 1 26 130
8 84 57 71 8 0 6 0.25 M M 9.6 25 360 M M 3 1 38 350
9 65 47 56 -7 9 0 0.00 M M 11.5 21 10 M M 1 31 20
10 67 47 57 -6 8 0 T M M 4.5 12 100 M M 0 17 60
11 73 46 60 -3 5 0 T M M 5.8 14 130 M M 5 20 130
12 75 56 66 2 0 1 0.00 M M 7.2 17 170 M M 8 23 170
13 89 66 78 14 0 13 0.00 M M 10.3 21 120 M M 7 1 28 130
14 80 72 76 12 0 11 0.00 M M 9.7 20 170 M M 9 28 150
15 81 67 74 10 0 9 T M M 10.8 20 40 M M 9 13 32 40
16 82 63 73 9 0 8 0.19 M M 8.4 21 50 M M 8 13 28 50
17 69 60 65 0 0 0 1.06 M M 9.1 22 70 M M 7 13 34 60
18 66 53 60 -5 5 0 T M M 10.5 21 50 M M 5 32 20
19 58 47 53 -12 12 0 T M M 4.7 13 160 M M 8 16 130
20 66 55 61 -4 4 0 T M M 4.2 10 140 M M 10 1 15 180
21 72 57 65 -1 0 0 0.94 M M 5.6 12 120 M M 9 123 16 110
22 85 57 71 5 0 6 0.00 M M 8.6 21 30 M M 4 12 35 20
23 74 51 63 -3 2 0 0.00 M M 6.0 16 50 M M 1 27 40
24 74 56 65 -1 0 0 T M M 9.6 25 140 M M 9 33 130
25 81 58 70 4 0 5 0.19 M M 8.8 20 340 M M 5 1 32 330
26 73 53 63 -4 2 0 0.00 M M 7.1 15 70 M M 0 22 60
27 73 49 61 -6 4 0 0.07 M M 5.1 18 350 M M 4 29 350
================================================================================
SM 2054 1514 58 94 2.70 M 197.9 M 143
================================================================================
AV 76.1 56.1 7.3 FASTST M M 5 MAX(MPH)
MISC ----> # 25 360 38 350
================================================================================
NOTES:
# LAST OF SEVERAL OCCURRENCES
COLUMN 17 PEAK WIND IN M.P.H.
PRELIMINARY LOCAL CLIMATOLOGICAL DATA (WS FORM: F-6) , PAGE 2
STATION: SAN ANTONIO STINSON FIELD
MONTH: MARCH
YEAR: 2024
LATITUDE: 29 19 N
LONGITUDE: 98 29 W
[TEMPERATURE DATA] [PRECIPITATION DATA] SYMBOLS USED IN COLUMN 16
AVERAGE MONTHLY: 66.1 TOTAL FOR MONTH: 2.70 1 = FOG OR MIST
DPTR FM NORMAL: 2.1 DPTR FM NORMAL: 0.61 2 = FOG REDUCING VISIBILITY
HIGHEST: 91 ON 5 GRTST 24HR 1.24 ON 16-17 TO 1/4 MILE OR LESS
LOWEST: 44 ON 2 3 = THUNDER
SNOW, ICE PELLETS, HAIL 4 = ICE PELLETS
TOTAL MONTH: M 5 = HAIL
GRTST 24HR M ON M 6 = FREEZING RAIN OR DRIZZLE
GRTST DEPTH: M ON M 7 = DUSTSTORM OR SANDSTORM:
VSBY 1/2 MILE OR LESS
8 = SMOKE OR HAZE
[NO. OF DAYS WITH] [WEATHER - DAYS WITH] 9 = BLOWING SNOW
X = TORNADO
MAX 32 OR BELOW: 0 0.01 INCH OR MORE: 6
MAX 90 OR ABOVE: 1 0.10 INCH OR MORE: 5
MIN 32 OR BELOW: 0 0.50 INCH OR MORE: 2
MIN 0 OR BELOW: 0 1.00 INCH OR MORE: 1
[HDD (BASE 65) ]
TOTAL THIS MO. 58 CLEAR (SCALE 0-3) 7
DPTR FM NORMAL -46 PTCLDY (SCALE 4-7) 12
TOTAL FM JUL 1 1034 CLOUDY (SCALE 8-10) 8
DPTR FM NORMAL -173
[CDD (BASE 65) ]
TOTAL THIS MO. 94
DPTR FM NORMAL 19 [PRESSURE DATA]
TOTAL FM JAN 1 141 HIGHEST SLP M ON M
DPTR FM NORMAL 20 LOWEST SLP 29.41 ON 25
[REMARKS]