000
CDUS43 KOAX 280655
CLIOFK


CLIMATE REPORT
NATIONAL WEATHER SERVICE OMAHA NEBRASKA
154 AM CDT SUN AUG 28 2016


...................................

...THE NORFOLK, NEBRASKA CLIMATE SUMMARY FOR AUGUST 27 2016...

CLIMATE NORMAL PERIOD 1981 TO 2010
CLIMATE RECORD PERIOD 1888 TO 2016


WEATHER ITEM   OBSERVED TIME   RECORD YEAR NORMAL DEPARTURE LAST
                VALUE   (LST)  VALUE       VALUE  FROM      YEAR
                                                  NORMAL
..................................................................
TEMPERATURE (F)
 YESTERDAY
  MAXIMUM         81    527 PM 102    1955  83     -2       82
                                      1913
  MINIMUM         63    639 AM  38    1911  59      4       66
  AVERAGE         72                        71      1       74

PRECIPITATION (IN)
  YESTERDAY        0.02          1.59 1942   0.09  -0.07     0.90
  MONTH TO DATE    2.33                      2.87  -0.54     2.69
  SINCE JUN 1      8.42                     10.45  -2.03    12.43
  SINCE JAN 1     24.87                     20.15   4.72    19.39

SNOWFALL (IN)
  YESTERDAY        0.0                       0.0    0.0      0.0
  MONTH TO DATE    0.0                       0.0    0.0      0.0
  SINCE JUL 1      0.0                       0.0    0.0      0.0
  SNOW DEPTH       0

DEGREE DAYS
 HEATING
  YESTERDAY        0                         1     -1        0
  MONTH TO DATE    6                         4      2       20
  SINCE JUN 1     16                        38    -22       27
  SINCE JUL 1     13                         8      5       24

 COOLING
  YESTERDAY        7                         7      0        9
  MONTH TO DATE  200                       231    -31      183
  SINCE JUN 1    771                       731     40      673
  SINCE JAN 1    809                       792     17      706
..................................................................


WIND (MPH)
  HIGHEST WIND SPEED    13   HIGHEST WIND DIRECTION     S (160)
  HIGHEST GUST SPEED    17   HIGHEST GUST DIRECTION     S (160)
  AVERAGE WIND SPEED     5.4


SKY COVER
  POSSIBLE SUNSHINE  MM
  AVERAGE SKY COVER 0.5


WEATHER CONDITIONS
 THE FOLLOWING WEATHER WAS RECORDED YESTERDAY.
  LIGHT RAIN
  FOG


RELATIVE HUMIDITY (PERCENT)
 HIGHEST   100           300 AM
 LOWEST     51           500 PM
 AVERAGE    76

..........................................................


THE NORFOLK, NEBRASKA CLIMATE NORMALS FOR TODAY
                         NORMAL    RECORD    YEAR
 MAXIMUM TEMPERATURE (F)   83       100      1984
 MINIMUM TEMPERATURE (F)   59        38      1917


SUNRISE AND SUNSET
AUGUST 28 2016........SUNRISE   652 AM CDT   SUNSET   809 PM CDT
AUGUST 29 2016........SUNRISE   653 AM CDT   SUNSET   807 PM CDT


-  INDICATES NEGATIVE NUMBERS.
R  INDICATES RECORD WAS SET OR TIED.
MM INDICATES DATA IS MISSING.
T  INDICATES TRACE AMOUNT.




$$
