000
CDUS43 KOAX 290624
CLIOFK


CLIMATE REPORT
NATIONAL WEATHER SERVICE OMAHA NEBRASKA
121 AM CDT SUN MAY 29 2016


...................................

...THE NORFOLK, NEBRASKA CLIMATE SUMMARY FOR MAY 28 2016...

CLIMATE NORMAL PERIOD 1981 TO 2010
CLIMATE RECORD PERIOD 1888 TO 2016


WEATHER ITEM   OBSERVED TIME   RECORD YEAR NORMAL DEPARTURE LAST
                VALUE   (LST)  VALUE       VALUE  FROM      YEAR
                                                  NORMAL
..................................................................
TEMPERATURE (F)
 YESTERDAY
  MAXIMUM         69    235 PM 100    1934  76     -7       79
  MINIMUM         53   1146 PM  30    1947  53      0       62
  AVERAGE         61                        64     -3       71

PRECIPITATION (IN)
  YESTERDAY        0.24          2.73 1929   0.14   0.10     0.00
  MONTH TO DATE    6.04                      3.50   2.54     3.30
  SINCE MAR 1     13.66                      7.92   5.74     6.06
  SINCE JAN 1     15.81                      9.27   6.54     6.94

SNOWFALL (IN)
  YESTERDAY        0.0                       0.0    0.0      0.0
  MONTH TO DATE    0.0                       0.3   -0.3      0.0
  SINCE JUL 1     53.0                      30.8   22.2     20.7
  SNOW DEPTH       0

DEGREE DAYS
 HEATING
  YESTERDAY        4                         3      1        0
  MONTH TO DATE  193                       180     13      169
  SINCE MAR 1   1275                      1510   -235     1223
  SINCE JUL 1   5576                      6603  -1027     6269

 COOLING
  YESTERDAY        0                         3     -3        6
  MONTH TO DATE   28                        41    -13       28
  SINCE MAR 1     28                        53    -25       33
  SINCE JAN 1     28                        53    -25       33
..................................................................


WIND (MPH)
  HIGHEST WIND SPEED    25   HIGHEST WIND DIRECTION    NW (310)
  HIGHEST GUST SPEED    35   HIGHEST GUST DIRECTION    NW (310)
  AVERAGE WIND SPEED    11.7


SKY COVER
  POSSIBLE SUNSHINE  MM
  AVERAGE SKY COVER 0.7


WEATHER CONDITIONS
 THE FOLLOWING WEATHER WAS RECORDED YESTERDAY.
  RAIN
  LIGHT RAIN
  FOG


RELATIVE HUMIDITY (PERCENT)
 HIGHEST    93           500 AM
 LOWEST     68           400 PM
 AVERAGE    81

..........................................................


THE NORFOLK, NEBRASKA CLIMATE NORMALS FOR TODAY
                         NORMAL    RECORD    YEAR
 MAXIMUM TEMPERATURE (F)   76       106      1934
 MINIMUM TEMPERATURE (F)   53        25      1947


SUNRISE AND SUNSET
MAY 29 2016...........SUNRISE   558 AM CDT   SUNSET   857 PM CDT
MAY 30 2016...........SUNRISE   557 AM CDT   SUNSET   858 PM CDT


-  INDICATES NEGATIVE NUMBERS.
R  INDICATES RECORD WAS SET OR TIED.
MM INDICATES DATA IS MISSING.
T  INDICATES TRACE AMOUNT.


$$

BCM
