000
CDUS43 KOAX 020607
CLIOFK


CLIMATE REPORT
NATIONAL WEATHER SERVICE OMAHA NEBRASKA
106 AM CDT SUN AUG 2 2015


...................................

...THE NORFOLK, NEBRASKA CLIMATE SUMMARY FOR AUGUST 1 2015...

CLIMATE NORMAL PERIOD 1981 TO 2010
CLIMATE RECORD PERIOD 1888 TO 2015


WEATHER ITEM   OBSERVED TIME   RECORD YEAR NORMAL DEPARTURE LAST
                VALUE   (LST)  VALUE       VALUE  FROM      YEAR
                                                  NORMAL
..................................................................
TEMPERATURE (F)
 YESTERDAY
  MAXIMUM         89        MM 104    1918  86      3       84
  MINIMUM         59        MM  47    1925  64     -5       53
  AVERAGE         74                        75     -1       69

PRECIPITATION (IN)
  YESTERDAY        0.01          2.18 1972   0.11  -0.10     0.00
  MONTH TO DATE    0.01                      0.11  -0.10     0.00
  SINCE JUN 1      9.75                      7.69   2.06    12.52
  SINCE JAN 1     16.71                     17.39  -0.68    18.01

SNOWFALL (IN)
  YESTERDAY        0.0                       0.0    0.0      0.0
  MONTH TO DATE    0.0                       0.0    0.0      0.0
  SINCE JUL 1      0.0                       0.0    0.0      0.0
  SNOW DEPTH       0

DEGREE DAYS
 HEATING
  YESTERDAY        0                         0      0        0
  MONTH TO DATE    0                         0      0        0
  SINCE JUN 1      7                        34    -27       37
  SINCE JUL 1      4                         4      0       12

 COOLING
  YESTERDAY        9                        10     -1        4
  MONTH TO DATE    9                        10     -1        4
  SINCE JUN 1    499                       510    -11      394
  SINCE JAN 1    532                       571    -39      491
..................................................................


WIND (MPH)
  HIGHEST WIND SPEED    15   HIGHEST WIND DIRECTION     W (280)
  HIGHEST GUST SPEED    MM   HIGHEST GUST DIRECTION    MM
  AVERAGE WIND SPEED     5.6


SKY COVER
  POSSIBLE SUNSHINE  MM
  AVERAGE SKY COVER 0.2


WEATHER CONDITIONS
 THE FOLLOWING WEATHER WAS RECORDED YESTERDAY.
  LIGHT RAIN


RELATIVE HUMIDITY (PERCENT)
 HIGHEST   100           200 AM
 LOWEST     34           400 PM
 AVERAGE    67

..........................................................


THE NORFOLK, NEBRASKA CLIMATE NORMALS FOR TODAY
                         NORMAL    RECORD    YEAR
 MAXIMUM TEMPERATURE (F)   86       106      1930
 MINIMUM TEMPERATURE (F)   63        45      1907


SUNRISE AND SUNSET
AUGUST  2 2015........SUNRISE   624 AM CDT   SUNSET   847 PM CDT
AUGUST  3 2015........SUNRISE   625 AM CDT   SUNSET   846 PM CDT


-  INDICATES NEGATIVE NUMBERS.
R  INDICATES RECORD WAS SET OR TIED.
MM INDICATES DATA IS MISSING.
T  INDICATES TRACE AMOUNT.




$$
