000
CDUS43 KOAX 310629
CLIOFK


CLIMATE REPORT
NATIONAL WEATHER SERVICE OMAHA NEBRASKA
128 AM CDT MON AUG 31 2015


...................................

...THE NORFOLK, NEBRASKA CLIMATE SUMMARY FOR AUGUST 30 2015...

CLIMATE NORMAL PERIOD 1981 TO 2010
CLIMATE RECORD PERIOD 1888 TO 2015


WEATHER ITEM   OBSERVED TIME   RECORD YEAR NORMAL DEPARTURE LAST
                VALUE   (LST)  VALUE       VALUE  FROM      YEAR
                                                  NORMAL
..................................................................
TEMPERATURE (F)
 YESTERDAY
  MAXIMUM         78    402 PM 102    2012  82     -4       80
  MINIMUM         62    422 AM  37    1915  58      4       61
  AVERAGE         70                        70      0       71

PRECIPITATION (IN)
  YESTERDAY        0.00          1.88 1969   0.09  -0.09     0.00
  MONTH TO DATE    2.69                      3.15  -0.46     5.87
  SINCE JUN 1     12.43                     10.73   1.70    18.39
  SINCE JAN 1     19.39                     20.43  -1.04    23.88

SNOWFALL (IN)
  YESTERDAY        0.0                       0.0    0.0      0.0
  MONTH TO DATE    0.0                       0.0    0.0      0.0
  SINCE JUL 1      0.0                       0.0    0.0      0.0
  SNOW DEPTH       0

DEGREE DAYS
 HEATING
  YESTERDAY        0                         1     -1        0
  MONTH TO DATE   20                         7     13        0
  SINCE JUN 1     27                        41    -14       37
  SINCE JUL 1     24                        11     13       12

 COOLING
  YESTERDAY        5                         6     -1        6
  MONTH TO DATE  194                       250    -56      233
  SINCE JUN 1    684                       750    -66      623
  SINCE JAN 1    717                       811    -94      720
..................................................................


WIND (MPH)
  HIGHEST WIND SPEED    18   HIGHEST WIND DIRECTION     S (160)
  HIGHEST GUST SPEED    23   HIGHEST GUST DIRECTION     S (160)
  AVERAGE WIND SPEED    11.3


SKY COVER
  POSSIBLE SUNSHINE  MM
  AVERAGE SKY COVER 0.5


WEATHER CONDITIONS
 THE FOLLOWING WEATHER WAS RECORDED YESTERDAY.
  FOG


RELATIVE HUMIDITY (PERCENT)
 HIGHEST   100          1200 AM
 LOWEST     64           300 PM
 AVERAGE    82

..........................................................


THE NORFOLK, NEBRASKA CLIMATE NORMALS FOR TODAY
                         NORMAL    RECORD    YEAR
 MAXIMUM TEMPERATURE (F)   82       102      1922
 MINIMUM TEMPERATURE (F)   58        40      1967


SUNRISE AND SUNSET
AUGUST 31 2015........SUNRISE   654 AM CDT   SUNSET   805 PM CDT
SEPTEMBER  1 2015.....SUNRISE   655 AM CDT   SUNSET   804 PM CDT


-  INDICATES NEGATIVE NUMBERS.
R  INDICATES RECORD WAS SET OR TIED.
MM INDICATES DATA IS MISSING.
T  INDICATES TRACE AMOUNT.




$$
