000
CDUS43 KOAX 260637
CLIOFK


CLIMATE REPORT
NATIONAL WEATHER SERVICE OMAHA NEBRASKA
1234 AM CST MON JAN 26 2015


...................................

...THE NORFOLK, NEBRASKA CLIMATE SUMMARY FOR JANUARY 25 2015...

CLIMATE NORMAL PERIOD 1981 TO 2010
CLIMATE RECORD PERIOD 1888 TO 2015


WEATHER ITEM   OBSERVED TIME   RECORD YEAR NORMAL DEPARTURE LAST
                VALUE   (LST)  VALUE       VALUE  FROM      YEAR
                                                  NORMAL
..................................................................
TEMPERATURE (F)
 YESTERDAY
  MAXIMUM         41   1222 AM  63    2005  33      8       50
  MINIMUM         28    844 PM -26    1905  12     16       28
  AVERAGE         35                        23     12       39

PRECIPITATION (IN)
  YESTERDAY        T             0.40 1950   0.02  -0.02      T
                                      1921
                                      1902
  MONTH TO DATE    0.27                      0.46  -0.19     0.13
  SINCE DEC 1      1.47                      1.21   0.26     0.27
  SINCE JAN 1      0.27                      0.46  -0.19     0.13

SNOWFALL (IN)
  YESTERDAY        T                         0.2   -0.2       T
  MONTH TO DATE    3.7                       5.0   -1.3      1.0
  SINCE JUL 1     13.3                      15.9   -2.6      4.3
  SNOW DEPTH       0

DEGREE DAYS
 HEATING
  YESTERDAY       30                        42    -12       26
  MONTH TO DATE 1038                      1069    -31     1053
  SINCE DEC 1   2174                      2330   -156     2429
  SINCE JUL 1   3667                      3775   -108     3815

 COOLING
  YESTERDAY        0                         0      0        0
  MONTH TO DATE    0                         0      0        0
  SINCE DEC 1      0                         0      0        0
  SINCE JAN 1      0                         0      0        0
..................................................................


WIND (MPH)
  HIGHEST WIND SPEED    37   HIGHEST WIND DIRECTION    NW (330)
  HIGHEST GUST SPEED    46   HIGHEST GUST DIRECTION    NW (330)
  AVERAGE WIND SPEED    13.0


SKY COVER
  POSSIBLE SUNSHINE  MM
  AVERAGE SKY COVER 1.0


WEATHER CONDITIONS
 THE FOLLOWING WEATHER WAS RECORDED YESTERDAY.
  LIGHT SNOW
  FOG


RELATIVE HUMIDITY (PERCENT)
 HIGHEST    92           800 PM
 LOWEST     76           200 PM
 AVERAGE    84

..........................................................


THE NORFOLK, NEBRASKA CLIMATE NORMALS FOR TODAY
                         NORMAL    RECORD    YEAR
 MAXIMUM TEMPERATURE (F)   34        74      2002
 MINIMUM TEMPERATURE (F)   12       -24      1950


SUNRISE AND SUNSET
JANUARY 26 2015.......SUNRISE   748 AM CST   SUNSET   537 PM CST
JANUARY 27 2015.......SUNRISE   747 AM CST   SUNSET   538 PM CST


-  INDICATES NEGATIVE NUMBERS.
R  INDICATES RECORD WAS SET OR TIED.
MM INDICATES DATA IS MISSING.
T  INDICATES TRACE AMOUNT.




$$
