000
CDUS43 KOAX 280628
CLIOFK


CLIMATE REPORT
NATIONAL WEATHER SERVICE OMAHA NEBRASKA
125 AM CDT SUN MAY 28 2017


...................................

...THE NORFOLK, NEBRASKA CLIMATE SUMMARY FOR MAY 27 2017...

CLIMATE NORMAL PERIOD 1981 TO 2010
CLIMATE RECORD PERIOD 1888 TO 2017


WEATHER ITEM   OBSERVED TIME   RECORD YEAR NORMAL DEPARTURE LAST
                VALUE   (LST)  VALUE       VALUE  FROM      YEAR
                                                  NORMAL
..................................................................
TEMPERATURE (F)
 YESTERDAY
  MAXIMUM         74    243 PM  93    2006  76     -2       76
  MINIMUM         50   1133 PM  33    1992  52     -2       57
  AVERAGE         62                        64     -2       67

PRECIPITATION (IN)
  YESTERDAY        0.03          2.61 1977   0.14  -0.11     1.57
  MONTH TO DATE    4.33                      3.36   0.97     5.80
  SINCE MAR 1      9.37                      7.78   1.59    13.42
  SINCE JAN 1     11.61                      9.13   2.48    15.57

SNOWFALL (IN)
  YESTERDAY        0.0                       0.0    0.0      0.0
  MONTH TO DATE    1.5                       0.3    1.2      0.0
  SINCE JUL 1     32.2                      30.8    1.4     53.0
  SNOW DEPTH       0

DEGREE DAYS
 HEATING
  YESTERDAY        3                         3      0        0
  MONTH TO DATE  195                       177     18      189
  SINCE MAR 1   1419                      1507    -88     1271
  SINCE JUL 1   5874                      6600   -726     5572

 COOLING
  YESTERDAY        0                         2     -2        2
  MONTH TO DATE   28                        38    -10       28
  SINCE MAR 1     28                        50    -22       28
  SINCE JAN 1     28                        50    -22       28
..................................................................


WIND (MPH)
  HIGHEST WIND SPEED    18   HIGHEST WIND DIRECTION     N (340)
  HIGHEST GUST SPEED    22   HIGHEST GUST DIRECTION    NW (330)
  AVERAGE WIND SPEED     7.5


SKY COVER
  POSSIBLE SUNSHINE  MM
  AVERAGE SKY COVER 0.6


WEATHER CONDITIONS
 THE FOLLOWING WEATHER WAS RECORDED YESTERDAY.
  LIGHT RAIN


RELATIVE HUMIDITY (PERCENT)
 HIGHEST    89          1100 PM
 LOWEST     41           100 PM
 AVERAGE    65

..........................................................


THE NORFOLK, NEBRASKA CLIMATE NORMALS FOR TODAY
                         NORMAL    RECORD    YEAR
 MAXIMUM TEMPERATURE (F)   76       100      1934
 MINIMUM TEMPERATURE (F)   53        30      1947


SUNRISE AND SUNSET
MAY 28 2017...........SUNRISE   559 AM CDT   SUNSET   856 PM CDT
MAY 29 2017...........SUNRISE   558 AM CDT   SUNSET   857 PM CDT


-  INDICATES NEGATIVE NUMBERS.
R  INDICATES RECORD WAS SET OR TIED.
MM INDICATES DATA IS MISSING.
T  INDICATES TRACE AMOUNT.




$$
