000
CDUS43 KOAX 160753
CLIOFK


CLIMATE REPORT
NATIONAL WEATHER SERVICE OMAHA NEBRASKA
251 AM CDT WED APR 16 2014


...................................

...THE NORFOLK, NEBRASKA CLIMATE SUMMARY FOR APRIL 15 2014...

CLIMATE NORMAL PERIOD 1981 TO 2010
CLIMATE RECORD PERIOD 1888 TO 2014


WEATHER ITEM   OBSERVED TIME   RECORD YEAR NORMAL DEPARTURE LAST
                VALUE   (LST)  VALUE       VALUE  FROM      YEAR
                                                  NORMAL
..................................................................
TEMPERATURE (F)
 YESTERDAY
  MAXIMUM         55    614 PM  94    2002  62     -7       49
  MINIMUM         19    547 AM  18    1905  37    -18       30
  AVERAGE         37                        50    -13       40

PRECIPITATION (IN)
  YESTERDAY        0.00          1.14 2011   0.09  -0.09     0.00
  MONTH TO DATE    1.46                      1.20   0.26     2.62
  SINCE MAR 1      1.83                      2.97  -1.14     3.90
  SINCE JAN 1      2.39                      4.32  -1.93     4.80

SNOWFALL (IN)
  YESTERDAY        0.0                       0.1   -0.1      0.0
  MONTH TO DATE    4.5                       1.7    2.8      2.8
  SINCE JUL 1     19.9                      29.6   -9.7     23.5
  SNOW DEPTH       0

DEGREE DAYS
 HEATING
  YESTERDAY       28                        16     12       25
  MONTH TO DATE  289                       278     11      338
  SINCE MAR 1   1233                      1134     99     1330
  SINCE JUL 1   6583                      6227    356     6251

 COOLING
  YESTERDAY        0                         0      0        0
  MONTH TO DATE    0                         0      0        0
  SINCE MAR 1      0                         0      0        0
  SINCE JAN 1      0                         0      0        0
..................................................................


WIND (MPH)
  HIGHEST WIND SPEED    26   HIGHEST WIND DIRECTION     S (160)
  HIGHEST GUST SPEED    33   HIGHEST GUST DIRECTION     S (160)
  AVERAGE WIND SPEED    13.0


SKY COVER
  POSSIBLE SUNSHINE  MM
  AVERAGE SKY COVER 0.0


WEATHER CONDITIONS
 THE FOLLOWING WEATHER WAS RECORDED YESTERDAY.
  NO SIGNIFICANT WEATHER WAS OBSERVED.


RELATIVE HUMIDITY (PERCENT)
 HIGHEST    84           300 AM
 LOWEST     32           600 PM
 AVERAGE    58

..........................................................


THE NORFOLK, NEBRASKA CLIMATE NORMALS FOR TODAY
                         NORMAL    RECORD    YEAR
 MAXIMUM TEMPERATURE (F)   62        90      1964
 MINIMUM TEMPERATURE (F)   38        14      1904


SUNRISE AND SUNSET
APRIL 16 2014.........SUNRISE   648 AM CDT   SUNSET   812 PM CDT
APRIL 17 2014.........SUNRISE   646 AM CDT   SUNSET   813 PM CDT


-  INDICATES NEGATIVE NUMBERS.
R  INDICATES RECORD WAS SET OR TIED.
MM INDICATES DATA IS MISSING.
T  INDICATES TRACE AMOUNT.




$$
