000
CDUS43 KOAX 050650
CLIOFK


CLIMATE REPORT
NATIONAL WEATHER SERVICE OMAHA NEBRASKA
1249 AM CST MON DEC 5 2016


...................................

...THE NORFOLK, NEBRASKA CLIMATE SUMMARY FOR DECEMBER 4 2016...

CLIMATE NORMAL PERIOD 1981 TO 2010
CLIMATE RECORD PERIOD 1888 TO 2016


WEATHER ITEM   OBSERVED TIME   RECORD YEAR NORMAL DEPARTURE LAST
                VALUE   (LST)  VALUE       VALUE  FROM      YEAR
                                                  NORMAL
..................................................................
TEMPERATURE (F)
 YESTERDAY
  MAXIMUM         50    356 PM  65    1916  37     13       46
  MINIMUM         27    757 AM -12    1902  17     10       22
  AVERAGE         39                        27     12       34

PRECIPITATION (IN)
  YESTERDAY        0.00          0.80 1924   0.03  -0.03     0.00
  MONTH TO DATE    0.02                      0.12  -0.10     0.03
  SINCE DEC 1      0.02                      0.12  -0.10     0.03
  SINCE JAN 1     30.61                     26.78   3.83    25.60

SNOWFALL (IN)
  YESTERDAY        0.0                       0.2   -0.2      0.0
  MONTH TO DATE    T                         0.8   -0.8      0.4
  SINCE JUL 1      2.5                       5.7   -3.2      9.2
  SNOW DEPTH       T

DEGREE DAYS
 HEATING
  YESTERDAY       26                        38    -12       31
  MONTH TO DATE  136                       150    -14      147
  SINCE DEC 1    136                       150    -14      147
  SINCE JUL 1   1181                      1595   -414     1168

 COOLING
  YESTERDAY        0                         0      0        0
  MONTH TO DATE    0                         0      0        0
  SINCE DEC 1      0                         0      0        0
  SINCE JAN 1    963                       915     48      917
..................................................................


WIND (MPH)
  HIGHEST WIND SPEED    17   HIGHEST WIND DIRECTION     S (190)
  HIGHEST GUST SPEED    21   HIGHEST GUST DIRECTION     S (190)
  AVERAGE WIND SPEED     9.6


SKY COVER
  POSSIBLE SUNSHINE  MM
  AVERAGE SKY COVER 0.2


WEATHER CONDITIONS
 THE FOLLOWING WEATHER WAS RECORDED YESTERDAY.
  NO SIGNIFICANT WEATHER WAS OBSERVED.


RELATIVE HUMIDITY (PERCENT)
 HIGHEST    92          1200 AM
 LOWEST     36           400 PM
 AVERAGE    64

..........................................................


THE NORFOLK, NEBRASKA CLIMATE NORMALS FOR TODAY
                         NORMAL    RECORD    YEAR
 MAXIMUM TEMPERATURE (F)   37        65      1988
 MINIMUM TEMPERATURE (F)   17        -7      2005
                                             1950


SUNRISE AND SUNSET
DECEMBER  5 2016......SUNRISE   743 AM CST   SUNSET   458 PM CST
DECEMBER  6 2016......SUNRISE   744 AM CST   SUNSET   458 PM CST


-  INDICATES NEGATIVE NUMBERS.
R  INDICATES RECORD WAS SET OR TIED.
MM INDICATES DATA IS MISSING.
T  INDICATES TRACE AMOUNT.




$$
