447
CDUS43 KOAX 220631
CLIOFK


CLIMATE REPORT
NATIONAL WEATHER SERVICE OMAHA NEBRASKA
130 AM CDT FRI MAY 22 2015


...................................

...THE NORFOLK, NEBRASKA CLIMATE SUMMARY FOR MAY 21 2015...

CLIMATE NORMAL PERIOD 1981 TO 2010
CLIMATE RECORD PERIOD 1888 TO 2015


WEATHER ITEM   OBSERVED TIME   RECORD YEAR NORMAL DEPARTURE LAST
                VALUE   (LST)  VALUE       VALUE  FROM      YEAR
                                                  NORMAL
..................................................................
TEMPERATURE (F)
 YESTERDAY
  MAXIMUM         72    427 PM  93    1970  74     -2       77
  MINIMUM         37    109 AM  29    1931  50    -13       55
  AVERAGE         55                        62     -7       66

PRECIPITATION (IN)
  YESTERDAY        0.00          2.18 1977   0.14  -0.14     0.00
  MONTH TO DATE    2.56                      2.56   0.00     0.43
  SINCE MAR 1      5.32                      6.98  -1.66     4.11
  SINCE JAN 1      6.20                      8.33  -2.13     4.67

SNOWFALL (IN)
  YESTERDAY        0.0                       0.0    0.0      0.0
  MONTH TO DATE    0.0                       0.3   -0.3      0.0
  SINCE JUL 1     20.7                      30.8  -10.1     19.9
  SNOW DEPTH       0

DEGREE DAYS
 HEATING
  YESTERDAY       10                         5      5        0
  MONTH TO DATE  145                       153     -8      202
  SINCE MAR 1   1199                      1483   -284     1582
  SINCE JUL 1   6245                      6576   -331     6932

 COOLING
  YESTERDAY        0                         2     -2        1
  MONTH TO DATE   18                        26     -8       21
  SINCE MAR 1     23                        38    -15       23
  SINCE JAN 1     23                        38    -15       23
..................................................................


WIND (MPH)
  HIGHEST WIND SPEED    14   HIGHEST WIND DIRECTION     W (290)
  HIGHEST GUST SPEED    19   HIGHEST GUST DIRECTION    NW (310)
  AVERAGE WIND SPEED     7.0


SKY COVER
  POSSIBLE SUNSHINE  MM
  AVERAGE SKY COVER 0.0


WEATHER CONDITIONS
 THE FOLLOWING WEATHER WAS RECORDED YESTERDAY.
  NO SIGNIFICANT WEATHER WAS OBSERVED.


RELATIVE HUMIDITY (PERCENT)
 HIGHEST    92          1200 AM
 LOWEST     28           300 PM
 AVERAGE    60

..........................................................


THE NORFOLK, NEBRASKA CLIMATE NORMALS FOR TODAY
                         NORMAL    RECORD    YEAR
 MAXIMUM TEMPERATURE (F)   74        92      1954
                                             1925
 MINIMUM TEMPERATURE (F)   51        29      1931


SUNRISE AND SUNSET
MAY 22 2015...........SUNRISE   603 AM CDT   SUNSET   850 PM CDT
MAY 23 2015...........SUNRISE   602 AM CDT   SUNSET   851 PM CDT


-  INDICATES NEGATIVE NUMBERS.
R  INDICATES RECORD WAS SET OR TIED.
MM INDICATES DATA IS MISSING.
T  INDICATES TRACE AMOUNT.




$$
