000
CDUS43 KOAX 300629
CLIOFK


CLIMATE REPORT
NATIONAL WEATHER SERVICE OMAHA NEBRASKA
127 AM CDT THU MAR 30 2017


...................................

...THE NORFOLK, NEBRASKA CLIMATE SUMMARY FOR MARCH 29 2017...

CLIMATE NORMAL PERIOD 1981 TO 2010
CLIMATE RECORD PERIOD 1888 TO 2017


WEATHER ITEM   OBSERVED TIME   RECORD YEAR NORMAL DEPARTURE LAST
                VALUE   (LST)  VALUE       VALUE  FROM      YEAR
                                                  NORMAL
..................................................................
TEMPERATURE (F)
 YESTERDAY
  MAXIMUM         46   1218 AM  88    1986  55     -9       58
  MINIMUM         38   1159 PM   5    1969  31      7       41
  AVERAGE         42                        43     -1       50

PRECIPITATION (IN)
  YESTERDAY        0.34          1.14 1976   0.08   0.26     0.31
  MONTH TO DATE    1.20                      1.61  -0.41     2.34
  SINCE MAR 1      1.20                      1.61  -0.41     2.34
  SINCE JAN 1      3.44                      2.96   0.48     4.49

SNOWFALL (IN)
  YESTERDAY        0.0                       0.2   -0.2      0.0
  MONTH TO DATE    2.1                       4.8   -2.7     12.0
  SINCE JUL 1     30.2                      27.6    2.6     53.0
  SNOW DEPTH       0

DEGREE DAYS
 HEATING
  YESTERDAY       23                        22      1       15
  MONTH TO DATE  724                       812    -88      628
  SINCE MAR 1    724                       812    -88      628
  SINCE JUL 1   5179                      5905   -726     4929

 COOLING
  YESTERDAY        0                         0      0        0
  MONTH TO DATE    0                         0      0        0
  SINCE MAR 1      0                         0      0        0
  SINCE JAN 1      0                         0      0        0
..................................................................


WIND (MPH)
  HIGHEST WIND SPEED    24   HIGHEST WIND DIRECTION    NE (050)
  HIGHEST GUST SPEED    31   HIGHEST GUST DIRECTION    NE (050)
  AVERAGE WIND SPEED    14.1


SKY COVER
  POSSIBLE SUNSHINE  MM
  AVERAGE SKY COVER 1.0


WEATHER CONDITIONS
 THE FOLLOWING WEATHER WAS RECORDED YESTERDAY.
  LIGHT RAIN
  LIGHT SNOW
  FOG


RELATIVE HUMIDITY (PERCENT)
 HIGHEST    96           700 AM
 LOWEST     82          1200 AM
 AVERAGE    89

..........................................................


THE NORFOLK, NEBRASKA CLIMATE NORMALS FOR TODAY
                         NORMAL    RECORD    YEAR
 MAXIMUM TEMPERATURE (F)   55        87      1968
 MINIMUM TEMPERATURE (F)   31        10      1944


SUNRISE AND SUNSET
MARCH 30 2017.........SUNRISE   715 AM CDT   SUNSET   753 PM CDT
MARCH 31 2017.........SUNRISE   714 AM CDT   SUNSET   755 PM CDT


-  INDICATES NEGATIVE NUMBERS.
R  INDICATES RECORD WAS SET OR TIED.
MM INDICATES DATA IS MISSING.
T  INDICATES TRACE AMOUNT.




$$
