000
CDUS43 KOAX 290658
CLIOFK


CLIMATE REPORT
NATIONAL WEATHER SERVICE OMAHA NEBRASKA
157 AM CDT FRI AUG 29 2014


...................................

...THE NORFOLK, NEBRASKA CLIMATE SUMMARY FOR AUGUST 28 2014...

CLIMATE NORMAL PERIOD 1981 TO 2010
CLIMATE RECORD PERIOD 1888 TO 2014


WEATHER ITEM   OBSERVED TIME   RECORD YEAR NORMAL DEPARTURE LAST
                VALUE   (LST)  VALUE       VALUE  FROM      YEAR
                                                  NORMAL
..................................................................
TEMPERATURE (F)
 YESTERDAY
  MAXIMUM         80    151 PM 100    1984  83     -3       92
  MINIMUM         68    716 AM  38    1917  59      9       65
  AVERAGE         74                        71      3       79

PRECIPITATION (IN)
  YESTERDAY        0.49          1.34 1960   0.10   0.39     0.00
  MONTH TO DATE    5.87                      2.97   2.90     3.58
  SINCE JUN 1     18.39                     10.55   7.84     6.99
  SINCE JAN 1     23.88                     20.25   3.63    18.41

SNOWFALL (IN)
  YESTERDAY        0.0                       0.0    0.0      0.0
  MONTH TO DATE    0.0                       0.0    0.0      0.0
  SINCE JUL 1      0.0                       0.0    0.0      0.0
  SNOW DEPTH       0

DEGREE DAYS
 HEATING
  YESTERDAY        0                         1     -1        0
  MONTH TO DATE    0                         5     -5        3
  SINCE JUN 1     37                        39     -2       58
  SINCE JUL 1     12                         9      3       16

 COOLING
  YESTERDAY        9                         7      2       14
  MONTH TO DATE  222                       238    -16      244
  SINCE JUN 1    612                       738   -126      718
  SINCE JAN 1    709                       799    -90      782
..................................................................


WIND (MPH)
  HIGHEST WIND SPEED    16   HIGHEST WIND DIRECTION     S (190)
  HIGHEST GUST SPEED    25   HIGHEST GUST DIRECTION     E (70)
  AVERAGE WIND SPEED     8.5


SKY COVER
  POSSIBLE SUNSHINE  MM
  AVERAGE SKY COVER 0.8


WEATHER CONDITIONS
 THE FOLLOWING WEATHER WAS RECORDED YESTERDAY.
  HEAVY RAIN
  RAIN
  LIGHT RAIN
  FOG


RELATIVE HUMIDITY (PERCENT)
 HIGHEST    97           300 AM
 LOWEST     74           100 PM
 AVERAGE    86

..........................................................


THE NORFOLK, NEBRASKA CLIMATE NORMALS FOR TODAY
                         NORMAL    RECORD    YEAR
 MAXIMUM TEMPERATURE (F)   82       102      2012
 MINIMUM TEMPERATURE (F)   59        40      1909
                                             1893


SUNRISE AND SUNSET
AUGUST 29 2014........SUNRISE   652 AM CDT   SUNSET   808 PM CDT
AUGUST 30 2014........SUNRISE   653 AM CDT   SUNSET   807 PM CDT


-  INDICATES NEGATIVE NUMBERS.
R  INDICATES RECORD WAS SET OR TIED.
MM INDICATES DATA IS MISSING.
T  INDICATES TRACE AMOUNT.




$$
