000
CXUS51 KRLX 012007
CLMCKB
CLIMATE REPORT
NATIONAL WEATHER SERVICE CHARLESTON WV
407 PM EDT MON APR 01 2024
...................................
...THE CLARKSBURG WV CLIMATE SUMMARY FOR THE MONTH OF MARCH 2024...
CLIMATE NORMAL PERIOD: 1991 TO 2020
CLIMATE RECORD PERIOD: 1922 TO 2024
WEATHER OBSERVED NORMAL DEPART LAST YEAR`S
VALUE DATE(S) VALUE FROM VALUE
NORMAL
..............................................................
TEMPERATURE (F)
RECORD
HIGH 88 03/26/1929
LOW -18 03/01/1934
HIGHEST 75 03/04 78
03/14
LOWEST 21 03/01 19
AVG. MAXIMUM 60.2 54.7 5.5 57.4
AVG. MINIMUM 37.0 33.4 3.6 34.2
MEAN 48.6 44.1 4.5 45.8
DAYS MAX <= 32 0 1.5 -1.5 1
DAYS MAX >= 80 0 0
DAYS MIN <= 32 10 16.6 -6.6 15
DAYS MIN <= 10 0 0
PRECIPITATION (INCHES)
RECORD
MAXIMUM 8.89 1994
MINIMUM 1.06 1966
TOTALS 3.25 3.62 -0.37 3.14
DAILY AVG. 0.10 0.12 -0.02 0.10
DAYS >= .01 13 14.1 -1.1 13
DAYS >= .10 7 8.4 -1.4 8
DAYS >= .50 3 2.2 0.8 1
DAYS >= 1.00 1 0.3 0.7 1
GREATEST
24 HR. TOTAL 1.03 03/09 TO 03/10 1.30
DEGREE DAYS
HEATING TOTAL 501 652 -151 588
SINCE 7/1 3802 4222 -420 MM
COOLING TOTAL 0 2 -2 1
SINCE 1/1 0 2 -2 MM
..............................................................
WIND (MPH)
AVERAGE WIND SPEED 6.7
HIGHEST WIND SPEED/DIRECTION 37/260 DATE 03/20
HIGHEST GUST SPEED/DIRECTION 61/290 DATE 03/20
SKY COVER
AVERAGE SKY COVER 0.49
NUMBER OF DAYS FAIR 12
NUMBER OF DAYS PC 10
NUMBER OF DAYS CLOUDY 9
AVERAGE RH (PERCENT) 61
WEATHER CONDITIONS. NUMBER OF DAYS WITH
THUNDERSTORM 3 MIXED PRECIP 0
HEAVY RAIN 1 RAIN 6
LIGHT RAIN 15 FREEZING RAIN 0
LT FREEZING RAIN 0 HAIL 0
HEAVY SNOW 1 SNOW 1
LIGHT SNOW 3 SLEET 0
FOG 15 FOG W/VIS <= 1/4 MILE 1
HAZE 2
- INDICATES NEGATIVE NUMBERS.
R INDICATES RECORD WAS SET OR TIED.
MM INDICATES DATA IS MISSING.
T INDICATES TRACE AMOUNT.
$$