000
CXUS53 KOAX 060837 CCB
CLMLNK

CLIMATE REPORT...CORRECTED
NATIONAL WEATHER SERVICE OMAHA NEBRASKA
337 AM THU AUG 6 2015

...SUMMARY INCLUDED...

...................................

...THE LINCOLN, NEBRASKA CLIMATE SUMMARY FOR THE MONTH OF JULY 2015...

CLIMATE NORMAL PERIOD 1981 TO 2010
CLIMATE RECORD PERIOD 1887 TO 2015

WEATHER         OBSERVED          NORMAL  DEPART
                 VALUE   DATE(S)  VALUE   FROM
                                          NORMAL
................................................
TEMPERATURE (F)
HIGHEST           100   07/24
LOWEST             52   07/08
AVG. MAXIMUM     88.5              89.0    -0.5
AVG. MINIMUM     65.7              66.1    -0.4
MEAN             77.1              77.6    -0.5
DAYS MAX >= 90     16
DAYS MAX <= 32      0
DAYS MIN <= 32      0
DAYS MIN <= 0       0

PRECIPITATION (INCHES)
RECORD
 MAXIMUM        12.50   1993
 MINIMUM         0.08   1936
TOTALS           2.39              3.40   -1.01
DAILY AVG.       0.08
DAYS >= .01        11
DAYS >= .10         6
DAYS >= .50         2
DAYS >= 1.00        0
GREATEST
 24 HR. TOTAL    0.72   07/02 TO 07/02

SNOWFALL (INCHES)
TOTALS            0.0               0.0
SINCE 7/1         0.0
SNOWDEPTH AVG.      0
DAYS >= 1.0         0               0.0     0.0
GREATEST
 SNOW DEPTH         0
 24 HR TOTAL      0.0

DEGREE DAYS
HEATING TOTAL       1                 1       0
 SINCE 7/1          1                 1       0
COOLING TOTAL     383               390      -7
 SINCE 1/1        698               711     -13
.................................................

WIND (MPH)
AVERAGE WIND SPEED              7.9
HIGHEST WIND SPEED/DIRECTION    46/250    DATE  07/24
HIGHEST GUST SPEED/DIRECTION    61/270    DATE  07/24

SKY COVER
AVERAGE SKY COVER           0.20


WEATHER CONDITIONS. NUMBER OF DAYS WITH
THUNDERSTORM             10     MIXED PRECIP               0
HEAVY RAIN                5     RAIN                       6
LIGHT RAIN               12     FREEZING RAIN              0
LT FREEZING RAIN          0     HAIL                       0
HEAVY SNOW                0     SNOW                       0
LIGHT SNOW                0     SLEET                      0
FOG                      11     FOG W/VIS <= 1/4 MILE      0
HAZE                      6

-  INDICATES NEGATIVE NUMBERS.
R  INDICATES RECORD WAS SET OR TIED.
MM INDICATES DATA IS MISSING.
T  INDICATES TRACE AMOUNT.
>= INDICATES GREATER THAN OR EQUAL TO.
<= INDICATES LESS THAN OR EQUAL TO.

&&

...JULY WAS SLIGHTLY COOLER THAN NORMAL...WITH SLIGHTLY BELOW-NORMAL
RAINFALL...

WITH TOTAL PRECIPITATION OF 2.39 INCHES FALLING 1.01 INCHES BELOW
NORMAL...THE MONTH OF JULY WAS JUST SLIGHTLY DRIER THAN NORMAL IN
LINCOLN. THE AVERAGE TEMPERATURE OF 77.1 DEGREES WAS 0.5 DEGREES
ABOVE NORMAL...FALLING JUST SLIGHTLY BELOW NORMAL.

THE BENIGN PATTERN FROM JUNE CONTINUED IN JULY...WITH VERY LITTLE
SEVERE WEATHER AND NO TEMPERATURE AND PRECIPITATION EXTREMES.
RAINFALL AMOUNTS WERE MAINLY UP TO A QUARTER TO A HALF INCH AT A
TIME...FALLING PERIODICALLY THROUGH THE MONTH...WITH TEN
THUNDERSTORM DAYS. A SEVERE THUNDERSTORM ON THE 24TH DID BRING WIND
GUSTS MEASURED AT 61 MPH AT LINCOLN AIRPORT...WITH WIND DAMAGE
REPORTED AROUND LINCOLN. HIGH TEMPERATURES WERE LARGELY IN THE 80S
AND 90S...WITH JUST THREE DAYS OF HIGH TEMPERATURES STAYING IN THE
70S. THE WARMEST TEMPERATURE OF THE MONTH...AT 100
DEGREES...OCCURRED ON THE 24TH. LOW TEMPERATURES WERE LARGELY IN THE
60S AND 70S...WITH SEVEN DAYS OF LOWS IN THE 50S. THE COOLEST
TEMPERATURE OF THE MONTH...AT 52 DEGREES...OCCURRED ON THE 8TH...AS
BELOW-NORMAL TEMPERATURES DOMINATED THE FIRST TEN DAYS OF JULY.


DAILY RECORDS SET IN JULY 2015:
DATE         RECORD           READING  PREVIOUS RECORD
NO RECORDS SET IN JULY

$$

MAYES
