000
CXUS53 KOAX 220234
CLMLNK

CLIMATE REPORT...CORRECTION
NATIONAL WEATHER SERVICE OMAHA NEBRASKA
934 PM CDT THU JUL 21 2016

...WEATHER CONDITIONS CHANGED FOG FROM 2 TO 3, AND CORRECTED DATES
ON THE GREATEST 24 HOUR TOTAL PRECIPITATION TO JUST 06/18 TO 06/18...

...................................

...THE LINCOLN, NEBRASKA CLIMATE SUMMARY FOR THE MONTH OF JUNE 2016...

CLIMATE NORMAL PERIOD 1981 TO 2010
CLIMATE RECORD PERIOD 1887 TO 2016

WEATHER         OBSERVED          NORMAL  DEPART
                 VALUE   DATE(S)  VALUE   FROM
                                          NORMAL
................................................
TEMPERATURE (F)
HIGHEST           101   06/15
LOWEST             52   06/07
AVG. MAXIMUM     91.4              84.2     7.2
AVG. MINIMUM     66.1              60.9     5.2
MEAN             78.8              72.6     6.2
DAYS MAX >= 90     19
DAYS MAX <= 32      0
DAYS MIN <= 32      0
DAYS MIN <= 0       0

PRECIPITATION (INCHES)
RECORD
 MAXIMUM        12.93   1967
 MINIMUM         0.17   2002
TOTALS           0.58              4.35   -3.77
DAILY AVG.       0.02
DAYS >= .01         3
DAYS >= .10         1
DAYS >= .50         1
DAYS >= 1.00        0
GREATEST
 24 HR. TOTAL    0.50   06/18 TO 06/18


SNOWFALL (INCHES)
RECORDS
 TOTAL              T   2004
                        2003
                        2001
TOTALS            0.0               0.0
SINCE 7/1        20.5
SNOWDEPTH AVG.      0
DAYS >= 1.0         0               0.0     0.0
GREATEST
 SNOW DEPTH         0
 24 HR TOTAL      0.0

DEGREE DAYS
HEATING TOTAL       0                16     -16
 SINCE 7/1       4880              6056   -1176
COOLING TOTAL     420               242     178
 SINCE 1/1        491               321     170
.................................................

WIND (MPH)
AVERAGE WIND SPEED              9.4
HIGHEST WIND SPEED/DIRECTION    32/330    DATE  06/18
HIGHEST GUST SPEED/DIRECTION    39/340    DATE  06/18

SKY COVER
AVERAGE SKY COVER           0.10


WEATHER CONDITIONS. NUMBER OF DAYS WITH
THUNDERSTORM              5     MIXED PRECIP               0
HEAVY RAIN                2     RAIN                       1
LIGHT RAIN                5     FREEZING RAIN              0
LT FREEZING RAIN          0     HAIL                       0
HEAVY SNOW                0     SNOW                       0
LIGHT SNOW                0     SLEET                      0
FOG                       3     FOG W/VIS <= 1/4 MILE      0
HAZE                      0

-  INDICATES NEGATIVE NUMBERS.
R  INDICATES RECORD WAS SET OR TIED.
MM INDICATES DATA IS MISSING.
T  INDICATES TRACE AMOUNT.
>= INDICATES GREATER THAN OR EQUAL TO.
<= INDICATES LESS THAN OR EQUAL TO.

&&

...JUNE WAS MUCH DRIER THAN NORMAL IN LINCOLN...WITH MUCH ABOVE-
NORMAL TEMPERATURES

WITH ONLY TWO DAYS OF BELOW AVERAGE TEMPERATURES...THE OVERALL
TEMPERATURE FOR LINCOLN ENDED UP MUCH ABOVE NORMAL. THE AVERAGE
TEMPERATURE OF 78.8 DEGREES WAS 6.2 DEGREES ABOVE NORMAL...WHILE THE
TOTAL PRECIPITATION OF 0.58 INCHES WAS 3.77 INCHES BELOW NORMAL.
WHEN COMPARED TO THE PERIOD OF RECORD FOR LINCOLN...JUNE 2016 IS THE
3RD DRIEST ON RECORD.

THE MONTH BEGAN WARM AND NEVER LOOKED BACK. THROUGHOUT THE MONTH
THERE WERE 19 DAYS WHERE THE HIGH TEMPERATURE WAS AT LEAST 90
DEGREES OR HIGHER. THERE WERE ALSO TWO DAYS WHERE THE HIGH
TEMPERATURE WAS 100 DEGREES OR HIGHER. THE COOLEST HIGH TEMPERATURE
OF THE MONTH WAS 80 DEGREES WHICH OCCURRED ON THE 1ST. FOR THE
REMAINDER OF JUNE THE DAILY HIGH TEMPERATURE WOULD NOT DROP BELOW 80
AGAIN...THE FIRST TIME IN THE PERIOD OF RECORD FOR LINCOLN. THE
HIGHEST TEMPERATURE FOR THE MONTH WAS 101 DEGREES WHICH OCCURRED ON
THE 15TH AND THE COOLEST TEMPERATURE OF THE MONTH WAS 52 DEGREES ON
THE 7TH. THUNDER WAS REPORTED ON FIVE DAYS WITH FOG OR MIST REPORTED
ON TWO DAYS.

DAILY RECORDS SET IN JUNE 2016:
DATE         RECORD           READING  PREVIOUS RECORD
JUNE 11      WARM MIN TEMP     76      76 (TIES WITH 1952)
JUNE 17      WARM MIN TEMP     78      74 (1929)

$$

PEARSON/KLISH
CORRECTIONS BY KLISH
