000
CXUS53 KOAX 160238 CCA
CLMLNK

CLIMATE REPORT...CORRECTION
NATIONAL WEATHER SERVICE OMAHA NEBRASKA
842 PM CDT TUE OCT 3 2017

...CORRECTED GREATEST 24 HOUR TOTAL PRECIPITATION FROM 1.29
TO 1.31 INCHES...

...................................

...THE LINCOLN, NEBRASKA CLIMATE SUMMARY FOR THE MONTH OF SEPTEMBER
2017...

CLIMATE NORMAL PERIOD 1981 TO 2010
CLIMATE RECORD PERIOD 1887 TO 2017

WEATHER         OBSERVED          NORMAL  DEPART
                 VALUE   DATE(S)  VALUE   FROM
                                          NORMAL
................................................
TEMPERATURE (F)
HIGHEST            97   09/22
LOWEST             43   09/06
AVG. MAXIMUM     82.8              78.7     4.1
AVG. MINIMUM     57.8              53.4     4.4
MEAN             70.3              66.0     4.3
DAYS MAX >= 90      8
DAYS MAX <= 32      0
DAYS MIN <= 32      0
DAYS MIN <= 0       0

PRECIPITATION (INCHES)
RECORD
 MAXIMUM         8.32   1914
 MINIMUM            T   1894
TOTALS           1.85              3.02   -1.17
DAILY AVG.       0.06
DAYS >= .01         7
DAYS >= .10         4
DAYS >= .50         2
DAYS >= 1.00        0
GREATEST
 24 HR. TOTAL    1.31   09/24 TO 09/25

SNOWFALL (INCHES)
RECORDS
 TOTAL            0.8   1985
TOTALS            0.0                 T
SINCE 7/1         0.0
SNOWDEPTH AVG.      0
DAYS >= 1.0         0               0.0     0.0
GREATEST
 SNOW DEPTH         0
 24 HR TOTAL      0.0

DEGREE DAYS
HEATING TOTAL      34                92     -58
 SINCE 7/1         34                98     -64
COOLING TOTAL     202               123      79
 SINCE 1/1       1232              1158      74
.................................................

WIND (MPH)
AVERAGE WIND SPEED              9.3
HIGHEST WIND SPEED/DIRECTION    32/160    DATE  09/19
HIGHEST GUST SPEED/DIRECTION    43/140    DATE  09/19

SKY COVER
AVERAGE SKY COVER           0.20


WEATHER CONDITIONS. NUMBER OF DAYS WITH
THUNDERSTORM              7     MIXED PRECIP               0
HEAVY RAIN                2     RAIN                       4
LIGHT RAIN               10     FREEZING RAIN              0
LT FREEZING RAIN          0     HAIL                       0
HEAVY SNOW                0     SNOW                       0
LIGHT SNOW                0     SLEET                      0
FOG                       7     FOG W/VIS <= 1/4 MILE      1
HAZE                      3

-  INDICATES NEGATIVE NUMBERS.
R  INDICATES RECORD WAS SET OR TIED.
MM INDICATES DATA IS MISSING.
T  INDICATES TRACE AMOUNT.
>= INDICATES GREATER THAN OR EQUAL TO.
<= INDICATES LESS THAN OR EQUAL TO.

&&

...SEPTEMBER WAS THE 18TH WARMEST ON RECORD IN LINCOLN...WITH BELOW-
NORMAL RAINFALL...

THE AVERAGE TEMPERATURE OF 70.3 DEGREES WAS THE 18TH WARMEST
SEPTEMBER ON RECORD IN LINCOLN, WITH SEVEN DAYS REACHING 90 DEGREES
OR HIGHER AND WITH A WARM MINIMUM TEMPERATURE TYING A DAILY RECORD.
THE TOTAL PRECIPITATION OF 1.85 INCHES WAS THE 45TH DRIEST AND
RANKED BELOW NORMAL, WITH NO PRECIPITATION AT ALL FROM THE 2ND
THROUGH THE 14TH.

THE MONTH STARTED ON THE COOL SIDE, WITH BELOW-NORMAL TEMPERATURES
ON FIVE OF THE FIRST SEVEN DAYS OF THE MONTH. THE COOLEST LOW
TEMPERATURE OF THE MONTH WAS RECORDED ON THE 6TH, AT 39 DEGREES. A
LIGHT 0.04 INCHES OF RAIN WAS MEASURED ON THE 1ST, WITH LIGHT RAIN
IN THUNDERSTORMS ON THE 9TH AND 10TH. WARM TEMPERATURES ARRIVED FROM
THE 10TH THROUGH THE 15TH, WITH TEMPERATURES REACHING THE 90S ON THE
14TH AND 15TH. LIGHT RAIN IN THUNDERSTORMS WAS MEASURED ON THE 15TH
AND 16TH, WITH COOLER WEATHER FOLLOWING ON THE 16TH AND 17TH. WARMER
TEMPERATURES RETURNED FROM THE 18TH THROUGH THE 24TH, EVEN WITH
THUNDERSTORMS BRINGING 0.46 INCHES OF RAIN ON THE 18TH. THE WARMEST
TEMPERATURE OF THE MONTH WAS RECORDED ON THE 22ND, AT 94 DEGREES,
AND THE MINIMUM TEMPERATURE OF 75 DEGREES SET A RECORD WARM LOW FOR
THE DAY, BLASTING PAST THE PREVIOUS RECORD OF 67 DEGREES SET JUST A
YEAR AGO.

A WETTER COUPLE OF DAYS ARRIVED ON THE 24TH TO 26TH, WITH 1.37
INCHES TOTAL ON THOSE THREE DAYS ALONE. WHILE TEMPERATURES STARTED
WARM ON THE 24TH, MUCH COOLER WEATHER ARRIVED ON THE 25TH, WITH
DAYTIME HIGHS IN THE 50S BARELY EXCEEDING THE LOWS THE NIGHT BEFORE.
TEMPERATURES DID RISE BACK ABOVE NORMAL AGAIN ON THE 28TH THROUGH
THE REST OF THE MONTH.


DAILY RECORDS SET IN SEPTEMBER 2017:
DATE          RECORD           READING  PREVIOUS RECORD
SEPTEMBER 22  WARM MIN TEMP     75      75 (TIES WITH 1937)

$$

MAYES/KLISH
