000
CXUS53 KOAX 011930
CLMOFK

CLIMATE REPORT
NATIONAL WEATHER SERVICE OMAHA NEBRASKA
230 PM CDT WED JUL 1 2015

...................................

...THE NORFOLK CLIMATE SUMMARY FOR THE MONTH OF JUNE 2015...

CLIMATE NORMAL PERIOD 1981 TO 2010
CLIMATE RECORD PERIOD 1888 TO 2015

WEATHER         OBSERVED          NORMAL  DEPART
                 VALUE   DATE(S)  VALUE   FROM
                                          NORMAL
................................................
TEMPERATURE (F)
HIGHEST            97   06/09
LOWEST             51   06/01
AVG. MAXIMUM     81.7              81.8    -0.1
AVG. MINIMUM     60.1              58.6     1.5
MEAN             70.9              70.2     0.7
DAYS MAX >= 90      1
DAYS MAX <= 32      0
DAYS MIN <= 32      0
DAYS MIN <= 0       0

PRECIPITATION (INCHES)
RECORD
 MAXIMUM        12.28   1924
 MINIMUM         0.44   1933
TOTALS           4.60              4.26    0.34
DAILY AVG.       0.15
DAYS >= .01        14
DAYS >= .10         9
DAYS >= .50         3
DAYS >= 1.00        1
GREATEST
 24 HR. TOTAL    1.40   06/06 TO 06/06

SNOWFALL (INCHES)
RECORDS
 TOTAL (HAIL)     T     1996
TOTALS            0.0               0.0
SINCE 7/1        20.7
SNOWDEPTH AVG.      0
DAYS >= 1.0         0
GREATEST
 SNOW DEPTH         0
 24 HR TOTAL      0.0

DEGREE DAYS
HEATING TOTAL       3                30     -27
 SINCE 7/1       6292              6643    -351
COOLING TOTAL     186               186       0
 SINCE 1/1        219               247     -28
.................................................

WIND (MPH)
AVERAGE WIND SPEED              8.3
HIGHEST WIND SPEED/DIRECTION    37/280    DATE  06/10
HIGHEST GUST SPEED/DIRECTION    45/270    DATE  06/10

SKY COVER
AVERAGE SKY COVER           0.30


WEATHER CONDITIONS. NUMBER OF DAYS WITH
THUNDERSTORM             10     MIXED PRECIP               0
HEAVY RAIN                8     RAIN                       8
LIGHT RAIN               17     FREEZING RAIN              0
LT FREEZING RAIN          0     HAIL                       0
HEAVY SNOW                0     SNOW                       0
LIGHT SNOW                0     SLEET                      0
FOG                      19     FOG W/VIS <= 1/4 MILE      0
HAZE                      3

-  INDICATES NEGATIVE NUMBERS.
R  INDICATES RECORD WAS SET OR TIED.
MM INDICATES DATA IS MISSING.
T  INDICATES TRACE AMOUNT.
>= INDICATES GREATER THAN OR EQUAL TO.
<= INDICATES LESS THAN OR EQUAL TO.

&&

...JUNE WAS SLIGHTLY WETTER AND SLIGHTLY WARMER THAN NORMAL IN
NORFOLK...

JUNE WAS SLIGHTLY WETTER THAN NORMAL IN NORFOLK...WITH PRECIPITATION
OF 4.60 INCHES COMING IN 0.34 INCHES ABOVE NORMAL.  THE AVERAGE
TEMPERATURE OF 70.9 WAS 0.7 DEGREES ABOVE NORMAL.

ABOVE-NORMAL TEMPERATURES WERE FAIRLY PERSISTENT FROM THE 2ND
THROUGH THE 10TH...WITH FLUCTUATIONS BETWEEN SLIGHTLY ABOVE AND
SLIGHTLY BELOW NORMAL READINGS FOR THE REST OF THE MONTH.  THE
COLDEST TEMPERATURE OF THE MONTH...OCCURED ON THE 1ST...WITH A LOW
OF 51 DEGREES...WHILE THE 11TH WAS ON THE COOL SIDE WITH A HIGH OF
ONLY 64 DEGREES.  THE WARMEST DAY OCCURRED DURING THE WARM
STRETCH...WITH 97 DEGREES ON THE 9TH MARKING THE FIRST 90+ READING
SINCE MARCH 16TH.  IT ALSO WAS THE ONLY 90+ READING OF THE MONTH.
PRECIPITATION WAS DISTRIBUTED FAIRLY EVENLY THROUGH THE MONTH...WITH
13 DAYS OF MEASURABLE RAINFALL THAT WERE NOT CLUSTERED IN EITHER WET
OR DRY SPELLS.  THE WETTEST DAY OF THE MONTH WAS THE 6TH...WITH 1.40
INCHES OF RAIN.

OVERALL...JUNE WAS NOTABLE FOR BEING A FAIRLY QUIET MONTH...WITH AN
ABSENCE OF SEVERE THUNDERSTORMS...TEMPERATURE EXTREMES...OR
SIGNIFICANT FLOODING OR DRYNESS.


DAILY RECORDS SET IN JUNE 2015:
DATE         RECORD           READING  PREVIOUS RECORD
NO RECORDS SET IN JUNE

$$

MAYES/JEK/TL


$$
