000
CXUS53 KOAX 011722
CLMOMA

CLIMATE REPORT
NATIONAL WEATHER SERVICE OMAHA NEBRASKA
1221 PM CDT FRI AUG 1 2014

...................................

...THE OMAHA EPPLEY, NEBRASKA CLIMATE SUMMARY FOR THE MONTH OF JULY 2014...

CLIMATE NORMAL PERIOD 1981 TO 2010
CLIMATE RECORD PERIOD 1871 TO 2014

WEATHER         OBSERVED          NORMAL  DEPART
                 VALUE   DATE(S)  VALUE   FROM
                                          NORMAL
................................................
TEMPERATURE (F)
HIGHEST            97   07/21
LOWEST             50   07/15
AVG. MAXIMUM     84.3              87.3    -3.0
AVG. MINIMUM     63.0              66.2    -3.2
MEAN             73.7              76.7    -3.0
DAYS MAX >= 90      7
DAYS MAX <= 32      0
DAYS MIN <= 32      0
DAYS MIN <= 0       0

PRECIPITATION (INCHES)
RECORD
 MAXIMUM        10.35   1884
 MINIMUM         0.01   2012
TOTALS           1.72              3.83   -2.11
DAILY AVG.       0.06
DAYS >= .01         2
DAYS >= .10         2
DAYS >= .50         1
DAYS >= 1.00        1
GREATEST
 24 HR. TOTAL    1.40   07/05 TO 07/05

SNOWFALL (INCHES)
RECORDS
 TOTAL              T   2008
                        2002
TOTALS            0.0               0.0
SINCE 7/1         0.0
SNOWDEPTH AVG.      0
DAYS >= 1.0         0
GREATEST
 SNOW DEPTH         0
 24 HR TOTAL      0.0   07/31 TO 07/31

DEGREE DAYS
HEATING TOTAL       4                 1       3
 SINCE 7/1          4                 1       3
COOLING TOTAL     281               365     -84
 SINCE 1/1        691               677      14
.................................................

WIND (MPH)
AVERAGE WIND SPEED              9.6
HIGHEST WIND SPEED/DIRECTION    41/200    DATE  07/25
HIGHEST GUST SPEED/DIRECTION    52/200    DATE  07/25

SKY COVER
AVERAGE SKY COVER           0.50


WEATHER CONDITIONS. NUMBER OF DAYS WITH
THUNDERSTORM              0     MIXED PRECIP               0
HEAVY RAIN                2     RAIN                       2
LIGHT RAIN                9     FREEZING RAIN              0
LT FREEZING RAIN          0     HAIL                       0
HEAVY SNOW                0     SNOW                       0
LIGHT SNOW                0     SLEET                      0
FOG                       7     FOG W/VIS <= 1/4 MILE      0
HAZE                      0

-  INDICATES NEGATIVE NUMBERS.
R  INDICATES RECORD WAS SET OR TIED.
MM INDICATES DATA IS MISSING.
T  INDICATES TRACE AMOUNT.
>= INDICATES GREATER THAN OR EQUAL TO.
<= INDICATES LESS THAN OR EQUAL TO.

&&
...JULY WAS COOLER AND DRIER THAN NORMAL IN OMAHA...

WITH AN AVERAGE TEMPERATURE OF 73.7 DEGREES...WHICH IS 3.0 DEGREES
BELOW NORMAL...THIS WAS THE 15TH COOLEST JULY ON RECORD IN OMAHA.
THE MONTHLY TOTAL PRECIPITATION OF 1.72 INCHES WAS 2.11 INCHES BELOW
NORMAL AND THE 29TH DRIEST JULY ON RECORD.

THE MONTH OF JULY WAS DOMINATED BY BELOW NORMAL TEMPERATURES
THROUGHOUT THE MONTH...AS WELL AS PROLONGED DRY WEATHER BEGINNING IN
THE SECOND WEEK OF THE MONTH.  TEMPERATURES WERE WELL BELOW NORMAL
THROUGH THE 4TH...WITH A QUICK JUMP INTO THE 90S BEFORE COOLER
WEATHER RETURNED FROM THE 8TH THROUGH THE 10TH.  ALL OF THE
PRECIPITATION FOR THE MONTH FELL IN JUST TWO DAYS...WITH 1.40 INCHES
ON THE 5TH AND 0.32 INCHES ON THE 7TH BOTH FALLING IN THUNDERSTORMS.
 TEMPERATURES RETURNED TO THE 90S BRIEFLY ON THE 12TH AND
13TH...WITH MUCH COOLER WEATHER FOLLOWING FROM THE 14TH THROUGH THE
19TH.  DAILY RECORD COLD MINIMUM TEMPERATURES WERE SET ON BOTH THE
15TH AND 16TH...WITH THE 50 DEGREES ON THE 15TH ALSO THE COLDEST
READING OF THE MONTH.


WITH A RETURN TO THE 90S ON THE 21ST...22ND...AND 25TH...THE WARMEST
TEMPERATURE OF THE MONTH WAS RECORDED ON THE 21ST AT 97 DEGREES.
COOLER THAN NORMAL TEMPERATURES PREVAILED FROM THE 27TH THROUGH THE
REST OF THE MONTH.

THE ONGOING DRY STREAK OF 24 DAYS IS THE 6TH LONGEST SUCH STREAK TO
OCCUR DURING THE SUMMER MONTHS (JUNE THROUGH AUGUST).


DAILY RECORDS SET IN JULY 2014:
DATE         RECORD           READING  PREVIOUS RECORD
JULY 15      COLD MIN TEMP     50      51 (1967)
JULY 16      COLD MIN TEMP     53      54 (1967, 1976)


$$

MAYES/TL/JEK/JRB
