000
CXUS55 KPUB 011730
CF6PUB
PRELIMINARY LOCAL CLIMATOLOGICAL DATA (WS FORM: F-6)
STATION: PUEBLO CO
MONTH: AUGUST
YEAR: 2021
LATITUDE: 38 16 N
LONGITUDE: 104 31 W
TEMPERATURE IN F: :PCPN: SNOW: WIND :SUNSHINE: SKY :PK WND
================================================================================
1 2 3 4 5 6A 6B 7 8 9 10 11 12 13 14 15 16 17 18
12Z AVG MX 2MIN
DY MAX MIN AVG DEP HDD CDD WTR SNW DPTH SPD SPD DIR MIN PSBL S-S WX SPD DR
================================================================================
1 78 63 71 -6 0 6 0.71 0.0 0 4.5 12 70 M M 5 18 16 80
2 87 58 73 -4 0 8 T 0.0 0 4.3 15 110 M M 0 18 19 120
3 91 62 77 0 0 12 0.02 0.0 0 4.6 26 320 M M 4 3 36 320
4 83 64 74 -3 0 9 T 0.0 0 5.5 22 110 M M 5 3 27 110
5 91 58 75 -1 0 10 0.00 0.0 0 4.9 12 190 M M 0 18 16 170
6 100 55 78 2 0 13 0.00 0.0 0 6.6 21 270 M M 0 8 30 290
7 94 60 77 1 0 12 0.00 0.0 0 8.7 26 10 M M 2 8 40 20
8 93 56 75 -1 0 10 0.00 0.0 0 6.5 13 110 M M 3 8 17 110
9 99 58 79 3 0 14 0.00 0.0 0 7.6 17 220 M M 0 8 26 230
10 95 68 82 6 0 17 0.00 0.0 0 7.3 21 10 M M 0 8 30 10
11 97 64 81 5 0 16 0.00 0.0 0 6.5 13 100 M M 0 8 17 120
12 98 58 78 2 0 13 T 0.0 0 6.9 25 70 M M 1 38 40 30
13 86 62 74 -1 0 9 0.00 0.0 0 6.9 15 310 M M 0 21 310
14 94 58 76 1 0 11 0.00 0.0 0 6.7 22 350 M M 0 30 360
15 94 60 77 2 0 12 0.16 0.0 0 7.3 32 330 M M 1 3 55 330
16 91 55 73 -2 0 8 0.00 0.0 0 6.2 14 130 M M 0 21 120
17 95 55 75 0 0 10 0.00 0.0 0 7.8 21 110 M M 0 8 27 100
18 97 56 77 2 0 12 0.00 0.0 0 8.2 25 190 M M 0 34 190
19 95 61 78 4 0 13 0.00 0.0 0 7.4 22 200 M M 0 29 220
20 91 61 76 2 0 11 0.00 0.0 0 7.9 22 290 M M 1 31 290
21 87 60 74 0 0 9 0.05 0.0 0 9.6 24 130 M M 6 8 31 140
22 98 56 77 3 0 12 0.00 0.0 0 4.9 14 60 M M 0 1 18 300
23 99 63 81 7 0 16 T 0.0 0 7.9 17 220 M M 1 23 310
24 98 61 80 6 0 15 0.00 0.0 0 7.4 21 290 M M 0 27 210
25 94 59 77 4 0 12 0.00 0.0 0 9.4 21 140 M M 0 38 140
26 98 62 80 7 0 15 T 0.0 0 8.8 31 300 M M 1 3 40 290
27 98 57 78 5 0 13 0.00 0.0 0 7.9 21 140 M M 0 29 150
28 100 58 79 6 0 14 0.29 0.0 0 9.2 37 310 M M 2 3 62 320
29 81 63 72 0 0 7 0.00 0.0 0 9.1 28 30 M M 2 38 20
30 95 55 75 3 0 10 0.00 0.0 0 4.6 14 150 M M 0 20 40
31 99 54 77 5 0 12 0.00 0.0 0 5.6 15 140 M M 0 19 180
================================================================================
SM 2896 1840 0 361 1.23 0.0 216.7 M 34
================================================================================
AV 93.4 59.4 7.0 FASTST M M 1 MAX(MPH)
MISC ----> 37 310 62 320
================================================================================
NOTES:
COLUMN 17 PEAK WIND IN M.P.H.
PRELIMINARY LOCAL CLIMATOLOGICAL DATA (WS FORM: F-6) , PAGE 2
STATION: PUEBLO CO
MONTH: AUGUST
YEAR: 2021
LATITUDE: 38 16 N
LONGITUDE: 104 31 W
[TEMPERATURE DATA] [PRECIPITATION DATA] SYMBOLS USED IN COLUMN 16
AVERAGE MONTHLY: 76.4 TOTAL FOR MONTH: 1.23 1 = FOG OR MIST
DPTR FM NORMAL: 1.6 DPTR FM NORMAL: -0.88 2 = FOG REDUCING VISIBILITY
HIGHEST: 100 ON 28, 6 GRTST 24HR 0.71 ON 1 TO 1/4 MILE OR LESS
LOWEST: 54 ON 31 3 = THUNDER
SNOW, ICE PELLETS, HAIL 4 = ICE PELLETS
TOTAL MONTH: 0.0 INCH 5 = HAIL
GRTST 24HR 0.0 6 = FREEZING RAIN OR DRIZZLE
GRTST DEPTH: 0 7 = DUSTSTORM OR SANDSTORM:
VSBY 1/2 MILE OR LESS
8 = SMOKE OR HAZE
[NO. OF DAYS WITH] [WEATHER - DAYS WITH] 9 = BLOWING SNOW
X = TORNADO
MAX 32 OR BELOW: 0 0.01 INCH OR MORE: 5
MAX 90 OR ABOVE: 25 0.10 INCH OR MORE: 3
MIN 32 OR BELOW: 0 0.50 INCH OR MORE: 1
MIN 0 OR BELOW: 0 1.00 INCH OR MORE: 0
[HDD (BASE 65) ]
TOTAL THIS MO. 0 CLEAR (SCALE 0-3) 27
DPTR FM NORMAL -3 PTCLDY (SCALE 4-7) 4
TOTAL FM JUL 1 0 CLOUDY (SCALE 8-10) 0
DPTR FM NORMAL -1
[CDD (BASE 65) ]
TOTAL THIS MO. 361
DPTR FM NORMAL 54 [PRESSURE DATA]
TOTAL FM JAN 1 1062 HIGHEST SLP 30.32 ON 1
DPTR FM NORMAL 107 LOWEST SLP 29.58 ON 31
[REMARKS]
#FINAL-08-21#