000
CXUS53 KGID 220830
CF6AUH
PRELIMINARY LOCAL CLIMATOLOGICAL DATA (WS FORM: F-6)
STATION: AURORA NE
MONTH: APRIL
YEAR: 2024
LATITUDE: 40 54 N
LONGITUDE: 97 59 W
TEMPERATURE IN F: :PCPN: SNOW: WIND :SUNSHINE: SKY :PK WND
================================================================================
1 2 3 4 5 6A 6B 7 8 9 10 11 12 13 14 15 16 17 18
12Z AVG MX 2MIN
DY MAX MIN AVG DEP HDD CDD WTR SNW DPTH SPD SPD DIR MIN PSBL S-S WX SPD DR
================================================================================
1 43 35 39 M 26 0 T M M 16.8 22 350 M M 10 1 31 350
2 56 33 45 M 20 0 0.00 M M 24.5 39 350 M M 4 48 350
3 55 32 44 M 21 0 0.00 M M 18.6 27 340 M M 2 33 340
4 60 26 43 M 22 0 0.00 M M 8.6 14 340 M M 0 20 340
5 66 28 47 M 18 0 0.00 M M 14.6 27 130 M M 0 32 130
6 72 41 57 M 8 0 0.22 M M 24.6 38 130 M M 3 3 51 150
7 56 40 48 M 17 0 0.01 M M 20.3 31 270 M M 7 38 270
8 64 32 48 M 17 0 0.00 M M 14.9 28 270 M M 1 33 290
9 67 30 49 M 16 0 0.00 M M 8.1 16 300 M M 0 24 280
10 71 37 54 M 11 0 0.00 M M 13.0 27 330 M M 2 32 330
11 61 34 48 M 17 0 0.00 M M 19.7 32 340 M M 1 43 340
12 69 28 49 M 16 0 0.00 M M 6.6 13 190 M M 0 22 220
13 85 44 65 M 0 0 0.00 M M 8.7 16 210 M M 0 22 210
14 85 46 66 M 0 1 0.00 M M 13.1 25 60 M M 0 38 60
15 85 52 69 M 0 4 T M M 23.4 38 150 M M 2 46 140
16 67 52 60 M 5 0 0.22 M M 21.9 37 280 M M 6 45 280
17 69 46 58 M 7 0 0.00 M M 12.9 35 310 M M 2 44 310
18 54 31 43 M 22 0 T M M 18.8 29 10 M M 6 36 10
19 53 29 41 M 24 0 0.00 M M 7.5 15 320 M M 6 18 320
20 51 22 37 M 28 0 0.00 M M 9.3 17 330 M M 3 24 300
21 62 26 44 M 21 0 0.00 M M 7.9 14 260 M M 0 17 220
================================================================================
SM 1351 744 316 5 0.45 M 313.8 M 55
================================================================================
AV 64.3 35.4 14.9 FASTST M M 3 MAX(MPH)
MISC ----> 39 350 51 150
================================================================================
NOTES:
# LAST OF SEVERAL OCCURRENCES
COLUMN 17 PEAK WIND IN M.P.H.
PRELIMINARY LOCAL CLIMATOLOGICAL DATA (WS FORM: F-6) , PAGE 2
STATION: AURORA NE
MONTH: APRIL
YEAR: 2024
LATITUDE: 40 54 N
LONGITUDE: 97 59 W
[TEMPERATURE DATA] [PRECIPITATION DATA] SYMBOLS USED IN COLUMN 16
AVERAGE MONTHLY: 49.9 TOTAL FOR MONTH: 0.45 1 = FOG OR MIST
DPTR FM NORMAL: 0.0 DPTR FM NORMAL: -1.38 2 = FOG REDUCING VISIBILITY
HIGHEST: 85 ON 15,14 GRTST 24HR 0.22 ON 6- 6 TO 1/4 MILE OR LESS
LOWEST: 22 ON 20 3 = THUNDER
SNOW, ICE PELLETS, HAIL 4 = ICE PELLETS
TOTAL MONTH: M 5 = HAIL
GRTST 24HR M ON M 6 = FREEZING RAIN OR DRIZZLE
GRTST DEPTH: M ON M 7 = DUSTSTORM OR SANDSTORM:
VSBY 1/2 MILE OR LESS
8 = SMOKE OR HAZE
[NO. OF DAYS WITH] [WEATHER - DAYS WITH] 9 = BLOWING SNOW
X = TORNADO
MAX 32 OR BELOW: 0 0.01 INCH OR MORE: 3
MAX 90 OR ABOVE: 0 0.10 INCH OR MORE: 2
MIN 32 OR BELOW: 10 0.50 INCH OR MORE: 0
MIN 0 OR BELOW: 0 1.00 INCH OR MORE: 0
[HDD (BASE 65) ]
TOTAL THIS MO. 316 CLEAR (SCALE 0-3) 15
DPTR FM NORMAL M PTCLDY (SCALE 4-7) 5
TOTAL FM JUL 1 5346 CLOUDY (SCALE 8-10) 1
DPTR FM NORMAL M
[CDD (BASE 65) ]
TOTAL THIS MO. 5
DPTR FM NORMAL M [PRESSURE DATA]
TOTAL FM JAN 1 5 HIGHEST SLP M ON M
DPTR FM NORMAL M LOWEST SLP M ON M
[REMARKS]