000
CXUS52 TJSJ 280436
CF6IST
PRELIMINARY LOCAL CLIMATOLOGICAL DATA (WS FORM: F-6)
STATION: CYRIL E. KING AP/ST THOMAS
MONTH: MARCH
YEAR: 2024
LATITUDE: 18 19 N
LONGITUDE: 64 58 W
TEMPERATURE IN F: :PCPN: SNOW: WIND :SUNSHINE: SKY :PK WND
================================================================================
1 2 3 4 5 6A 6B 7 8 9 10 11 12 13 14 15 16 17 18
12Z AVG MX 2MIN
DY MAX MIN AVG DEP HDD CDD WTR SNW DPTH SPD SPD DIR MIN PSBL S-S WX SPD DR
================================================================================
1 83 73 78 -1 0 13 M M M 17.3 24 50 M M 3 18 33 50
2 83 75 79 0 0 14 M M M 14.5 23 50 M M 2 33 60
3 82 73 78 -1 0 13 0.00 M M 13.3 22 70 M M 3 18 28 70
4 83 72 78 -1 0 13 0.00 M M 11.6 23 80 M M 2 29 80
5 84 72 78 -1 0 13 0.00 M M 7.9 17 140 M M 2 22 130
6 83 73 78 -1 0 13 M M M 8.8 15 130 M M 2 22 140
7 84 76 80 1 0 15 T M M 10.6 17 130 M M 2 25 120
8 84 76 80 1 0 15 0.00 M M 9.1 16 140 M M 2 21 140
9 85 76 81 2 0 16 0.00 M M 7.6 15 130 M M 2 20 140
10 84 75 80 1 0 15 0.00 M M 9.2 17 140 M M 2 23 140
11 84 75 80 1 0 15 0.00 M M 5.7 13 150 M M 1 18 140
12 86 75 81 2 0 16 0.00 M M 7.5 16 20 M M 1 29 30
13 84 74 79 0 0 14 0.00 M M 9.9 15 130 M M 2 M M
14 88 76 82 3 0 17 T M M 9.5 18 60 M M 2 1 25 60
15 85 74 80 1 0 15 M M M 12.5 22 100 M M 4 1 35 90
16 83 74 79 0 0 14 M M M 10.7 20 160 M M 2 1 27 160
17 86 75 81 2 0 16 M M M 10.5 17 130 M M 2 26 140
18 85 77 81 2 0 16 M M M 11.0 17 120 M M 1 23 120
19 85 79 82 3 0 17 M M M 11.8 18 140 M M 2 25 140
20 84 76 80 1 0 15 M M M 6.7 13 130 M M 2 16 150
21 83 76 80 1 0 15 M M M 5.6 12 80 M M 2 1 20 20
22 88 77 83 4 0 18 M M M 9.8 16 110 M M 2 1 24 120
23 85 76 81 2 0 16 M M M 12.0 20 120 M M 2 28 120
24 M M M M M M M M M 13.8 18 140 M M 2 25 140
25 M M M M M M M M M 7.5 18 290 M M 2 23 290
26 M M M M M M M M M 12.7 20 340 M M 2 33 350
27 M M M M M M M M M 12.7 21 340 M M 1 36 360
================================================================================
SM 1941 1725 0 344 T M 279.8 M 54
================================================================================
AV 84.4 75.0 10.4 FASTST M M 2 MAX(MPH)
MISC ----> 24 50 36 360
================================================================================
NOTES:
# LAST OF SEVERAL OCCURRENCES
COLUMN 17 PEAK WIND IN M.P.H.
PRELIMINARY LOCAL CLIMATOLOGICAL DATA (WS FORM: F-6) , PAGE 2
STATION: CYRIL E. KING AP/ST THOMAS
MONTH: MARCH
YEAR: 2024
LATITUDE: 18 19 N
LONGITUDE: 64 58 W
[TEMPERATURE DATA] [PRECIPITATION DATA] SYMBOLS USED IN COLUMN 16
AVERAGE MONTHLY: 79.7 TOTAL FOR MONTH: T 1 = FOG OR MIST
DPTR FM NORMAL: 0.7 DPTR FM NORMAL: -1.59 2 = FOG REDUCING VISIBILITY
HIGHEST: 88 ON 22,14 GRTST 24HR 0.12 ON 15-16 TO 1/4 MILE OR LESS
LOWEST: 72 ON 5, 4 3 = THUNDER
SNOW, ICE PELLETS, HAIL 4 = ICE PELLETS
TOTAL MONTH: M 5 = HAIL
GRTST 24HR M ON M 6 = FREEZING RAIN OR DRIZZLE
GRTST DEPTH: M ON M 7 = DUSTSTORM OR SANDSTORM:
VSBY 1/2 MILE OR LESS
8 = SMOKE OR HAZE
[NO. OF DAYS WITH] [WEATHER - DAYS WITH] 9 = BLOWING SNOW
X = TORNADO
MAX 32 OR BELOW: 0 0.01 INCH OR MORE: 0
MAX 90 OR ABOVE: 0 0.10 INCH OR MORE: 0
MIN 32 OR BELOW: 0 0.50 INCH OR MORE: 0
MIN 0 OR BELOW: 0 1.00 INCH OR MORE: 0
[HDD (BASE 65) ]
TOTAL THIS MO. 0 CLEAR (SCALE 0-3) 26
DPTR FM NORMAL 0 PTCLDY (SCALE 4-7) 1
TOTAL FM JUL 1 0 CLOUDY (SCALE 8-10) 0
DPTR FM NORMAL 0
[CDD (BASE 65) ]
TOTAL THIS MO. 344
DPTR FM NORMAL -34 [PRESSURE DATA]
TOTAL FM JAN 1 1207 HIGHEST SLP M ON M
DPTR FM NORMAL 11 LOWEST SLP 29.81 ON 24
[REMARKS]