000
CXUS55 KPUB 281210
CF6PUB
PRELIMINARY LOCAL CLIMATOLOGICAL DATA (WS FORM: F-6)
STATION: PUEBLO CO
MONTH: MARCH
YEAR: 2024
LATITUDE: 38 16 N
LONGITUDE: 104 31 W
TEMPERATURE IN F: :PCPN: SNOW: WIND :SUNSHINE: SKY :PK WND
================================================================================
1 2 3 4 5 6A 6B 7 8 9 10 11 12 13 14 15 16 17 18
12Z AVG MX 2MIN
DY MAX MIN AVG DEP HDD CDD WTR SNW DPTH SPD SPD DIR MIN PSBL S-S WX SPD DR
================================================================================
1 69 27 48 9 17 0 0.00 0.0 0 6.5 16 270 M M 0 22 230
2 71 28 50 11 15 0 0.00 0.0 0 10.7 32 260 M M 0 41 240
3 66 34 50 10 15 0 0.00 0.0 0 15.0 33 290 M M 0 48 290
4 51 21 36 -4 29 0 0.00 0.0 0 8.2 29 10 M M 0 38 10
5 47 23 35 -5 30 0 0.00 0.0 0 7.8 22 360 M M 0 30 360
6 64 18 41 0 24 0 0.00 0.0 0 5.3 17 340 M M 3 22 120
7 57 32 45 4 20 0 0.01 T 0 11.8 31 10 M M 5 3 40 10
8 38 30 34 -7 31 0 0.02 T 0 5.1 12 140 M M 10 1 15 110
9 54 16 35 -7 30 0 0.00 0.0 0 2.8 9 120 M M 1 13 280
10 68 18 43 1 22 0 0.00 0.0 0 6.5 22 280 M M 0 29 280
11 64 23 44 2 21 0 0.00 0.0 0 7.8 24 300 M M 0 33 310
12 67 35 51 8 14 0 0.00 0.0 0 7.5 18 270 M M 0 26 290
13 62 39 51 8 14 0 0.01 0.0 0 14.5 24 20 M M 5 32 40
14 43 33 38 -6 27 0 1.53 2.5 0 12.1 21 20 M M 10 12 27 30
15 42 29 36 -8 29 0 0.31 0.7 1 3.5 12 30 M M 7 1 17 190
16 53 27 40 -4 25 0 T 0.0 0 11.3 22 360 M M 4 1 30 350
17 52 39 46 2 19 0 0.00 0.0 0 6.0 16 50 M M 10 22 20
18 60 32 46 1 19 0 0.00 0.0 0 6.6 15 270 M M 2 19 290
19 67 30 49 4 16 0 0.00 0.0 0 5.2 12 110 M M 0 16 130
20 67 31 49 4 16 0 0.00 0.0 0 6.4 15 170 M M 2 22 180
21 71 30 51 5 14 0 0.00 0.0 0 6.2 16 350 M M 0 21 260
22 63 31 47 1 18 0 0.00 0.0 0 9.7 22 110 M M 1 29 110
23 72 31 52 6 13 0 0.00 0.0 0 8.6 24 230 M M 0 32 230
24 62 34 48 2 17 0 0.01 0.0 0 16.9 47 10 M M 4 62 10
25 39 26 33 -14 32 0 T T 0 16.0 41 340 M M 8 57 330
26 51 19 35 -12 30 0 T 0.0 0 6.3 24 40 M M 2 30 30
27 60 24 42 -5 23 0 0.00 0.0 0 6.3 20 280 M M 2 31 230
================================================================================
SM 1580 760 580 0 1.89 3.2 230.6 M 76
================================================================================
AV 58.5 28.1 8.5 FASTST M M 3 MAX(MPH)
MISC ----> 47 10 62 10
================================================================================
NOTES:
# LAST OF SEVERAL OCCURRENCES
COLUMN 17 PEAK WIND IN M.P.H.
PRELIMINARY LOCAL CLIMATOLOGICAL DATA (WS FORM: F-6) , PAGE 2
STATION: PUEBLO CO
MONTH: MARCH
YEAR: 2024
LATITUDE: 38 16 N
LONGITUDE: 104 31 W
[TEMPERATURE DATA] [PRECIPITATION DATA] SYMBOLS USED IN COLUMN 16
AVERAGE MONTHLY: 43.3 TOTAL FOR MONTH: 1.89 1 = FOG OR MIST
DPTR FM NORMAL: 0.0 DPTR FM NORMAL: 1.20 2 = FOG REDUCING VISIBILITY
HIGHEST: 72 ON 23 GRTST 24HR 1.64 ON 14-15 TO 1/4 MILE OR LESS
LOWEST: 16 ON 9 3 = THUNDER
SNOW, ICE PELLETS, HAIL 4 = ICE PELLETS
TOTAL MONTH: 3.2 INCHES 5 = HAIL
GRTST 24HR 2.5 ON 14-14 6 = FREEZING RAIN OR DRIZZLE
GRTST DEPTH: 1 ON 15 7 = DUSTSTORM OR SANDSTORM:
VSBY 1/2 MILE OR LESS
8 = SMOKE OR HAZE
[NO. OF DAYS WITH] [WEATHER - DAYS WITH] 9 = BLOWING SNOW
X = TORNADO
MAX 32 OR BELOW: 0 0.01 INCH OR MORE: 6
MAX 90 OR ABOVE: 0 0.10 INCH OR MORE: 2
MIN 32 OR BELOW: 21 0.50 INCH OR MORE: 1
MIN 0 OR BELOW: 0 1.00 INCH OR MORE: 1
[HDD (BASE 65) ]
TOTAL THIS MO. 580 CLEAR (SCALE 0-3) 18
DPTR FM NORMAL -6 PTCLDY (SCALE 4-7) 5
TOTAL FM JUL 1 4312 CLOUDY (SCALE 8-10) 4
DPTR FM NORMAL -364
[CDD (BASE 65) ]
TOTAL THIS MO. 0
DPTR FM NORMAL 0 [PRESSURE DATA]
TOTAL FM JAN 1 0 HIGHEST SLP M ON M
DPTR FM NORMAL 0 LOWEST SLP 29.03 ON 24
[REMARKS]