000
CXUS51 KGYX 020123
CLMCON
PWMCLMCON 000
TTAA00 GYX 020050
CLIMATE REPORT
NATIONAL WEATHER SERVICE GRAY ME
850 PM EDT MON APR 01 2024
...................................
...THE CONCORD NH CLIMATE SUMMARY FOR THE MONTH OF MARCH 2024...
CLIMATE NORMAL PERIOD: 1991 TO 2020
CLIMATE RECORD PERIOD: 1868 TO 2024
WEATHER OBSERVED NORMAL DEPART LAST YEAR`S
VALUE DATE(S) VALUE FROM VALUE DATE(S)
NORMAL
................................................................
TEMPERATURE (F)
RECORD
HIGH 89 03/31/1998
LOW -20 03/06/1869
HIGHEST 63 03/03 67 -4 56 03/21
03/14
LOWEST 11 03/01 0 11 14 03/01
AVG. MAXIMUM 48.3 43.6 4.7 44.3
AVG. MINIMUM 29.0 23.3 5.7 25.5
MEAN 38.6 33.4 5.2 34.9
DAYS MAX >= 90 0 0.0 0.0 0
DAYS MAX <= 32 0 4.1 -4.1 0
DAYS MIN <= 32 20 26.7 -6.7 29
DAYS MIN <= 0 0 1.1 -1.1 0
PRECIPITATION (INCHES)
RECORD
MAXIMUM 9.80 1936
MINIMUM T 1915
TOTALS 7.92 3.28 4.64 4.30
DAILY AVG. 0.26 0.11 0.15 0.14
DAYS >= .01 13 11.5 1.5 11
DAYS >= .10 10 6.7 3.3 8
DAYS >= .50 5 2.2 2.8 2
DAYS >= 1.00 2 0.6 1.4 1
GREATEST
24 HR. TOTAL 2.43 03/23
SNOWFALL (INCHES)
RECORDS
TOTAL 38.3 1956
TOTALS 8.9 13.6 -4.7 20.4
SINCE 7/1 43.5 65.2 -21.7 64.5
SNOWDEPTH AVG. 1
DAYS >= TRACE 7 5.2 1.8 12
DAYS >= 1.0 1 3.0 -2.0 3
GREATEST
SNOW DEPTH 7 03/24
24 HR TOTAL 8.3 03/23
DEGREE DAYS
HEATING TOTAL 809 978 -169 923
SINCE 7/1 5215 6041 -826 5383
COOLING TOTAL 0 0 0 0
SINCE 1/1 0 0 0 0
................................................................
WIND (MPH)
AVERAGE WIND SPEED 7.4
HIGHEST WIND SPEED/DIRECTION 33/300 DATE 03/11
HIGHEST GUST SPEED/DIRECTION 52/310 DATE 03/30
SKY COVER
AVERAGE SKY COVER 0.57
AVERAGE RH (PERCENT) 69
WEATHER CONDITIONS. NUMBER OF DAYS WITH
THUNDERSTORM 1 HEAVY RAIN 3
RAIN 8 LIGHT RAIN 15
FREEZING RAIN 1 LT FREEZING RAIN 1
HEAVY SNOW 0 SNOW 2
LIGHT SNOW 7 FOG 20
FOG W/VIS <= 1/4 MILE 3 HAZE 2
- INDICATES NEGATIVE NUMBERS.
R INDICATES RECORD WAS SET OR TIED.
MM INDICATES DATA IS MISSING.
T INDICATES TRACE AMOUNT.
$$