000
CXUS54 KOUN 011216
CLMSPS
CLIMATE REPORT
NATIONAL WEATHER SERVICE NORMAN OK
716 AM CDT MON APR 01 2024
...................................
...THE WICHITA FALLS CLIMATE SUMMARY FOR THE MONTH OF MARCH 2024...
CLIMATE NORMAL PERIOD 1991 TO 2020
CLIMATE RECORD PERIOD 1897 TO 2024
WEATHER OBSERVED NORMAL DEPART LAST YEAR`S
VALUE DATE(S) VALUE FROM VALUE
NORMAL
..............................................................
TEMPERATURE (F)
RECORD
HIGH 100 03/27/1971
LOW 6 03/11/1948
HIGHEST 86 88 -2 88
LOWEST 32 23 9 24
AVG. MAXIMUM 70.9 67.9 3.0 67.6
AVG. MINIMUM 45.1 41.6 3.5 42.0
MEAN 58.0 54.7 3.3 54.8
DAYS MAX >= 90 0 0.6 -0.6 0
DAYS MAX <= 32 0 0.2 -0.2 0
DAYS MIN <= 32 2 4.9 -2.9 4
DAYS MIN <= 0 0 0.0 0.0 0
PRECIPITATION (INCHES)
RECORD
MAXIMUM 6.29 1999
MINIMUM 0.00 1904
TOTALS 2.78 2.02 0.76 2.79
DAILY AVG. 0.09 0.07 0.02 0.09
DAYS >= .01 6 6.5 -0.5 7
DAYS >= .10 4 3.5 0.5 5
DAYS >= .50 1 1.3 -0.3 3
DAYS >= 1.00 1 0.6 0.4 0
GREATEST
24 HR. TOTAL 1.52 03/24 TO 03/24
SNOWFALL (INCHES)
TOTALS 0.0 0.2 -0.2
SINCE 7/1 T 3.1 -3.1
DEGREE DAYS
HEATING TOTAL 239 339 -100
SINCE 7/1 2361 2735 -374
COOLING TOTAL 29 21 8
SINCE 1/1 37 25 12
..............................................................
WIND (MPH)
AVERAGE WIND SPEED 12.2
HIGHEST WIND SPEED/DIRECTION 38/180 DATE 03/24
HIGHEST GUST SPEED/DIRECTION 54/180 DATE 03/24
WEATHER CONDITIONS. NUMBER OF DAYS WITH
THUNDERSTORM 3 MIXED PRECIP 0
HEAVY RAIN 0 RAIN 2
LIGHT RAIN 6 FREEZING RAIN 0
LT FREEZING RAIN 0 HAIL 1
HEAVY SNOW 0 SNOW 0
LIGHT SNOW 0 SLEET 0
FOG 8 FOG W/VIS <= 1/4 MILE 0
HAZE 1
- INDICATES NEGATIVE NUMBERS.
R INDICATES RECORD WAS SET OR TIED.
MM INDICATES DATA IS MISSING.
T INDICATES TRACE AMOUNT.
...............................................................
RECORDS/REMARKS
JANUARY-MARCH PRECIPITATION TOTAL IS 7.11 INCHES.
$$