000
CXUS53 KOAX 180930
CF6LNK
PRELIMINARY LOCAL CLIMATOLOGICAL DATA (WS FORM: F-6)
STATION: LINCOLN NE
MONTH: APRIL
YEAR: 2024
LATITUDE: 40 50 N
LONGITUDE: 96 45 W
TEMPERATURE IN F: :PCPN: SNOW: WIND :SUNSHINE: SKY :PK WND
================================================================================
1 2 3 4 5 6A 6B 7 8 9 10 11 12 13 14 15 16 17 18
12Z AVG MX 2MIN
DY MAX MIN AVG DEP HDD CDD WTR SNW DPTH SPD SPD DIR MIN PSBL S-S WX SPD DR
================================================================================
1 50 40 45 -2 20 0 0.01 0.0 0 13.5 24 360 M M 10 1 31 350
2 60 38 49 1 16 0 T 0.0 0 21.6 35 350 M M 5 1 46 320
3 56 37 47 -1 18 0 0.00 0.0 0 19.1 31 330 M M 5 42 350
4 64 29 47 -1 18 0 0.00 0.0 0 10.7 21 340 M M 0 30 340
5 67 24 46 -3 19 0 0.00 0.0 0 11.2 22 130 M M M 30 140
6 71 42 57 8 8 0 0.55 0.0 0 21.8 39 120 M M M 56 130
7 62 41 52 3 13 0 0.00 0.0 0 M 32 260 M M M 43 270
8 68 38 53 3 12 0 0.00 0.0 0 M 26 250 M M M 35 240
9 71 31 51 1 14 0 0.00 0.0 0 M M M M M M 25 M
10 75 36 56 6 9 0 0.00 0.0 0 M 32 M M M M 40 250
11 64 37 51 0 14 0 0.00 0.0 0 18.9 37 310 M M M 50 340
12 71 33 52 1 13 0 0.00 0.0 0 5.4 10 180 M M M 14 330
13 89 45 67 16 0 2 0.00 0.0 0 10.3 22 220 M M M 30 170
14 89 45 67 15 0 2 0.00 0.0 0 9.3 23 50 M M M 35 30
15 87 47 67 15 0 2 0.04 0.0 0 15.9 32 130 M M M 3 45 140
16 76 55 66 14 0 1 0.51 0.0 0 21.8 38 140 M M M 3 49 150
17 72 51 62 10 3 0 T 0.0 0 12.1 25 300 M M 1 35 290
================================================================================
SM 1192 669 177 7 1.11 0.0 191.6 M 21
================================================================================
AV 70.1 39.4 14.7 FASTST M M 4 MAX(MPH)
MISC ----> 39 120 56 130
================================================================================
NOTES:
# LAST OF SEVERAL OCCURRENCES
COLUMN 17 PEAK WIND IN M.P.H.
PRELIMINARY LOCAL CLIMATOLOGICAL DATA (WS FORM: F-6) , PAGE 2
STATION: LINCOLN NE
MONTH: APRIL
YEAR: 2024
LATITUDE: 40 50 N
LONGITUDE: 96 45 W
[TEMPERATURE DATA] [PRECIPITATION DATA] SYMBOLS USED IN COLUMN 16
AVERAGE MONTHLY: 54.7 TOTAL FOR MONTH: 1.11 1 = FOG OR MIST
DPTR FM NORMAL: 4.8 DPTR FM NORMAL: -0.16 2 = FOG REDUCING VISIBILITY
HIGHEST: 89 ON 14,13 GRTST 24HR 0.55 ON 6- 6 TO 1/4 MILE OR LESS
LOWEST: 24 ON 5 3 = THUNDER
SNOW, ICE PELLETS, HAIL 4 = ICE PELLETS
TOTAL MONTH: 0.0 INCH 5 = HAIL
GRTST 24HR 0.0 6 = FREEZING RAIN OR DRIZZLE
GRTST DEPTH: 0 7 = DUSTSTORM OR SANDSTORM:
VSBY 1/2 MILE OR LESS
8 = SMOKE OR HAZE
[NO. OF DAYS WITH] [WEATHER - DAYS WITH] 9 = BLOWING SNOW
X = TORNADO
MAX 32 OR BELOW: 0 0.01 INCH OR MORE: 4
MAX 90 OR ABOVE: 0 0.10 INCH OR MORE: 2
MIN 32 OR BELOW: 3 0.50 INCH OR MORE: 2
MIN 0 OR BELOW: 0 1.00 INCH OR MORE: 0
[HDD (BASE 65) ]
TOTAL THIS MO. 177 CLEAR (SCALE 0-3) 2
DPTR FM NORMAL -84 PTCLDY (SCALE 4-7) 2
TOTAL FM JUL 1 4776 CLOUDY (SCALE 8-10) 13
DPTR FM NORMAL -785
[CDD (BASE 65) ]
TOTAL THIS MO. 7
DPTR FM NORMAL 7 [PRESSURE DATA]
TOTAL FM JAN 1 7 HIGHEST SLP M ON M
DPTR FM NORMAL 5 LOWEST SLP 29.45 ON 7
[REMARKS]