000
CXUS51 KRNK 190621
CF6RNK
PRELIMINARY LOCAL CLIMATOLOGICAL DATA (WS FORM: F-6)
STATION: BLACKSBURG VA
MONTH: APRIL
YEAR: 2024
LATITUDE: 37 13 N
LONGITUDE: 80 25 W
TEMPERATURE IN F: :PCPN: SNOW: WIND :SUNSHINE: SKY :PK WND
================================================================================
1 2 3 4 5 6A 6B 7 8 9 10 11 12 13 14 15 16 17 18
12Z AVG MX 2MIN
DY MAX MIN AVG DEP HDD CDD WTR SNW DPTH SPD SPD DIR MIN PSBL S-S WX SPD DR
================================================================================
1 78 49 64 18 1 0 T 0.0 0 4.1 12 250 M M 6 1 21 290
2 78 55 67 20 0 2 T 0.0 0 4.8 13 240 M M 4 12 23 240
3 67 38 53 6 12 0 0.48 0.0 0 6.5 17 300 M M 7 13 26 300
4 48 36 42 -5 23 0 0.02 T 0 7.4 16 300 M M 9 14 29 300
5 44 34 39 -9 26 0 T T 0 9.9 20 330 M M 9 32 300
6 51 34 43 -5 22 0 0.00 0.0 0 11.0 20 330 M M 7 26 330
7 64 27 46 -2 19 0 0.00 0.0 0 1.6 8 100 M M 1 M M
8 63 40 52 3 13 0 T 0.0 0 1.6 7 230 M M 7 M M
9 58 46 52 3 13 0 0.18 0.0 0 1.5 6 240 M M 7 1 M M
10 65 51 58 8 7 0 0.01 0.0 0 2.0 12 110 M M 9 M M
11 70 55 63 13 2 0 0.54 0.0 0 7.8 16 190 M M 10 13 26 190
12 55 45 50 0 15 0 0.12 0.0 0 9.1 16 290 M M 9 1 37 300
13 63 44 54 3 11 0 T 0.0 0 9.8 23 310 M M 5 39 290
14 78 37 58 7 7 0 0.00 0.0 0 4.6 14 230 M M 0 24 250
15 82 60 71 20 0 6 0.00 0.0 0 4.7 12 310 M M 1 20 250
16 81 53 67 15 0 2 T 0.0 0 3.7 9 110 M M 1 M M
17 76 58 67 15 0 2 T 0.0 0 2.6 12 100 M M 4 M M
18 81 47 64 12 1 0 0.00 0.0 0 6.4 15 300 M M 1 23 300
================================================================================
SM 1202 809 172 12 1.35 T 99.1 M 97
================================================================================
AV 66.8 44.9 5.5 FASTST M M 5 MAX(MPH)
MISC ----> 23 310 39 290
================================================================================
NOTES:
# LAST OF SEVERAL OCCURRENCES
COLUMN 17 PEAK WIND IN M.P.H.
PRELIMINARY LOCAL CLIMATOLOGICAL DATA (WS FORM: F-6) , PAGE 2
STATION: BLACKSBURG VA
MONTH: APRIL
YEAR: 2024
LATITUDE: 37 13 N
LONGITUDE: 80 25 W
[TEMPERATURE DATA] [PRECIPITATION DATA] SYMBOLS USED IN COLUMN 16
AVERAGE MONTHLY: 55.9 TOTAL FOR MONTH: 1.35 1 = FOG OR MIST
DPTR FM NORMAL: 6.5 DPTR FM NORMAL: -0.87 2 = FOG REDUCING VISIBILITY
HIGHEST: 82 ON 15 GRTST 24HR 0.54 ON 11-11 TO 1/4 MILE OR LESS
LOWEST: 27 ON 7 3 = THUNDER
SNOW, ICE PELLETS, HAIL 4 = ICE PELLETS
TOTAL MONTH: T 5 = HAIL
GRTST 24HR T ON 4- 4 6 = FREEZING RAIN OR DRIZZLE
GRTST DEPTH: 0 7 = DUSTSTORM OR SANDSTORM:
VSBY 1/2 MILE OR LESS
8 = SMOKE OR HAZE
[NO. OF DAYS WITH] [WEATHER - DAYS WITH] 9 = BLOWING SNOW
X = TORNADO
MAX 32 OR BELOW: 0 0.01 INCH OR MORE: 6
MAX 90 OR ABOVE: 0 0.10 INCH OR MORE: 4
MIN 32 OR BELOW: 1 0.50 INCH OR MORE: 1
MIN 0 OR BELOW: 0 1.00 INCH OR MORE: 0
[HDD (BASE 65) ]
TOTAL THIS MO. 172 CLEAR (SCALE 0-3) 5
DPTR FM NORMAL -110 PTCLDY (SCALE 4-7) 8
TOTAL FM JUL 1 3995 CLOUDY (SCALE 8-10) 5
DPTR FM NORMAL -954
[CDD (BASE 65) ]
TOTAL THIS MO. 12
DPTR FM NORMAL 12 [PRESSURE DATA]
TOTAL FM JAN 1 12 HIGHEST SLP M ON M
DPTR FM NORMAL 12 LOWEST SLP M ON M
[REMARKS]