000
CXUS51 KALY 011748
CLADDH
CLIMATE REPORT
NATIONAL WEATHER SERVICE ALBANY NY
1248 PM EST MON JAN 01 2024
...................................
...THE BENNINGTON VT CLIMATE SUMMARY FOR THE YEAR OF 2023...
CLIMATE NORMAL PERIOD: 1991 TO 2020
CLIMATE RECORD PERIOD: 9999 TO 9999
WEATHER OBSERVED NORMAL DEPART LAST YEAR`S
VALUE DATE(S) VALUE FROM VALUE DATE(S)
NORMAL
................................................................
TEMPERATURE (F)
HIGHEST 91 07/06 95 07/20
08/04
LOWEST -19 02/04 -12 01/30
AVG. MAXIMUM 59.6 57.5 2.1 59.5
AVG. MINIMUM 39.2 35.8 3.4 36.2
MEAN 49.4 46.7 2.7 47.9
DAYS MAX >= 90 2 3.3 -1.3 14
DAYS MAX <= 32 18 46.2 -28.2 48
DAYS MIN <= 32 142 151.8 -9.8 147
DAYS MIN <= 0 2 11.1 -9.1 14
PRECIPITATION (INCHES)
TOTALS MM 38.58 MM 35.80
DAILY AVG. MM 0.10
DAYS >= .01 MM 142
DAYS >= .10 MM 78
DAYS >= .50 MM 19
DAYS >= 1.00 MM 8
GREATEST
24 HR. TOTAL MM
DEGREE DAYS
HEATING TOTAL 6038 7019 -981 6606
SINCE 7/1 2242 2640 -398 MM
COOLING TOTAL 480 371 109 539
SINCE 1/1 472 371 101 MM
................................................................
WIND (MPH)
AVERAGE WIND SPEED 4.4
HIGHEST WIND SPEED/DIRECTION 37/150 DATE 01/25
HIGHEST GUST SPEED/DIRECTION 51/100 DATE 03/04
WEATHER CONDITIONS. NUMBER OF DAYS WITH
THUNDERSTORM 26 MIXED PRECIP 0
HEAVY RAIN 29 RAIN 62
LIGHT RAIN 155 FREEZING RAIN 1
LT FREEZING RAIN 2 HAIL 0
HEAVY SNOW 5 SNOW 8
LIGHT SNOW 47 SLEET 1
FOG 173 FOG W/VIS <= 1/4 MILE 46
HAZE 98
- INDICATES NEGATIVE NUMBERS.
R INDICATES RECORD WAS SET OR TIED.
MM INDICATES DATA IS MISSING.
T INDICATES TRACE AMOUNT.
$$