000
CXUS55 KLMK 011340
CLMFFT
CLIMATE REPORT
NATIONAL WEATHER SERVICE LOUISVILLE KY
840 AM EST FRI MAR 01 2024
...................................
...THE FRANKFORT KY CLIMATE SUMMARY FOR THE MONTH OF FEBRUARY 2024...
CLIMATE NORMAL PERIOD 1991 TO 2020
CLIMATE RECORD PERIOD 1895 TO 2024
WEATHER OBSERVED NORMAL DEPART LAST YEAR`S
VALUE DATE(S) VALUE FROM VALUE DATE(S)
NORMAL
................................................................
TEMPERATURE (F)
RECORD
HIGH 80 02/24/2017
02/10/1932
LOW -21 02/20/2015
HIGHEST 74 02/26 MM MM 76 02/23
LOWEST 16 02/17 MM MM 15 02/04
02/18
AVG. MAXIMUM 57.2 47.6 9.6 56.6
AVG. MINIMUM 31.8 28.0 3.8 34.0
MEAN 44.5 37.8 6.7 45.3
DAYS MAX >= 90 0 0.0 0.0 0
DAYS MAX <= 32 1 3.8 -2.8 1
DAYS MIN <= 32 19 19.7 -0.7 13
DAYS MIN <= 0 0 0.2 -0.2 0
PRECIPITATION (INCHES)
RECORD
MAXIMUM 9.97 1909
MINIMUM 0.31 1947
TOTALS 2.46 3.40 -0.94 2.87
DAILY AVG. 0.08 NAN NAN 0.10
DAYS >= .01 7 11.4 -4.4 9
DAYS >= .10 5 6.6 -1.6 4
DAYS >= .50 2 2.2 -0.2 1
DAYS >= 1.00 0 0.8 -0.8 1
GREATEST
24 HR. TOTAL 0.83 02/27 TO 02/28
DEGREE DAYS
HEATING TOTAL 587 762 -175 543
SINCE 7/1 3066 3473 -407 MM
COOLING TOTAL 0 0 0 0
SINCE 1/1 0 0 0 MM
................................................................
WIND (MPH)
AVERAGE WIND SPEED 7.0
HIGHEST WIND SPEED/DIRECTION 37/200 DATE 02/28
HIGHEST GUST SPEED/DIRECTION 51/200 DATE 02/28
SKY COVER
POSSIBLE SUNSHINE (PERCENT) MM
AVERAGE SKY COVER 0.30
NUMBER OF DAYS FAIR 17
NUMBER OF DAYS PC 11
NUMBER OF DAYS CLOUDY 1
AVERAGE RH (PERCENT) 61
WEATHER CONDITIONS. NUMBER OF DAYS WITH
THUNDERSTORM 4 MIXED PRECIP 0
HEAVY RAIN 3 RAIN 4
LIGHT RAIN 9 FREEZING RAIN 0
LT FREEZING RAIN 0 HAIL 0
HEAVY SNOW 0 SNOW 1
LIGHT SNOW 2 SLEET 0
FOG 8 FOG W/VIS <= 1/4 MILE 0
HAZE 5
- INDICATES NEGATIVE NUMBERS.
R INDICATES RECORD WAS SET OR TIED.
MM INDICATES DATA IS MISSING.
T INDICATES TRACE AMOUNT.
$$