000
CXUS56 KHNX 050819
CLMMCE
CLIMATE REPORT
NATIONAL WEATHER SERVICE
1219 AM PST MON FEB 05 2024
...................................
...THE MERCED CA AIRPORT CLIMATE SUMMARY FOR THE MONTH OF DECEMBER 2023...
CLIMATE NORMAL PERIOD 1991 TO 2020
CLIMATE RECORD PERIOD 1928 TO 2024
WEATHER OBSERVED NORMAL DEPART LAST YEAR`S
VALUE DATE(S) VALUE FROM VALUE DATE(S)
NORMAL
................................................................
TEMPERATURE (F)
RECORD
HIGH 76 12/07/1912
LOW 15 12/24/1990
HIGHEST 68 12/06 MM 62 12/10
12/16
12/29
LOWEST 30 12/11 MM 31 12/16
12/13
MEAN 51.8 46.0 5.8 45.9
DAYS MAX >= 90 0 0.0 0.0 0
DAYS MIN <= 32 8 11.2 -3.2 5
PRECIPITATION (INCHES)
RECORD
MAXIMUM 5.57 1921
MINIMUM 0.00 1930
TOTALS 2.00 1.91 0.09
DAYS >= .01 7 9.7 -2.7 11
DAYS >= .10 4 4.7 -0.7 9
DAYS >= .50 2 1.0 1.0 4
DAYS >= 1.00 0 0.1 -0.1 1
SNOWFALL (INCHES)
RECORDS
TOTAL MM MM
TOTALS 0.0 MM
DEGREE DAYS
HEATING TOTAL 402 589 -187 582
SINCE 7/1 746 1032 -286 MM
COOLING TOTAL 0 0 0 0
SINCE 1/1 1710 1583 127 MM
................................................................
WIND (MPH)
AVERAGE WIND SPEED 3.8
HIGHEST WIND SPEED/DIRECTION 22/330 DATE 12/08
HIGHEST GUST SPEED/DIRECTION 29/320 DATE 12/08
AVERAGE RH (PERCENT) 71
WEATHER CONDITIONS. NUMBER OF DAYS WITH
THUNDERSTORM 0 RAIN 3
HAIL 0 FOG 25
FOG W/VIS <= 1/4 MILE 6 HAZE 19
- INDICATES NEGATIVE NUMBERS.
R INDICATES RECORD WAS SET OR TIED.
MM INDICATES DATA IS MISSING.
T INDICATES TRACE AMOUNT.
$$