000
CXUS54 KMRX 032302
CLMTRI
CLIMATE REPORT
NATIONAL WEATHER SERVICE MORRISTOWN, TN
702 PM EDT WED APR 03 2024
...................................
...THE TRI-CITIES AIRPORT CLIMATE SUMMARY FOR THE MONTH OF MARCH 2024...
CLIMATE NORMAL PERIOD: 1991 TO 2020
CLIMATE RECORD PERIOD: 1937 TO 2024
WEATHER OBSERVED NORMAL DEPART
VALUE DATE(S) VALUE FROM
NORMAL
................................................
TEMPERATURE (F)
HIGHEST 77 03/14
03/31
LOWEST 26 03/12
AVG. MAXIMUM 64.5 59.4 5.1
AVG. MINIMUM 38.4 35.4 3.0
MEAN 51.5 47.4 4.1
DAYS MAX >= 90 0
DAYS MAX <= 32 0
DAYS MIN <= 32 10
DAYS MIN <= 0 0
PRECIPITATION (INCHES)
RECORD
MAXIMUM 9.56 1955
MINIMUM 0.94 2016
TOTALS 3.55 3.96 -0.41
DAYS >= .01 9
DAYS >= .10 7
DAYS >= .50 3
DAYS >= 1.00 1
GREATEST
24 HR. TOTAL 1.07 03/06 TO 03/06
SNOWFALL (INCHES)
TOTALS 0.0 1.1 -1.1
SINCE 7/1 3.1
SNOWDEPTH AVG. 0
DAYS >= TRACE 0
GREATEST
SNOW DEPTH 0
DEGREE DAYS
HEATING TOTAL 412 546 -134
SINCE 7/1 3299 3780 -481
COOLING TOTAL 0 1 -1
SINCE 1/1 0 1 -1
................................................
WEATHER CONDITIONS. NUMBER OF DAYS WITH
THUNDERSTORM 1 RAIN 7
SNOW 0 FOG 13
FOG W/VIS <= 1/4 MILE 2
- INDICATES NEGATIVE NUMBERS.
R INDICATES RECORD WAS SET OR TIED.
MM INDICATES DATA IS MISSING.
T INDICATES TRACE AMOUNT.
$$