000
CXUS54 KFWD 072147
CF60F2
PRELIMINARY LOCAL CLIMATOLOGICAL DATA (WS FORM: F-6)
STATION: BOWIE
MONTH: JUNE
YEAR: 2022
LATITUDE: 33 36 N
LONGITUDE: 97 47 W
TEMPERATURE IN F: :PCPN: SNOW: WIND :SUNSHINE: SKY :PK WND
================================================================================
1 2 3 4 5 6A 6B 7 8 9 10 11 12 13 14 15 16 17 18
12Z AVG MX 2MIN
DY MAX MIN AVG DEP HDD CDD WTR SNW DPTH SPD SPD DIR MIN PSBL S-S WX SPD DR
================================================================================
1 89 70 80 6 0 15 0.00 M M 6.7 15 90 M M 4 22 360
2 78 63 71 -3 0 6 0.04 M M 4.8 25 360 M M 7 30 360
3 76 65 71 -4 0 6 0.00 M M 2.1 8 80 M M 5 M M
4 84 63 74 -1 0 9 0.00 M M 5.3 10 150 M M 2 M M
5 90 69 80 5 0 15 0.00 M M 10.8 15 150 M M 0 23 120
6 91 74 83 8 0 18 0.00 M M 10.0 17 170 M M 0 24 170
7 91 75 83 7 0 18 0.00 M M 8.3 14 140 M M 3 21 140
8 82 67 75 -1 0 10 0.01 M M 7.0 13 320 M M 1 30 320
9 88 67 78 2 0 13 0.00 M M 4.1 7 130 M M 4 1 M M
10 93 67 80 4 0 15 0.00 M M 5.6 17 310 M M 1 38 140
11 99 72 86 9 0 21 0.00 M M 5.5 12 190 M M 0 16 160
12 100 73 87 10 0 22 0.00 M M 8.9 17 170 M M 0 25 170
13 97 77 87 10 0 22 0.00 M M 10.9 17 190 M M 0 23 190
14 95 75 85 8 0 20 0.00 M M 14.0 23 170 M M 0 30 170
15 94 76 85 7 0 20 0.00 M M 12.4 18 200 M M 0 28 200
16 93 76 85 7 0 20 0.00 M M 6.9 12 180 M M 0 17 180
17 96 66 81 3 0 16 0.00 M M 4.3 8 200 M M 0 M M
18 95 73 84 6 0 19 0.00 M M 5.2 12 110 M M 1 17 110
19 95 73 84 6 0 19 0.00 M M 6.5 13 120 M M 1 20 100
20 97 73 85 6 0 20 0.00 M M 7.3 10 130 M M 0 20 160
21 97 74 86 7 0 21 0.00 M M 6.5 14 210 M M 0 18 210
22 97 67 82 3 0 17 0.00 M M 4.3 10 160 M M 0 M M
23 98 72 85 6 0 20 0.00 M M 4.8 9 170 M M 0 16 210
24 100 73 87 8 0 22 0.00 M M 6.6 14 180 M M 0 21 180
25 100 74 87 7 0 22 0.00 M M 6.5 14 190 M M 0 22 140
26 94 68 81 1 0 16 0.00 M M 6.3 13 30 M M 1 22 30
27 89 68 79 -1 0 14 0.00 M M 4.8 9 30 M M 3 M M
28 84 67 76 -4 0 11 0.00 M M 2.3 6 40 M M 4 M M
29 92 61 77 -3 0 12 0.00 M M 2.9 9 160 M M 0 16 0
30 97 64 81 1 0 16 0.00 M M 4.0 8 140 M M 0 21 140
================================================================================
SM 2771 2102 0 495 0.05 M 195.7 M 37
================================================================================
AV 92.4 70.1 6.5 FASTST M M 1 MAX(MPH)
MISC ----> 25 360 38 140
================================================================================
NOTES:
# LAST OF SEVERAL OCCURRENCES
COLUMN 17 PEAK WIND IN M.P.H.
PRELIMINARY LOCAL CLIMATOLOGICAL DATA (WS FORM: F-6) , PAGE 2
STATION: BOWIE
MONTH: JUNE
YEAR: 2022
LATITUDE: 33 36 N
LONGITUDE: 97 47 W
[TEMPERATURE DATA] [PRECIPITATION DATA] SYMBOLS USED IN COLUMN 16
AVERAGE MONTHLY: 81.2 TOTAL FOR MONTH: 0.05 1 = FOG OR MIST
DPTR FM NORMAL: 3.7 DPTR FM NORMAL: -4.29 2 = FOG REDUCING VISIBILITY
HIGHEST: 100 ON 25,24 GRTST 24HR 0.04 ON 2- 2 TO 1/4 MILE OR LESS
LOWEST: 61 ON 29 3 = THUNDER
SNOW, ICE PELLETS, HAIL 4 = ICE PELLETS
TOTAL MONTH: M 5 = HAIL
GRTST 24HR M ON M 6 = FREEZING RAIN OR DRIZZLE
GRTST DEPTH: M ON M 7 = DUSTSTORM OR SANDSTORM:
VSBY 1/2 MILE OR LESS
8 = SMOKE OR HAZE
[NO. OF DAYS WITH] [WEATHER - DAYS WITH] 9 = BLOWING SNOW
X = TORNADO
MAX 32 OR BELOW: 0 0.01 INCH OR MORE: 2
MAX 90 OR ABOVE: 22 0.10 INCH OR MORE: 0
MIN 32 OR BELOW: 0 0.50 INCH OR MORE: 0
MIN 0 OR BELOW: 0 1.00 INCH OR MORE: 0
[HDD (BASE 65) ]
TOTAL THIS MO. 0 CLEAR (SCALE 0-3) 24
DPTR FM NORMAL -1 PTCLDY (SCALE 4-7) 6
TOTAL FM JUL 1 2461 CLOUDY (SCALE 8-10) 0
DPTR FM NORMAL -618
[CDD (BASE 65) ]
TOTAL THIS MO. 495
DPTR FM NORMAL 118 [PRESSURE DATA]
TOTAL FM JAN 1 935 HIGHEST SLP M ON M
DPTR FM NORMAL 310 LOWEST SLP M ON M
[REMARKS]
#FINAL-06-22#