000
CXUS54 KFWD 072133
CF60F2
PRELIMINARY LOCAL CLIMATOLOGICAL DATA (WS FORM: F-6)
STATION: BOWIE
MONTH: MARCH
YEAR: 2022
LATITUDE: 33 36 N
LONGITUDE: 97 47 W
TEMPERATURE IN F: :PCPN: SNOW: WIND :SUNSHINE: SKY :PK WND
================================================================================
1 2 3 4 5 6A 6B 7 8 9 10 11 12 13 14 15 16 17 18
12Z AVG MX 2MIN
DY MAX MIN AVG DEP HDD CDD WTR SNW DPTH SPD SPD DIR MIN PSBL S-S WX SPD DR
================================================================================
1 73 33 53 4 12 0 0.00 M M 2.4 8 200 M M 0 16 130
2 76 35 56 7 9 0 0.00 M M 2.3 8 200 M M 0 M M
3 78 38 58 9 7 0 0.00 M M 2.7 8 120 M M 0 M M
4 73 47 60 10 5 0 0.00 M M 8.0 17 160 M M 2 25 160
5 84 60 72 22 0 7 0.00 M M 12.4 25 190 M M 3 35 200
6 62 34 48 -2 17 0 0.11 M M 10.5 22 330 M M 8 1 28 330
7 47 30 39 -11 26 0 0.00 M M 11.3 18 340 M M 3 24 340
8 44 27 36 -15 29 0 0.00 M M 2.0 7 290 M M 3 17 0
9 58 23 41 -10 24 0 0.00 M M 2.9 9 140 M M 0 M M
10 66 32 49 -2 16 0 0.00 M M 9.1 21 340 M M 0 27 340
11 37 24 31 -21 34 0 0.00 M M 14.8 23 350 M M 7 28 350
12 58 20 39 -13 26 0 0.00 M M 5.8 14 210 M M 0 18 210
13 66 33 50 -2 15 0 0.00 M M 11.9 22 170 M M 0 29 190
14 76 48 62 10 3 0 0.00 M M 13.1 20 300 M M 4 24 160
15 70 42 56 3 9 0 0.00 M M 8.6 16 330 M M 1 58 330
16 80 40 60 7 5 0 0.00 M M 7.9 18 190 M M 0 24 190
17 76 53 65 12 0 0 0.00 M M 15.4 25 160 M M 1 37 290
18 64 39 52 -2 13 0 0.00 M M 16.1 29 330 M M 5 36 330
19 75 32 54 0 11 0 0.00 M M 4.1 14 210 M M 0 69 250
20 79 47 63 9 2 0 0.00 M M 11.0 21 170 M M 0 29 140
21 65 54 60 6 5 0 0.14 M M 11.0 18 150 M M 6 1 26 150
22 56 42 49 -6 16 0 0.00 M M 15.6 26 320 M M 8 36 320
23 60 38 49 -6 16 0 0.00 M M 13.0 25 330 M M 1 40 310
24 65 32 49 -6 16 0 0.00 M M 6.3 17 320 M M 0 28 310
25 80 35 58 2 7 0 0.00 M M 2.0 7 160 M M 0 M M
26 84 49 67 11 0 2 0.00 M M 7.5 13 280 M M 0 18 110
27 87 46 67 11 0 2 0.00 M M 6.5 12 160 M M 0 20 160
28 86 55 71 15 0 6 0.00 M M 11.7 21 170 M M 0 29 160
29 78 64 71 14 0 6 0.00 M M 18.3 28 170 M M 2 39 180
30 65 38 52 -5 13 0 0.01 M M 10.7 25 340 M M 4 37 340
31 67 38 53 -4 12 0 0.00 M M 6.7 17 290 M M 2 28 310
================================================================================
SM 2135 1228 348 23 0.26 M 281.5 M 60
================================================================================
AV 68.9 39.6 9.1 FASTST M M 2 MAX(MPH)
MISC ----> 29 330 69 250
================================================================================
NOTES:
# LAST OF SEVERAL OCCURRENCES
COLUMN 17 PEAK WIND IN M.P.H.
PRELIMINARY LOCAL CLIMATOLOGICAL DATA (WS FORM: F-6) , PAGE 2
STATION: BOWIE
MONTH: MARCH
YEAR: 2022
LATITUDE: 33 36 N
LONGITUDE: 97 47 W
[TEMPERATURE DATA] [PRECIPITATION DATA] SYMBOLS USED IN COLUMN 16
AVERAGE MONTHLY: 54.2 TOTAL FOR MONTH: 0.26 1 = FOG OR MIST
DPTR FM NORMAL: 1.2 DPTR FM NORMAL: -2.82 2 = FOG REDUCING VISIBILITY
HIGHEST: 87 ON 27 GRTST 24HR 0.14 ON 21-21 TO 1/4 MILE OR LESS
LOWEST: 20 ON 12 3 = THUNDER
SNOW, ICE PELLETS, HAIL 4 = ICE PELLETS
TOTAL MONTH: M 5 = HAIL
GRTST 24HR M ON M 6 = FREEZING RAIN OR DRIZZLE
GRTST DEPTH: M ON M 7 = DUSTSTORM OR SANDSTORM:
VSBY 1/2 MILE OR LESS
8 = SMOKE OR HAZE
[NO. OF DAYS WITH] [WEATHER - DAYS WITH] 9 = BLOWING SNOW
X = TORNADO
MAX 32 OR BELOW: 0 0.01 INCH OR MORE: 3
MAX 90 OR ABOVE: 0 0.10 INCH OR MORE: 2
MIN 32 OR BELOW: 8 0.50 INCH OR MORE: 0
MIN 0 OR BELOW: 0 1.00 INCH OR MORE: 0
[HDD (BASE 65) ]
TOTAL THIS MO. 348 CLEAR (SCALE 0-3) 23
DPTR FM NORMAL -36 PTCLDY (SCALE 4-7) 7
TOTAL FM JUL 1 2340 CLOUDY (SCALE 8-10) 1
DPTR FM NORMAL -552
[CDD (BASE 65) ]
TOTAL THIS MO. 23
DPTR FM NORMAL 10 [PRESSURE DATA]
TOTAL FM JAN 1 25 HIGHEST SLP M ON M
DPTR FM NORMAL 10 LOWEST SLP M ON M
[REMARKS]
#FINAL-03-22#